000
CDUS43 KEAX 010634
CLIIRK


CLIMATE REPORT
NATIONAL WEATHER SERVICE KANSAS CITY/PLEASANT HILL MO
134 AM CDT MON SEP 1 2014


...................................

...THE KIRKSVILLE MO CLIMATE SUMMARY FOR AUGUST 31 2014...

CLIMATE NORMAL PERIOD 1981 TO 2010
CLIMATE RECORD PERIOD 9999 TO 9999


WEATHER ITEM   OBSERVED TIME   NORMAL DEPARTURE LAST
                VALUE   (LST)  VALUE  FROM      YEAR
                                      NORMAL
......................................................
TEMPERATURE (F)
 YESTERDAY
  MAXIMUM         89    310 PM  82      7       96
  MINIMUM         61    511 AM  59      2       66
  AVERAGE         75            70      5       81

PRECIPITATION (IN)
  YESTERDAY        T             0.17  -0.17     0.00
  MONTH TO DATE    8.76          3.82   4.94      T
  SINCE JUN 1     18.99         13.26   5.73     5.42
  SINCE JAN 1     28.09         27.41   0.68    29.89

DEGREE DAYS
 HEATING
  YESTERDAY        0             1     -1        0
  MONTH TO DATE    0             2     -2        5
  SINCE JUN 1     12            23    -11       49
  SINCE JUL 1      6             7     -1       13

 COOLING
  YESTERDAY       10             6      4       16
  MONTH TO DATE  306           277     29      278
  SINCE JUN 1    744           782    -38      742
  SINCE JAN 1    866           844     22      810
......................................................


WIND (MPH)
  HIGHEST WIND SPEED    21   HIGHEST WIND DIRECTION     W (270)
  HIGHEST GUST SPEED    30   HIGHEST GUST DIRECTION     W (280)
  AVERAGE WIND SPEED     8.8


SKY COVER
  AVERAGE SKY COVER 0.1


WEATHER CONDITIONS
 THE FOLLOWING WEATHER WAS RECORDED YESTERDAY.
  THUNDERSTORM
  LIGHT RAIN
  FOG
  FOG W/VISIBILITY <= 1/4 MILE


RELATIVE HUMIDITY (PERCENT)
 HIGHEST   100           500 AM
 LOWEST     55           400 PM
 AVERAGE    78

..........................................................


THE KIRKSVILLE MO CLIMATE NORMALS FOR TODAY
                         NORMAL
 MAXIMUM TEMPERATURE (F)   81
 MINIMUM TEMPERATURE (F)   59


SUNRISE AND SUNSET
SEPTEMBER  1 2014.....SUNRISE   638 AM CDT   SUNSET   742 PM CDT
SEPTEMBER  2 2014.....SUNRISE   639 AM CDT   SUNSET   740 PM CDT


-  INDICATES NEGATIVE NUMBERS.
R  INDICATES RECORD WAS SET OR TIED.
MM INDICATES DATA IS MISSING.
T  INDICATES TRACE AMOUNT.




$$
