000
CDUS43 KEAX 260635
CLIIRK


CLIMATE REPORT
NATIONAL WEATHER SERVICE KANSAS CITY/PLEASANT HILL MO
135 AM CDT WED APR 26 2017


...................................

...THE KIRKSVILLE MO CLIMATE SUMMARY FOR APRIL 25 2017...

CLIMATE NORMAL PERIOD 1981 TO 2010
CLIMATE RECORD PERIOD 9999 TO 9999


WEATHER ITEM   OBSERVED TIME   NORMAL DEPARTURE LAST
                VALUE   (LST)  VALUE  FROM      YEAR
                                      NORMAL
......................................................
TEMPERATURE (F)
 YESTERDAY
  MAXIMUM         78    307 PM  66     12       79
  MINIMUM         47    217 AM  44      3       61
  AVERAGE         63            55      8       70

PRECIPITATION (IN)
  YESTERDAY        0.00          0.16  -0.16     0.01
  MONTH TO DATE    2.80          2.98  -0.18     1.89
  SINCE MAR 1      6.44          5.53   0.91     3.88
  SINCE JAN 1      8.30          8.33  -0.03     6.47

DEGREE DAYS
 HEATING
  YESTERDAY        2            10     -8        0
  MONTH TO DATE  204           355   -151      294
  SINCE MAR 1    846          1109   -263      820
  SINCE JUL 1   4375          5642  -1267     4527

 COOLING
  YESTERDAY        0             0      0        5
  MONTH TO DATE   24             0     24        8
  SINCE MAR 1     24             0     24        8
  SINCE JAN 1     24             0     24        8
......................................................


WIND (MPH)
  HIGHEST WIND SPEED    24   HIGHEST WIND DIRECTION     S (170)
  HIGHEST GUST SPEED    33   HIGHEST GUST DIRECTION    SE (140)
  AVERAGE WIND SPEED     8.3


SKY COVER
  AVERAGE SKY COVER 0.3


WEATHER CONDITIONS
 THE FOLLOWING WEATHER WAS RECORDED YESTERDAY.
  THUNDERSTORM


RELATIVE HUMIDITY (PERCENT)
 HIGHEST    90          1000 PM
 LOWEST     38           100 PM
 AVERAGE    64

..........................................................


THE KIRKSVILLE MO CLIMATE NORMALS FOR TODAY
                         NORMAL
 MAXIMUM TEMPERATURE (F)   66
 MINIMUM TEMPERATURE (F)   44


SUNRISE AND SUNSET
APRIL 26 2017.........SUNRISE   616 AM CDT   SUNSET   800 PM CDT
APRIL 27 2017.........SUNRISE   615 AM CDT   SUNSET   801 PM CDT


-  INDICATES NEGATIVE NUMBERS.
R  INDICATES RECORD WAS SET OR TIED.
MM INDICATES DATA IS MISSING.
T  INDICATES TRACE AMOUNT.




$$
