000
CDUS43 KEAX 040635
CLIIRK


CLIMATE REPORT
NATIONAL WEATHER SERVICE KANSAS CITY/PLEASANT HILL MO
134 AM CDT FRI SEP 4 2015


...................................

...THE KIRKSVILLE MO CLIMATE SUMMARY FOR SEPTEMBER 3 2015...

CLIMATE NORMAL PERIOD 1981 TO 2010
CLIMATE RECORD PERIOD 9999 TO 9999


WEATHER ITEM   OBSERVED TIME   NORMAL DEPARTURE LAST
                VALUE   (LST)  VALUE  FROM      YEAR
                                      NORMAL
......................................................
TEMPERATURE (F)
 YESTERDAY
  MAXIMUM         92    220 PM  81     11       82
  MINIMUM         69    554 AM  58     11       61
  AVERAGE         81            69     12       72

PRECIPITATION (IN)
  YESTERDAY        0.00          0.14  -0.14     0.00
  MONTH TO DATE    0.02          0.45  -0.43     0.33
  SINCE SEP 1      0.02          0.45  -0.43     0.33
  SINCE JAN 1     31.25         27.86   3.39    28.42

DEGREE DAYS
 HEATING
  YESTERDAY        0             1     -1        0
  MONTH TO DATE    0             3     -3        0
  SINCE SEP 1      0             3     -3        0
  SINCE JUL 1     13            10      3        6

 COOLING
  YESTERDAY       16             5     11        7
  MONTH TO DATE   44            17     27       24
  SINCE SEP 1     44            17     27       24
  SINCE JAN 1    921           861     60      890
......................................................


WIND (MPH)
  HIGHEST WIND SPEED    15   HIGHEST WIND DIRECTION     S (190)
  HIGHEST GUST SPEED    21   HIGHEST GUST DIRECTION     S (200)
  AVERAGE WIND SPEED     6.9


SKY COVER
  AVERAGE SKY COVER 0.1


WEATHER CONDITIONS
 THE FOLLOWING WEATHER WAS RECORDED YESTERDAY.
  NO SIGNIFICANT WEATHER WAS OBSERVED.


RELATIVE HUMIDITY (PERCENT)
 HIGHEST    90           500 AM
 LOWEST     44           100 PM
 AVERAGE    67

..........................................................


THE KIRKSVILLE MO CLIMATE NORMALS FOR TODAY
                         NORMAL
 MAXIMUM TEMPERATURE (F)   80
 MINIMUM TEMPERATURE (F)   58


SUNRISE AND SUNSET
SEPTEMBER  4 2015.....SUNRISE   640 AM CDT   SUNSET   737 PM CDT
SEPTEMBER  5 2015.....SUNRISE   641 AM CDT   SUNSET   736 PM CDT


-  INDICATES NEGATIVE NUMBERS.
R  INDICATES RECORD WAS SET OR TIED.
MM INDICATES DATA IS MISSING.
T  INDICATES TRACE AMOUNT.




$$
