000
CDUS43 KEAX 220033
CLIIRK


CLIMATE REPORT
NATIONAL WEATHER SERVICE KANSAS CITY/PLEASANT HILL MO
733 PM CDT THU SEP 21 2017


...................................

...THE KIRKSVILLE MO CLIMATE SUMMARY FOR SEPTEMBER 21 2017...
VALID TODAY AS OF 0700 PM LOCAL TIME.

CLIMATE NORMAL PERIOD 1981 TO 2010
CLIMATE RECORD PERIOD 9999 TO 9999


WEATHER ITEM   OBSERVED TIME   NORMAL DEPARTURE LAST
                VALUE   (LST)  VALUE  FROM      YEAR
                                      NORMAL
......................................................
TEMPERATURE (F)
 TODAY
  MAXIMUM         93    306 PM  74     19       89
  MINIMUM         69    922 AM  51     18       70
  AVERAGE         81            62     19       80

PRECIPITATION (IN)
  TODAY            T             0.13  -0.13     0.00
  MONTH TO DATE    0.22          3.04  -2.82     2.12
  SINCE SEP 1      0.22          3.04  -2.82     2.12
  SINCE JAN 1     24.49         30.45  -5.96    25.26

DEGREE DAYS
 HEATING
  TODAY            0             4     -4        0
  MONTH TO DATE   21            44    -23        4
  SINCE SEP 1     21            44    -23        4
  SINCE JUL 1     22            51    -29       10

 COOLING
  TODAY           16             2     14       15
  MONTH TO DATE   99            72     27      139
  SINCE SEP 1     99            72     27      139
  SINCE JAN 1   1024           916    108     1217
......................................................


WIND (MPH)
  HIGHEST WIND SPEED    21   HIGHEST WIND DIRECTION     S (170)
  HIGHEST GUST SPEED    26   HIGHEST GUST DIRECTION    NE (60)
  AVERAGE WIND SPEED    11.4


SKY COVER
  AVERAGE SKY COVER 0.3


WEATHER CONDITIONS
 THE FOLLOWING WEATHER WAS RECORDED TODAY.
  THUNDERSTORM
  LIGHT RAIN


RELATIVE HUMIDITY (PERCENT)
 HIGHEST    93          1200 AM
 LOWEST     47           400 PM
 AVERAGE    70

..........................................................


THE KIRKSVILLE MO CLIMATE NORMALS FOR TOMORROW
                         NORMAL
 MAXIMUM TEMPERATURE (F)   73
 MINIMUM TEMPERATURE (F)   50


SUNRISE AND SUNSET
SEPTEMBER 21 2017.....SUNRISE   657 AM CDT   SUNSET   708 PM CDT
SEPTEMBER 22 2017.....SUNRISE   658 AM CDT   SUNSET   707 PM CDT


-  INDICATES NEGATIVE NUMBERS.
R  INDICATES RECORD WAS SET OR TIED.
MM INDICATES DATA IS MISSING.
T  INDICATES TRACE AMOUNT.




$$
