000
CDUS43 KEAX 282129
CLIIRK


CLIMATE REPORT
NATIONAL WEATHER SERVICE KANSAS CITY/PLEASANT HILL MO
428 PM CDT WED SEP 28 2016


...................................

...THE KIRKSVILLE MO CLIMATE SUMMARY FOR SEPTEMBER 28 2016...
VALID AS OF 0400 PM LOCAL TIME.

CLIMATE NORMAL PERIOD 1981 TO 2010
CLIMATE RECORD PERIOD 9999 TO 9999


WEATHER ITEM   OBSERVED TIME   NORMAL DEPARTURE LAST
                VALUE   (LST)  VALUE  FROM      YEAR
                                      NORMAL
......................................................
TEMPERATURE (F)
 TODAY
  MAXIMUM         62    123 PM  71     -9       84
  MINIMUM         51    654 AM  48      3       56
  AVERAGE         57            59     -2       70

PRECIPITATION (IN)
  TODAY            0.00          0.10  -0.10     0.00
  MONTH TO DATE    2.12          3.91  -1.79     1.58
  SINCE SEP 1      2.12          3.91  -1.79     1.58
  SINCE JAN 1     25.26         31.32  -6.06    32.81

DEGREE DAYS
 HEATING
  TODAY            8             7      1        0
  MONTH TO DATE   21            85    -64       29
  SINCE SEP 1     21            85    -64       29
  SINCE JUL 1     27            92    -65       42

 COOLING
  TODAY            0             1     -1        5
  MONTH TO DATE  176            79     97      207
  SINCE SEP 1    176            79     97      207
  SINCE JAN 1   1254           923    331     1084
......................................................


WIND (MPH)
  HIGHEST WIND SPEED    24   HIGHEST WIND DIRECTION     N (10)
  HIGHEST GUST SPEED    30   HIGHEST GUST DIRECTION     N (10)
  AVERAGE WIND SPEED    12.3


SKY COVER
  AVERAGE SKY COVER 0.5


WEATHER CONDITIONS
 THE FOLLOWING WEATHER WAS RECORDED TODAY.
  NO SIGNIFICANT WEATHER WAS OBSERVED.


RELATIVE HUMIDITY (PERCENT)
 HIGHEST    77          1200 AM
 LOWEST     57          1000 AM
 AVERAGE    67

..........................................................


THE KIRKSVILLE MO CLIMATE NORMALS FOR TOMORROW
                         NORMAL
 MAXIMUM TEMPERATURE (F)   70
 MINIMUM TEMPERATURE (F)   48


SUNRISE AND SUNSET
SEPTEMBER 28 2016.....SUNRISE   704 AM CDT   SUNSET   656 PM CDT
SEPTEMBER 29 2016.....SUNRISE   705 AM CDT   SUNSET   655 PM CDT


-  INDICATES NEGATIVE NUMBERS.
R  INDICATES RECORD WAS SET OR TIED.
MM INDICATES DATA IS MISSING.
T  INDICATES TRACE AMOUNT.




$$
