000
CDUS43 KEAX 211233
CLIIRK


CLIMATE REPORT
NATIONAL WEATHER SERVICE KANSAS CITY/PLEASANT HILL MO
733 AM CDT TUE OCT 21 2014


...................................

...THE KIRKSVILLE MO CLIMATE SUMMARY FOR OCTOBER 21 2014...
VALID AS OF 0700 AM LOCAL TIME.

CLIMATE NORMAL PERIOD 1981 TO 2010
CLIMATE RECORD PERIOD 9999 TO 9999


WEATHER ITEM   OBSERVED TIME   NORMAL DEPARTURE LAST
                VALUE   (LST)  VALUE  FROM      YEAR
                                      NORMAL
......................................................
TEMPERATURE (F)
 TODAY
  MAXIMUM         45    446 AM  62    -17       53
  MINIMUM         39    559 AM  41     -2       31
  AVERAGE         42            51     -9       42

PRECIPITATION (IN)
  TODAY            0.00          0.11  -0.11     0.00
  MONTH TO DATE    4.02          2.34   1.68     0.65
  SINCE SEP 1     14.09          6.45   7.64     2.34
  SINCE JAN 1     42.18         33.86   8.32    32.23

DEGREE DAYS
 HEATING
  TODAY           23            14      9       23
  MONTH TO DATE  237           224     13      190
  SINCE SEP 1    337           324     13      247
  SINCE JUL 1    343           331     12      260

 COOLING
  TODAY            0             0      0        0
  MONTH TO DATE    0            10    -10       32
  SINCE SEP 1     89            93     -4      218
  SINCE JAN 1    955           937     18     1028
......................................................


WIND (MPH)
  HIGHEST WIND SPEED     6   HIGHEST WIND DIRECTION     N (350)
  HIGHEST GUST SPEED     7   HIGHEST GUST DIRECTION     N (350)
  AVERAGE WIND SPEED     3.5


SKY COVER
  AVERAGE SKY COVER 0.0


WEATHER CONDITIONS
 THE FOLLOWING WEATHER WAS RECORDED TODAY.
  NO SIGNIFICANT WEATHER WAS OBSERVED.


RELATIVE HUMIDITY (PERCENT)
 HIGHEST   100           200 AM
 LOWEST     89           500 AM
 AVERAGE    95

..........................................................


THE KIRKSVILLE MO CLIMATE NORMALS FOR TOMORROW
                         NORMAL
 MAXIMUM TEMPERATURE (F)   62
 MINIMUM TEMPERATURE (F)   40


SUNRISE AND SUNSET
OCTOBER 21 2014.......SUNRISE   727 AM CDT   SUNSET   622 PM CDT
OCTOBER 22 2014.......SUNRISE   728 AM CDT   SUNSET   620 PM CDT


-  INDICATES NEGATIVE NUMBERS.
R  INDICATES RECORD WAS SET OR TIED.
MM INDICATES DATA IS MISSING.
T  INDICATES TRACE AMOUNT.




$$
