000
CDUS43 KEAX 250632
CLIIRK


CLIMATE REPORT
NATIONAL WEATHER SERVICE KANSAS CITY/PLEASANT HILL MO
1232 AM CST SUN FEB 25 2018


...................................

...THE KIRKSVILLE MO CLIMATE SUMMARY FOR FEBRUARY 24 2018...

CLIMATE NORMAL PERIOD 1981 TO 2010
CLIMATE RECORD PERIOD 9999 TO 9999


WEATHER ITEM   OBSERVED TIME   NORMAL DEPARTURE LAST
                VALUE   (LST)  VALUE  FROM      YEAR
                                      NORMAL
......................................................
TEMPERATURE (F)
 YESTERDAY
  MAXIMUM         41    627 PM  42     -1       51
  MINIMUM         31    657 AM  23      8       25
  AVERAGE         36            32      4       38

PRECIPITATION (IN)
  YESTERDAY        0.38          0.06   0.32     0.03
  MONTH TO DATE    3.13          1.31   1.82     0.17
  SINCE DEC 1      4.88          4.33   0.55     3.03
  SINCE JAN 1      4.10          2.58   1.52     1.80

DEGREE DAYS
 HEATING
  YESTERDAY       29            33     -4       27
  MONTH TO DATE  903           860     43      557
  SINCE DEC 1   3226          3186     40     2715
  SINCE JUL 1   4245          4407   -162     3437

 COOLING
  YESTERDAY        0             0      0        0
  MONTH TO DATE    0             0      0        0
  SINCE DEC 1      0             0      0        0
  SINCE JAN 1      0             0      0        0
......................................................


WIND (MPH)
  HIGHEST WIND SPEED    25   HIGHEST WIND DIRECTION     W (270)
  HIGHEST GUST SPEED    39   HIGHEST GUST DIRECTION     W (270)
  AVERAGE WIND SPEED    12.1


SKY COVER
  AVERAGE SKY COVER 1.0


WEATHER CONDITIONS
 THE FOLLOWING WEATHER WAS RECORDED YESTERDAY.
  LIGHT RAIN
  LT FREEZING RAIN
  FOG
  FOG W/VISIBILITY <= 1/4 MILE


RELATIVE HUMIDITY (PERCENT)
 HIGHEST   100           300 AM
 LOWEST     82          1100 PM
 AVERAGE    91

..........................................................


THE KIRKSVILLE MO CLIMATE NORMALS FOR TODAY
                         NORMAL
 MAXIMUM TEMPERATURE (F)   42
 MINIMUM TEMPERATURE (F)   24


SUNRISE AND SUNSET
FEBRUARY 25 2018......SUNRISE   649 AM CST   SUNSET   558 PM CST
FEBRUARY 26 2018......SUNRISE   648 AM CST   SUNSET   559 PM CST


-  INDICATES NEGATIVE NUMBERS.
R  INDICATES RECORD WAS SET OR TIED.
MM INDICATES DATA IS MISSING.
T  INDICATES TRACE AMOUNT.




$$
