000
CDUS43 KEAX 110031
CLIIRK


CLIMATE REPORT
NATIONAL WEATHER SERVICE KANSAS CITY/PLEASANT HILL MO
731 PM CDT THU JUL 10 2014


...................................

...THE KIRKSVILLE MO CLIMATE SUMMARY FOR JULY 10 2014...
VALID TODAY AS OF 0700 PM LOCAL TIME.

CLIMATE NORMAL PERIOD 1981 TO 2010
CLIMATE RECORD PERIOD 9999 TO 9999


WEATHER ITEM   OBSERVED TIME   NORMAL DEPARTURE LAST
                VALUE   (LST)  VALUE  FROM      YEAR
                                      NORMAL
......................................................
TEMPERATURE (F)
 TODAY
  MAXIMUM         81    211 PM  85     -4       88
  MINIMUM         57    436 AM  65     -8       71
  AVERAGE         69            75     -6       80

PRECIPITATION (IN)
  TODAY            0.00          0.15  -0.15     0.00
  MONTH TO DATE    2.04          1.33   0.71      T
  SINCE JUN 1      9.46          6.11   3.35     3.44
  SINCE JAN 1     18.56         20.26  -1.70    27.91

DEGREE DAYS
 HEATING
  TODAY            0             0      0        0
  MONTH TO DATE    4             0      4        0
  SINCE JUN 1     10            16     -6       36
  SINCE JUL 1      4             0      4        0

 COOLING
  TODAY            4            10     -6       15
  MONTH TO DATE   56            94    -38       97
  SINCE JUN 1    303           286     17      304
  SINCE JAN 1    425           348     77      372
......................................................


WIND (MPH)
  HIGHEST WIND SPEED    16   HIGHEST WIND DIRECTION    SE (120)
  HIGHEST GUST SPEED    19   HIGHEST GUST DIRECTION    SE (120)
  AVERAGE WIND SPEED     7.0


SKY COVER
  AVERAGE SKY COVER 0.0


WEATHER CONDITIONS
 THE FOLLOWING WEATHER WAS RECORDED TODAY.
  NO SIGNIFICANT WEATHER WAS OBSERVED.


RELATIVE HUMIDITY (PERCENT)
 HIGHEST    97          1200 AM
 LOWEST     45           300 PM
 AVERAGE    71

..........................................................


THE KIRKSVILLE MO CLIMATE NORMALS FOR TOMORROW
                         NORMAL
 MAXIMUM TEMPERATURE (F)   85
 MINIMUM TEMPERATURE (F)   65


SUNRISE AND SUNSET
JULY 10 2014..........SUNRISE   550 AM CDT   SUNSET   841 PM CDT
JULY 11 2014..........SUNRISE   551 AM CDT   SUNSET   840 PM CDT


-  INDICATES NEGATIVE NUMBERS.
R  INDICATES RECORD WAS SET OR TIED.
MM INDICATES DATA IS MISSING.
T  INDICATES TRACE AMOUNT.




$$
