000
CDUS43 KBIS 260741
CLIISN


CLIMATE REPORT
NATIONAL WEATHER SERVICE BISMARCK ND
139 AM CST FRI DEC 26 2014


...................................

...THE WILLISTON ND CLIMATE SUMMARY FOR DECEMBER 25 2014...

CLIMATE NORMAL PERIOD 1981 TO 2010
CLIMATE RECORD PERIOD 1894 TO 2014


WEATHER ITEM   OBSERVED TIME   RECORD YEAR NORMAL DEPARTURE LAST
                VALUE   (LST)  VALUE       VALUE  FROM      YEAR
                                                  NORMAL
..................................................................
TEMPERATURE (F)
 YESTERDAY
  MAXIMUM         28    640 AM  51    1943  22      6       31
  MINIMUM         16   1159 PM -32    1996   1     15       17
  AVERAGE         22                        12     10       24

PRECIPITATION (IN)
  YESTERDAY        0.00          0.59 1916   0.02  -0.02      T
  MONTH TO DATE    0.03                      0.49  -0.46     0.81
  SINCE DEC 1      0.03                      0.49  -0.46     0.81
  SINCE JAN 1     10.68                     14.24  -3.56    21.02

SNOWFALL (IN)
  YESTERDAY       MM             4.5  2009   0.4   MM       MM
  MONTH TO DATE    0.0                       7.3   -7.3     MM
  SINCE DEC 1      0.0                       7.3   -7.3     MM
  SINCE JUL 1      0.0                      16.2  -16.2     MM
  SNOW DEPTH      MM

DEGREE DAYS
 HEATING
  YESTERDAY       43                        54    -11       41
  MONTH TO DATE 1056                      1261   -205     1469
  SINCE DEC 1   1056                      1261   -205     1469
  SINCE JUL 1   3249                      3423   -174     3543

 COOLING
  YESTERDAY        0                         0      0        0
  MONTH TO DATE    0                         0      0        0
  SINCE DEC 1      0                         0      0        0
  SINCE JAN 1    425                       456    -31      405
..................................................................


WIND (MPH)
  HIGHEST WIND SPEED    22   HIGHEST WIND DIRECTION    NW (320)
  HIGHEST GUST SPEED    26   HIGHEST GUST DIRECTION    NW (330)
  AVERAGE WIND SPEED    10.5


SKY COVER
  POSSIBLE SUNSHINE  MM
  AVERAGE SKY COVER 0.9


WEATHER CONDITIONS
 THE FOLLOWING WEATHER WAS RECORDED YESTERDAY.
  NO SIGNIFICANT WEATHER WAS OBSERVED.


RELATIVE HUMIDITY (PERCENT)
 HIGHEST    91           100 AM
 LOWEST     73           900 PM
 AVERAGE    82

..........................................................


THE WILLISTON ND CLIMATE NORMALS FOR TODAY
                         NORMAL    RECORD    YEAR
 MAXIMUM TEMPERATURE (F)   22        49      1947
 MINIMUM TEMPERATURE (F)    1       -33      1990


SUNRISE AND SUNSET
DECEMBER 26 2014......SUNRISE   844 AM CST   SUNSET   506 PM CST
DECEMBER 27 2014......SUNRISE   845 AM CST   SUNSET   507 PM CST


-  INDICATES NEGATIVE NUMBERS.
R  INDICATES RECORD WAS SET OR TIED.
MM INDICATES DATA IS MISSING.
T  INDICATES TRACE AMOUNT.




$$
