000
CDUS43 KBIS 240728
CLIISN


CLIMATE REPORT
NATIONAL WEATHER SERVICE BISMARCK ND
228 AM CDT FRI OCT 24 2014


...................................

...THE WILLISTON ND CLIMATE SUMMARY FOR OCTOBER 23 2014...

CLIMATE NORMAL PERIOD 1981 TO 2010
CLIMATE RECORD PERIOD 1894 TO 2014


WEATHER ITEM   OBSERVED TIME   RECORD YEAR NORMAL DEPARTURE LAST
                VALUE   (LST)  VALUE       VALUE  FROM      YEAR
                                                  NORMAL
..................................................................
TEMPERATURE (F)
 YESTERDAY
  MAXIMUM         67    305 PM  79    1901  53     14       44
  MINIMUM         33    605 AM   7    1981  27      6       22
  AVERAGE         50                        40     10       33

PRECIPITATION (IN)
  YESTERDAY        0.00          0.51 1932   0.03  -0.03      T
  MONTH TO DATE    0.17                      0.71  -0.54     2.03
  SINCE SEP 1      1.52                      1.77  -0.25     3.93
  SINCE JAN 1      9.95                     12.89  -2.94    19.82

SNOWFALL (IN)
  YESTERDAY       MM             2.5  1947   0.1   MM       MM
  MONTH TO DATE   MM                         1.6   MM       MM
  SINCE SEP 1     MM                         1.8   MM       MM
  SINCE JUL 1     MM                         1.8   MM       MM
  SNOW DEPTH      MM

DEGREE DAYS
 HEATING
  YESTERDAY       15                        25    -10       32
  MONTH TO DATE  375                       463    -88      494
  SINCE SEP 1    625                       738   -113      634
  SINCE JUL 1    682                       809   -127      680

 COOLING
  YESTERDAY        0                         0      0        0
  MONTH TO DATE    0                         0      0        0
  SINCE SEP 1     34                        26      8       78
  SINCE JAN 1    425                       455    -30      405
..................................................................


WIND (MPH)
  HIGHEST WIND SPEED    15   HIGHEST WIND DIRECTION    SW (220)
  HIGHEST GUST SPEED    19   HIGHEST GUST DIRECTION    SW (230)
  AVERAGE WIND SPEED     5.8


SKY COVER
  POSSIBLE SUNSHINE  MM
  AVERAGE SKY COVER 0.0


WEATHER CONDITIONS
 THE FOLLOWING WEATHER WAS RECORDED YESTERDAY.
  NO SIGNIFICANT WEATHER WAS OBSERVED.


RELATIVE HUMIDITY (PERCENT)
 HIGHEST    89           600 AM
 LOWEST     31           400 PM
 AVERAGE    60

..........................................................


THE WILLISTON ND CLIMATE NORMALS FOR TODAY
                         NORMAL    RECORD    YEAR
 MAXIMUM TEMPERATURE (F)   52        78      1992
                                             1948
 MINIMUM TEMPERATURE (F)   27         9      1957
                                             1919


SUNRISE AND SUNSET
OCTOBER 24 2014.......SUNRISE   828 AM CDT   SUNSET   649 PM CDT
OCTOBER 25 2014.......SUNRISE   829 AM CDT   SUNSET   647 PM CDT


-  INDICATES NEGATIVE NUMBERS.
R  INDICATES RECORD WAS SET OR TIED.
MM INDICATES DATA IS MISSING.
T  INDICATES TRACE AMOUNT.




$$
