000
CDUS43 KBIS 250923
CLIISN


CLIMATE REPORT
NATIONAL WEATHER SERVICE BISMARCK ND
323 AM CST SUN FEB 25 2018


...................................

...THE WILLISTON ND CLIMATE SUMMARY FOR FEBRUARY 24 2018...

CLIMATE NORMAL PERIOD 1981 TO 2010
CLIMATE RECORD PERIOD 1894 TO 2018


WEATHER ITEM   OBSERVED TIME   RECORD YEAR NORMAL DEPARTURE LAST
                VALUE   (LST)  VALUE       VALUE  FROM      YEAR
                                                  NORMAL
..................................................................
TEMPERATURE (F)
 YESTERDAY
  MAXIMUM         24    523 PM  58    1958  31     -7       28
  MINIMUM         -9    627 AM -35    2003  10    -19        8
  AVERAGE          8                        20    -12       18

PRECIPITATION (IN)
  YESTERDAY        T             0.31 1994   0.01  -0.01     0.01
  MONTH TO DATE    0.38                      0.32   0.06     0.56
  SINCE DEC 1      1.11                      1.53  -0.42     1.96
  SINCE JAN 1      0.57                      0.91  -0.34     1.00

DEGREE DAYS
 HEATING
  YESTERDAY       57                        45     12       47
  MONTH TO DATE 1535                      1171    364     1048
  SINCE DEC 1   4658                      4430    228     4234
  SINCE JUL 1   6672                      6592     80     5813

 COOLING
  YESTERDAY        0                         0      0        0
  MONTH TO DATE    0                         0      0        0
  SINCE DEC 1      0                         0      0        0
  SINCE JAN 1      0                         0      0        0
..................................................................


WIND (MPH)
  HIGHEST WIND SPEED    20   HIGHEST WIND DIRECTION     W (280)
  HIGHEST GUST SPEED    25   HIGHEST GUST DIRECTION     W (280)
  AVERAGE WIND SPEED     6.7


SKY COVER
  POSSIBLE SUNSHINE  MM
  AVERAGE SKY COVER 0.3


WEATHER CONDITIONS
 THE FOLLOWING WEATHER WAS RECORDED YESTERDAY.
  NO SIGNIFICANT WEATHER WAS OBSERVED.


RELATIVE HUMIDITY (PERCENT)
 HIGHEST    91          1200 AM
 LOWEST     59           100 PM
 AVERAGE    75

..........................................................


THE WILLISTON ND CLIMATE NORMALS FOR TODAY
                         NORMAL    RECORD    YEAR
 MAXIMUM TEMPERATURE (F)   31        55      1958
 MINIMUM TEMPERATURE (F)   10       -27      1962


SUNRISE AND SUNSET
FEBRUARY 25 2018......SUNRISE   743 AM CST   SUNSET   633 PM CST
FEBRUARY 26 2018......SUNRISE   741 AM CST   SUNSET   634 PM CST


-  INDICATES NEGATIVE NUMBERS.
R  INDICATES RECORD WAS SET OR TIED.
MM INDICATES DATA IS MISSING.
T  INDICATES TRACE AMOUNT.




$$
