000
CDUS43 KBIS 230024
CLIISN


CLIMATE REPORT
NATIONAL WEATHER SERVICE BISMARCK ND
723 PM CDT FRI AUG 22 2014


...................................

...THE WILLISTON ND CLIMATE SUMMARY FOR AUGUST 22 2014...
VALID TODAY AS OF 0700 PM LOCAL TIME.

CLIMATE NORMAL PERIOD 1981 TO 2010
CLIMATE RECORD PERIOD 1894 TO 2014


WEATHER ITEM   OBSERVED TIME   RECORD YEAR NORMAL DEPARTURE LAST
                VALUE   (LST)  VALUE       VALUE  FROM      YEAR
                                                  NORMAL
..................................................................
TEMPERATURE (F)
 TODAY
  MAXIMUM         69   1235 PM 103    1969  83    -14       82
  MINIMUM         60    752 AM  32    1911  53      7       53
                                      1908
  AVERAGE         65                        68     -3       68

PRECIPITATION (IN)
  TODAY            T             0.83 1946   0.05  -0.05     0.00
  MONTH TO DATE    0.58                      1.05  -0.47     1.76
  SINCE JUN 1      2.68                      6.11  -3.43     7.67
  SINCE JAN 1      6.77                     10.72  -3.95    15.48

SNOWFALL (IN)
  TODAY           MM

DEGREE DAYS
 HEATING
  TODAY            0                         2     -2        0
  MONTH TO DATE    1                        25    -24       21
  SINCE JUN 1    128                       169    -41      174
  SINCE JUL 1     18                        49    -31       46

 COOLING
  TODAY            0                         4     -4        3
  MONTH TO DATE  168                       135     33       69
  SINCE JUN 1    360                       385    -25      222
  SINCE JAN 1    381                       398    -17      230
..................................................................


WIND (MPH)
  HIGHEST WIND SPEED    17   HIGHEST WIND DIRECTION    NE (30)
  HIGHEST GUST SPEED    22   HIGHEST GUST DIRECTION     N (20)
  AVERAGE WIND SPEED    10.4


SKY COVER
  POSSIBLE SUNSHINE  MM
  AVERAGE SKY COVER 0.9


WEATHER CONDITIONS
 THE FOLLOWING WEATHER WAS RECORDED TODAY.
  LIGHT RAIN


RELATIVE HUMIDITY (PERCENT)
 HIGHEST    90           100 AM
 LOWEST     59          1100 AM
 AVERAGE    75

..........................................................


THE WILLISTON ND CLIMATE NORMALS FOR TOMORROW
                         NORMAL    RECORD    YEAR
 MAXIMUM TEMPERATURE (F)   82       103      1937
 MINIMUM TEMPERATURE (F)   52        35      1928


SUNRISE AND SUNSET
AUGUST 22 2014........SUNRISE   659 AM CDT   SUNSET   855 PM CDT
AUGUST 23 2014........SUNRISE   700 AM CDT   SUNSET   853 PM CDT


-  INDICATES NEGATIVE NUMBERS.
R  INDICATES RECORD WAS SET OR TIED.
MM INDICATES DATA IS MISSING.
T  INDICATES TRACE AMOUNT.




$$
