000
CDUS43 KBIS 310020
CLIISN


CLIMATE REPORT
NATIONAL WEATHER SERVICE BISMARCK ND
719 PM CDT THU OCT 30 2014


...................................

...THE WILLISTON ND CLIMATE SUMMARY FOR OCTOBER 30 2014...
VALID TODAY AS OF 0700 PM LOCAL TIME.

CLIMATE NORMAL PERIOD 1981 TO 2010
CLIMATE RECORD PERIOD 1894 TO 2014


WEATHER ITEM   OBSERVED TIME   RECORD YEAR NORMAL DEPARTURE LAST
                VALUE   (LST)  VALUE       VALUE  FROM      YEAR
                                                  NORMAL
..................................................................
TEMPERATURE (F)
 TODAY
  MAXIMUM         38    417 PM  73    1950  48    -10       46
  MINIMUM         34    142 AM  -9    2002  24     10       29
  AVERAGE         36                        36      0       38

PRECIPITATION (IN)
  TODAY            0.00          0.82 1919   0.02  -0.02     0.00
  MONTH TO DATE    0.25                      0.89  -0.64     2.07
  SINCE SEP 1      1.60                      1.95  -0.35     3.97
  SINCE JAN 1     10.03                     13.07  -3.04    19.86

SNOWFALL (IN)
  TODAY           MM

DEGREE DAYS
 HEATING
  TODAY           29                        29      0       27
  MONTH TO DATE  533                       654   -121      700
  SINCE SEP 1    783                       929   -146      840
  SINCE JUL 1    840                      1000   -160      886

 COOLING
  TODAY            0                         0      0        0
  MONTH TO DATE    0                         0      0        0
  SINCE SEP 1     34                        26      8       78
  SINCE JAN 1    425                       455    -30      405
..................................................................


WIND (MPH)
  HIGHEST WIND SPEED    15   HIGHEST WIND DIRECTION     N (340)
  HIGHEST GUST SPEED    19   HIGHEST GUST DIRECTION     N (340)
  AVERAGE WIND SPEED     8.9


SKY COVER
  POSSIBLE SUNSHINE  MM
  AVERAGE SKY COVER 0.9


WEATHER CONDITIONS
 THE FOLLOWING WEATHER WAS RECORDED TODAY.
  FOG
  HAZE


RELATIVE HUMIDITY (PERCENT)
 HIGHEST    85           300 AM
 LOWEST     75           600 PM
 AVERAGE    80

..........................................................


THE WILLISTON ND CLIMATE NORMALS FOR TOMORROW
                         NORMAL    RECORD    YEAR
 MAXIMUM TEMPERATURE (F)   48        75      1999
                                             1990
                                             1944
 MINIMUM TEMPERATURE (F)   24        -2      2003
                                             2002


SUNRISE AND SUNSET
OCTOBER 30 2014.......SUNRISE   837 AM CDT   SUNSET   639 PM CDT
OCTOBER 31 2014.......SUNRISE   838 AM CDT   SUNSET   637 PM CDT


-  INDICATES NEGATIVE NUMBERS.
R  INDICATES RECORD WAS SET OR TIED.
MM INDICATES DATA IS MISSING.
T  INDICATES TRACE AMOUNT.




$$
