000
CDUS43 KBIS 070727
CLIISN


CLIMATE REPORT
NATIONAL WEATHER SERVICE BISMARCK ND
227 AM CDT TUE JUL 7 2015


...................................

...THE WILLISTON ND CLIMATE SUMMARY FOR JULY 6 2015...

CLIMATE NORMAL PERIOD 1981 TO 2010
CLIMATE RECORD PERIOD 1894 TO 2015


WEATHER ITEM   OBSERVED TIME   RECORD YEAR NORMAL DEPARTURE LAST
                VALUE   (LST)  VALUE       VALUE  FROM      YEAR
                                                  NORMAL
..................................................................
TEMPERATURE (F)
 YESTERDAY
  MAXIMUM         73    506 PM 109    1936  83    -10       89
  MINIMUM         51   1146 PM  36    1908  55     -4       61
  AVERAGE         62                        69     -7       75

PRECIPITATION (IN)
  YESTERDAY        0.00          1.98 1962   0.09  -0.09     0.00
  MONTH TO DATE    0.68                      0.57   0.11     0.05
  SINCE JUN 1      2.58                      3.09  -0.51     1.49
  SINCE JAN 1      6.08                      7.70  -1.62     5.58

SNOWFALL (IN)
  YESTERDAY       MM             0.0  2002   0.0   MM       MM
                                      2001
  MONTH TO DATE   MM                         0.0   MM       MM
  SINCE JUN 1     MM                         0.0   MM       MM
  SINCE JUL 1     MM                         0.0   MM       MM
  SNOW DEPTH      MM

DEGREE DAYS
 HEATING
  YESTERDAY        3                         1      2        0
  MONTH TO DATE    3                         8     -5        8
  SINCE JUN 1     57                       128    -71      118
  SINCE JUL 1      3                         8     -5        8

 COOLING
  YESTERDAY        0                         5     -5       10
  MONTH TO DATE   37                        26     11       37
  SINCE JUN 1    140                        94     46       65
  SINCE JAN 1    141                       107     34       86
..................................................................


WIND (MPH)
  HIGHEST WIND SPEED    15   HIGHEST WIND DIRECTION     N (360)
  HIGHEST GUST SPEED    19   HIGHEST GUST DIRECTION     N (10)
  AVERAGE WIND SPEED     7.0


SKY COVER
  POSSIBLE SUNSHINE  MM
  AVERAGE SKY COVER 0.4


WEATHER CONDITIONS
 THE FOLLOWING WEATHER WAS RECORDED YESTERDAY.
  HAZE


RELATIVE HUMIDITY (PERCENT)
 HIGHEST    86           500 AM
 LOWEST     41           500 PM
 AVERAGE    64

..........................................................


THE WILLISTON ND CLIMATE NORMALS FOR TODAY
                         NORMAL    RECORD    YEAR
 MAXIMUM TEMPERATURE (F)   83       100      1983
                                             1981
                                             1930
 MINIMUM TEMPERATURE (F)   55        42      1958


SUNRISE AND SUNSET
JULY  7 2015..........SUNRISE   602 AM CDT   SUNSET   956 PM CDT
JULY  8 2015..........SUNRISE   603 AM CDT   SUNSET   956 PM CDT


-  INDICATES NEGATIVE NUMBERS.
R  INDICATES RECORD WAS SET OR TIED.
MM INDICATES DATA IS MISSING.
T  INDICATES TRACE AMOUNT.




$$
