000
CDUS43 KBIS 030737
CLIISN


CLIMATE REPORT
NATIONAL WEATHER SERVICE BISMARCK ND
237 AM CDT WED JUN 3 2015


...................................

...THE WILLISTON ND CLIMATE SUMMARY FOR JUNE 2 2015...

CLIMATE NORMAL PERIOD 1981 TO 2010
CLIMATE RECORD PERIOD 1894 TO 2015


WEATHER ITEM   OBSERVED TIME   RECORD YEAR NORMAL DEPARTURE LAST
                VALUE   (LST)  VALUE       VALUE  FROM      YEAR
                                                  NORMAL
..................................................................
TEMPERATURE (F)
 YESTERDAY
  MAXIMUM         65   1229 AM  95    1968  73     -8       64
  MINIMUM         53   1159 PM  30    2009  46      7       49
                                      2000
  AVERAGE         59                        59      0       57

PRECIPITATION (IN)
  YESTERDAY        1.53R         0.90 2002   0.07   1.46      T
  MONTH TO DATE    1.53                      0.15   1.38     0.48
  SINCE JUN 1      1.53                      0.15   1.38     0.48
  SINCE JAN 1      5.03                      4.76   0.27     4.57

SNOWFALL (IN)
  YESTERDAY       MM             T    1910   0.0   MM       MM
                                      1998
  MONTH TO DATE   MM                         0.0   MM       MM
  SINCE JUN 1     MM                         0.0   MM       MM
  SINCE JUL 1     MM                        45.3   MM       MM
  SNOW DEPTH      MM

DEGREE DAYS
 HEATING
  YESTERDAY        6                         7     -1        8
  MONTH TO DATE    6                        14     -8       11
  SINCE JUN 1      6                        14     -8       11
  SINCE JUL 1   8364                      8888   -524     9240

 COOLING
  YESTERDAY        0                         1     -1        0
  MONTH TO DATE    7                         2      5        0
  SINCE JUN 1      7                         2      5        0
  SINCE JAN 1      8                        15     -7       21
..................................................................


WIND (MPH)
  HIGHEST WIND SPEED    26   HIGHEST WIND DIRECTION     N (10)
  HIGHEST GUST SPEED    32   HIGHEST GUST DIRECTION     N (10)
  AVERAGE WIND SPEED    12.7


SKY COVER
  POSSIBLE SUNSHINE  MM
  AVERAGE SKY COVER 0.8


WEATHER CONDITIONS
 THE FOLLOWING WEATHER WAS RECORDED YESTERDAY.
  HEAVY RAIN
  RAIN
  LIGHT RAIN
  FOG


RELATIVE HUMIDITY (PERCENT)
 HIGHEST    93           900 AM
 LOWEST     68          1200 AM
 AVERAGE    81

..........................................................


THE WILLISTON ND CLIMATE NORMALS FOR TODAY
                         NORMAL    RECORD    YEAR
 MAXIMUM TEMPERATURE (F)   73        93      1988
 MINIMUM TEMPERATURE (F)   46        31      1998


SUNRISE AND SUNSET
JUNE  3 2015..........SUNRISE   557 AM CDT   SUNSET   948 PM CDT
JUNE  4 2015..........SUNRISE   557 AM CDT   SUNSET   949 PM CDT


-  INDICATES NEGATIVE NUMBERS.
R  INDICATES RECORD WAS SET OR TIED.
MM INDICATES DATA IS MISSING.
T  INDICATES TRACE AMOUNT.




$$
