000
CDUS41 KOKX 280620
CLIISP


CLIMATE REPORT
NATIONAL WEATHER SERVICE NEW YORK NY
120 AM EST FRI NOV 28 2014


...................................

...THE ISLIP NY CLIMATE SUMMARY FOR NOVEMBER 27 2014...

CLIMATE NORMAL PERIOD 1981 TO 2010
CLIMATE RECORD PERIOD 1986 TO 2014


WEATHER ITEM   OBSERVED TIME   RECORD YEAR NORMAL DEPARTURE LAST
                VALUE   (LST)  VALUE       VALUE  FROM      YEAR
                                                  NORMAL
..................................................................
TEMPERATURE (F)
 YESTERDAY
  MAXIMUM         38    621 PM  63    1999  49    -11       62
  MINIMUM         35   1159 PM  19    1991  34      1       36
  AVERAGE         37                        42     -5       49

PRECIPITATION (IN)
  YESTERDAY        0.03          1.75 2013   0.13  -0.10     1.75
  MONTH TO DATE    4.80                      3.26   1.54     2.81
  SINCE SEP 1     10.49                     10.63  -0.14     4.86
  SINCE JAN 1     51.05                     41.77   9.28    33.42

SNOWFALL (IN)
  YESTERDAY        T            MM      MM   0.1   -0.1      0.0
  MONTH TO DATE    T                         0.4   -0.4      0.3
  SINCE OCT 1      T                         0.4   -0.4      0.3
  SINCE JUL 1      T                         0.4   -0.4      0.3
  SNOW DEPTH       0

DEGREE DAYS
 HEATING
  YESTERDAY       28                        23      5       16
  MONTH TO DATE  548                       522     26      544
  SINCE SEP 1    836                       937   -101      866
  SINCE JUL 1    836                       942   -106      866

 COOLING
  YESTERDAY        0                         0      0        0
  MONTH TO DATE    0                         0      0        0
  SINCE SEP 1    140                       101     39      110
  SINCE JAN 1    887                       787    100      957
..................................................................


WIND (MPH)
  HIGHEST WIND SPEED    23   HIGHEST WIND DIRECTION    NW (330)
  HIGHEST GUST SPEED    29   HIGHEST GUST DIRECTION    NW (330)
  AVERAGE WIND SPEED     9.4


SKY COVER
  AVERAGE SKY COVER 1.0


WEATHER CONDITIONS
 THE FOLLOWING WEATHER WAS RECORDED YESTERDAY.
  MIXED PRECIP
  LIGHT RAIN
  SNOW
  LIGHT SNOW
  FOG


RELATIVE HUMIDITY (PERCENT)
 HIGHEST    92          1200 AM
 LOWEST     70           600 PM
 AVERAGE    81

..........................................................


THE ISLIP NY CLIMATE NORMALS FOR TODAY
                         NORMAL    RECORD    YEAR
 MAXIMUM TEMPERATURE (F)   49        68      2011
 MINIMUM TEMPERATURE (F)   34        20      1996


SUNRISE AND SUNSET
NOVEMBER 28 2014......SUNRISE   654 AM EST   SUNSET   426 PM EST
NOVEMBER 29 2014......SUNRISE   655 AM EST   SUNSET   426 PM EST


-  INDICATES NEGATIVE NUMBERS.
R  INDICATES RECORD WAS SET OR TIED.
MM INDICATES DATA IS MISSING.
T  INDICATES TRACE AMOUNT.




$$
