000
CDCA42 TJSJ 170501
CLIIST


CLIMATE REPORT
NATIONAL WEATHER SERVICE SAN JUAN, PR
100 AM AST WED DEC 17 2014


...................................

...THE CYRIL E. KING AIRPORT/USVI CLIMATE SUMMARY FOR DECEMBER 16 2014...

CLIMATE NORMAL PERIOD 1981 TO 2010
CLIMATE RECORD PERIOD 1953 TO 2014


WEATHER ITEM   OBSERVED TIME   RECORD YEAR NORMAL DEPARTURE LAST
                VALUE   (LST)  VALUE       VALUE  FROM      YEAR
                                                  NORMAL
..................................................................
TEMPERATURE (F)
 YESTERDAY
  MAXIMUM         80   1128 AM  92    1994  86     -6       85
  MINIMUM         73    514 AM  69    1954  74     -1       75
                                      1991
  AVERAGE         77                        80     -3       80

PRECIPITATION (IN)
  YESTERDAY        0.03          1.04 2004   0.10  -0.07     0.09
  MONTH TO DATE    2.45                      1.62   0.83     5.81
  SINCE DEC 1      2.45                      1.62   0.83     5.81
  SINCE JAN 1     35.18                     38.00  -2.82    53.69

SNOWFALL (IN)
  YESTERDAY        0.0
  MONTH TO DATE    0.0
  SINCE DEC 1      0.0
  SINCE JUL 1      0.0

DEGREE DAYS
 HEATING
  YESTERDAY        0                         0      0        0
  MONTH TO DATE    0                         0      0        0
  SINCE DEC 1      0                         0      0        0
  SINCE JUL 1      0                         0      0        0

 COOLING
  YESTERDAY       12                        15     -3       15
  MONTH TO DATE  232                       240     -8      234
  SINCE DEC 1    232                       240     -8      234
  SINCE JAN 1   5778                      5834    -56     5795
..................................................................


WIND (MPH)
  RESULTANT WIND SPEED   8   RESULTANT WIND DIRECTION   E (80)
  HIGHEST WIND SPEED    20   HIGHEST WIND DIRECTION     E (80)
  AVERAGE WIND SPEED     8.9


SKY COVER
  AVERAGE SKY COVER 0.9


WEATHER CONDITIONS
 THE FOLLOWING WEATHER WAS RECORDED YESTERDAY.
  RAIN
  FOG


RELATIVE HUMIDITY (PERCENT)
 HIGHEST    93
 LOWEST     79
 AVERAGE    86

..........................................................


THE CYRIL E. KING AIRPORT/USVI CLIMATE NORMALS FOR TODAY
                         NORMAL    RECORD    YEAR
 MAXIMUM TEMPERATURE (F)   86        91      1994
 MINIMUM TEMPERATURE (F)   73        65      1972


SUNRISE AND SUNSET
DECEMBER 17 2014......SUNRISE   645 AM AST   SUNSET   547 PM AST
DECEMBER 18 2014......SUNRISE   645 AM AST   SUNSET   548 PM AST


-  INDICATES NEGATIVE NUMBERS.
R  INDICATES RECORD WAS SET OR TIED.
MM INDICATES DATA IS MISSING.
T  INDICATES TRACE AMOUNT.




$$
