000
CDHW43 PHFO 050229
CLIITO


CLIMATE REPORT
NATIONAL WEATHER SERVICE HONOLULU HI
429 PM HST TUE AUG 4 2015


...................................

...THE HILO HI CLIMATE SUMMARY FOR AUGUST 4 2015...
VALID TODAY AS OF 0400 PM LOCAL TIME.

CLIMATE NORMAL PERIOD 1981 TO 2010
CLIMATE RECORD PERIOD 1946 TO 2015


WEATHER ITEM   OBSERVED TIME   RECORD YEAR NORMAL DEPARTURE LAST
                VALUE   (LST)  VALUE       VALUE  FROM      YEAR
                                                  NORMAL
..................................................................
TEMPERATURE (F)
 TODAY
  MAXIMUM         84    343 PM  89    1986  83      1       85
  MINIMUM         70    601 AM  65    1970  70      0       74
                                      1955
  AVERAGE         77                        77      0       80

PRECIPITATION (IN)
  TODAY            0.30          2.56 1956   0.35  -0.05     0.03
  MONTH TO DATE    4.00                      1.45   2.55     2.40
  SINCE JUN 1     17.29                     19.63  -2.34    24.96
  SINCE JAN 1     56.36                     71.54 -15.18    72.70

SNOWFALL (IN)
  TODAY            0.0
  MONTH TO DATE    0.0
  SINCE JUN 1      0.0
  SINCE JUL 1      0.0
  SNOW DEPTH       0

DEGREE DAYS
 HEATING
  TODAY            0                         0      0        0
  MONTH TO DATE    0                         0      0        0
  SINCE JUN 1      0                         0      0        0
  SINCE JUL 1      0                         0      0        0

 COOLING
  TODAY           12                        11      1       15
  MONTH TO DATE   47                        44      3       53
  SINCE JUN 1    863                       693    170      665
  SINCE JAN 1   2190                      1761    429     1921
..................................................................


WIND (MPH)
  HIGHEST WIND SPEED    15   HIGHEST WIND DIRECTION    NE (60)
  HIGHEST GUST SPEED    20   HIGHEST GUST DIRECTION    NE (60)
  AVERAGE WIND SPEED     6.0


SKY COVER
  POSSIBLE SUNSHINE  MM
  AVERAGE SKY COVER 0.4


WEATHER CONDITIONS
 THE FOLLOWING WEATHER WAS RECORDED TODAY.
  HEAVY RAIN
  RAIN
  LIGHT RAIN
  FOG


RELATIVE HUMIDITY (PERCENT)
 HIGHEST   100          1200 PM
 LOWEST     70           900 AM
 AVERAGE    85

..........................................................


THE HILO HI CLIMATE NORMALS FOR TOMORROW
                         NORMAL    RECORD    YEAR
 MAXIMUM TEMPERATURE (F)   83        88      1986
                                             1973
 MINIMUM TEMPERATURE (F)   70        65      1989
                                             1965


SUNRISE AND SUNSET
AUGUST  4 2015........SUNRISE   557 AM HST   SUNSET   655 PM HST
AUGUST  5 2015........SUNRISE   558 AM HST   SUNSET   655 PM HST


-  INDICATES NEGATIVE NUMBERS.
R  INDICATES RECORD WAS SET OR TIED.
MM INDICATES DATA IS MISSING.
T  INDICATES TRACE AMOUNT.




$$
