000
CDHW43 PHFO 200240
CLIITO


CLIMATE REPORT
NATIONAL WEATHER SERVICE HONOLULU HI
430 PM HST FRI SEP 19 2014


...................................

...THE HILO HI CLIMATE SUMMARY FOR SEPTEMBER 19 2014...
VALID TODAY AS OF 0400 PM LOCAL TIME.

CLIMATE NORMAL PERIOD 1981 TO 2010
CLIMATE RECORD PERIOD 1946 TO 2014


WEATHER ITEM   OBSERVED TIME   RECORD YEAR NORMAL DEPARTURE LAST
                VALUE   (LST)  VALUE       VALUE  FROM      YEAR
                                                  NORMAL
..................................................................
TEMPERATURE (F)
 TODAY
  MAXIMUM         90R  1233 PM  89    1974  83      7       85
  MINIMUM         71    620 AM  64    1973  69      2       71
                                      1955
  AVERAGE         81                        76      5       78

PRECIPITATION (IN)
  TODAY            0.00          8.67 1994   0.34  -0.34     0.07
  MONTH TO DATE    1.29                      6.13  -4.84     1.42
  SINCE SEP 1      1.29                      6.13  -4.84     1.42
  SINCE JAN 1     82.40                     86.07  -3.67    66.30

SNOWFALL (IN)
  TODAY            0.0
  MONTH TO DATE    0.0
  SINCE SEP 1      0.0
  SINCE JUL 1      0.0
  SNOW DEPTH       0

DEGREE DAYS
 HEATING
  TODAY            0                         0      0        0
  MONTH TO DATE    0                         0      0        0
  SINCE SEP 1      0                         0      0        0
  SINCE JUL 1      0                         0      0        0

 COOLING
  TODAY           16                        11      5       13
  MONTH TO DATE  270                       209     61      244
  SINCE SEP 1    270                       209     61      244
  SINCE JAN 1   2547                      2281    266     2457
..................................................................


WIND (MPH)
  HIGHEST WIND SPEED    17   HIGHEST WIND DIRECTION     E (90)
  HIGHEST GUST SPEED    23   HIGHEST GUST DIRECTION     E (110)
  AVERAGE WIND SPEED     6.9


SKY COVER
  POSSIBLE SUNSHINE  MM
  AVERAGE SKY COVER 0.3


WEATHER CONDITIONS
 THE FOLLOWING WEATHER WAS RECORDED TODAY.
  NO SIGNIFICANT WEATHER WAS OBSERVED.


RELATIVE HUMIDITY (PERCENT)
 HIGHEST    87           200 AM
 LOWEST     59          1100 AM
 AVERAGE    73

..........................................................


THE HILO HI CLIMATE NORMALS FOR TOMORROW
                         NORMAL    RECORD    YEAR
 MAXIMUM TEMPERATURE (F)   83        90      1981
 MINIMUM TEMPERATURE (F)   69        63      1976


SUNRISE AND SUNSET
SEPTEMBER 19 2014.....SUNRISE   609 AM HST   SUNSET   619 PM HST
SEPTEMBER 20 2014.....SUNRISE   609 AM HST   SUNSET   618 PM HST


-  INDICATES NEGATIVE NUMBERS.
R  INDICATES RECORD WAS SET OR TIED.
MM INDICATES DATA IS MISSING.
T  INDICATES TRACE AMOUNT.




$$
