000
CDHW43 PHFO 261245
CLIITO


CLIMATE REPORT
NATIONAL WEATHER SERVICE HONOLULU HI
245 AM HST MON JUN 26 2017


...................................

...THE HILO HI CLIMATE SUMMARY FOR JUNE 25 2017...

CLIMATE NORMAL PERIOD 1981 TO 2010
CLIMATE RECORD PERIOD 1946 TO 2017


WEATHER ITEM   OBSERVED TIME   RECORD YEAR NORMAL DEPARTURE LAST
                VALUE   (LST)  VALUE       VALUE  FROM      YEAR
                                                  NORMAL
..................................................................
TEMPERATURE (F)
 YESTERDAY
  MAXIMUM         85   1220 PM  87    1969  82      3       84
  MINIMUM         68    637 AM  65    1989  69     -1       71
                                      1972
                                      1956
  AVERAGE         77                        76      1       78

PRECIPITATION (IN)
  YESTERDAY        0.00          2.42 1997   0.28  -0.28     0.03
  MONTH TO DATE    2.85                      5.95  -3.10    10.39
  SINCE JUN 1      2.85                      5.95  -3.10    10.39
  SINCE JAN 1     37.49                     57.86 -20.37    35.25

SNOWFALL (IN)
  YESTERDAY        0.0
  MONTH TO DATE    0.0
  SINCE JUN 1      0.0
  SINCE JUL 1      0.0
  SNOW DEPTH      MM

DEGREE DAYS
 HEATING
  YESTERDAY        0                         0      0        0
  MONTH TO DATE    0                         0      0        0
  SINCE JUN 1      0                         0      0        0
  SINCE JUL 1      0                         0      0        0

 COOLING
  YESTERDAY       12                        10      2       13
  MONTH TO DATE  286                       250     36      296
  SINCE JUN 1    286                       250     36      296
  SINCE JAN 1   1590                      1318    272     1842
..................................................................


WIND (MPH)
  HIGHEST WIND SPEED    16   HIGHEST WIND DIRECTION     E (80)
  HIGHEST GUST SPEED    20   HIGHEST GUST DIRECTION     E (90)
  AVERAGE WIND SPEED     6.4


SKY COVER
  POSSIBLE SUNSHINE  MM
  AVERAGE SKY COVER  MM


WEATHER CONDITIONS
 THE FOLLOWING WEATHER WAS RECORDED YESTERDAY.
  NO SIGNIFICANT WEATHER WAS OBSERVED.


RELATIVE HUMIDITY (PERCENT)
 HIGHEST    MM
 LOWEST     MM
 AVERAGE    MM

..........................................................


THE HILO HI CLIMATE NORMALS FOR TODAY
                         NORMAL    RECORD    YEAR
 MAXIMUM TEMPERATURE (F)   82        87      1995
 MINIMUM TEMPERATURE (F)   69        61      1956


SUNRISE AND SUNSET
JUNE 26 2017..........SUNRISE   544 AM HST   SUNSET   703 PM HST
JUNE 27 2017..........SUNRISE   544 AM HST   SUNSET   703 PM HST


-  INDICATES NEGATIVE NUMBERS.
R  INDICATES RECORD WAS SET OR TIED.
MM INDICATES DATA IS MISSING.
T  INDICATES TRACE AMOUNT.




$$
