000
CDHW43 PHFO 260231
CLIITO


CLIMATE REPORT
NATIONAL WEATHER SERVICE HONOLULU HI
426 PM HST SUN FEB 25 2018


...................................

...THE HILO HI CLIMATE SUMMARY FOR FEBRUARY 25 2018...
VALID TODAY AS OF 0400 PM LOCAL TIME.

CLIMATE NORMAL PERIOD 1981 TO 2010
CLIMATE RECORD PERIOD 1946 TO 2018


WEATHER ITEM   OBSERVED TIME   RECORD YEAR NORMAL DEPARTURE LAST
                VALUE   (LST)  VALUE       VALUE  FROM      YEAR
                                                  NORMAL
..................................................................
TEMPERATURE (F)
 TODAY
  MAXIMUM         79    118 PM  91    1968  79      0       77
  MINIMUM         69    804 AM  58    1982  64      5       62
  AVERAGE         74                        71      3       70

PRECIPITATION (IN)
  TODAY            1.12          8.00 1956   0.37   0.75     0.00
  MONTH TO DATE   14.28                      8.42   5.86     1.09
  SINCE DEC 1     38.81                     29.25   9.56    33.83
  SINCE JAN 1     28.91                     17.68  11.23    13.43

SNOWFALL (IN)
  TODAY            0.0
  MONTH TO DATE    0.0
  SINCE DEC 1      0.0
  SINCE JUL 1      0.0
  SNOW DEPTH      MM

DEGREE DAYS
 HEATING
  TODAY            0                         0      0        0
  MONTH TO DATE    0                         0      0        0
  SINCE DEC 1      0                         0      0        0
  SINCE JUL 1      0                         0      0        0

 COOLING
  TODAY            9                         6      3        5
  MONTH TO DATE  227                       150     77      183
  SINCE DEC 1    680                       573    107      623
  SINCE JAN 1    480                       348    132      393
..................................................................


WIND (MPH)
  HIGHEST WIND SPEED    22   HIGHEST WIND DIRECTION    SE (120)
  HIGHEST GUST SPEED    26   HIGHEST GUST DIRECTION    SE (130)
  AVERAGE WIND SPEED    MM


SKY COVER
  POSSIBLE SUNSHINE  MM
  AVERAGE SKY COVER  MM


WEATHER CONDITIONS
 THE FOLLOWING WEATHER WAS RECORDED TODAY.
  FOG


RELATIVE HUMIDITY (PERCENT)
 HIGHEST    MM
 LOWEST     MM
 AVERAGE    MM

..........................................................


THE HILO HI CLIMATE NORMALS FOR TOMORROW
                         NORMAL    RECORD    YEAR
 MAXIMUM TEMPERATURE (F)   79        86      2016
                                             1963
 MINIMUM TEMPERATURE (F)   64        58      1991


SUNRISE AND SUNSET
FEBRUARY 25 2018......SUNRISE   643 AM HST   SUNSET   624 PM HST
FEBRUARY 26 2018......SUNRISE   642 AM HST   SUNSET   625 PM HST


-  INDICATES NEGATIVE NUMBERS.
R  INDICATES RECORD WAS SET OR TIED.
MM INDICATES DATA IS MISSING.
T  INDICATES TRACE AMOUNT.




$$
