000
CDHW43 PHFO 281245
CLIITO


CLIMATE REPORT
NATIONAL WEATHER SERVICE HONOLULU HI
245 AM HST FRI AUG 28 2015


...................................

...THE HILO HI CLIMATE SUMMARY FOR AUGUST 27 2015...

CLIMATE NORMAL PERIOD 1981 TO 2010
CLIMATE RECORD PERIOD 1946 TO 2015


WEATHER ITEM   OBSERVED TIME   RECORD YEAR NORMAL DEPARTURE LAST
                VALUE   (LST)  VALUE       VALUE  FROM      YEAR
                                                  NORMAL
..................................................................
TEMPERATURE (F)
 YESTERDAY
  MAXIMUM         89R   126 PM  88    2006  83      6       85
  MINIMUM         72    618 AM  64    1960  70      2       72
  AVERAGE         81                        76      5       79

PRECIPITATION (IN)
  YESTERDAY        0.00          2.15 1995   0.28  -0.28     0.23
  MONTH TO DATE   16.88                      8.70   8.18    10.67
  SINCE JUN 1     30.17                     26.88   3.29    33.23
  SINCE JAN 1     69.24                     78.79  -9.55    80.97

SNOWFALL (IN)
  YESTERDAY        0.0
  MONTH TO DATE    0.0
  SINCE JUN 1      0.0
  SINCE JUL 1      0.0
  SNOW DEPTH       0

DEGREE DAYS
 HEATING
  YESTERDAY        0                         0      0        0
  MONTH TO DATE    0                         0      0        0
  SINCE JUN 1      0                         0      0        0
  SINCE JUL 1      0                         0      0        0

 COOLING
  YESTERDAY       16                        11      5       14
  MONTH TO DATE  398                       297    101      360
  SINCE JUN 1   1214                       946    268      972
  SINCE JAN 1   2541                      2014    527     2228
..................................................................


WIND (MPH)
  HIGHEST WIND SPEED    16   HIGHEST WIND DIRECTION     E (100)
  HIGHEST GUST SPEED    19   HIGHEST GUST DIRECTION     E (100)
  AVERAGE WIND SPEED     6.5


SKY COVER
  POSSIBLE SUNSHINE  MM
  AVERAGE SKY COVER 0.4


WEATHER CONDITIONS
 THE FOLLOWING WEATHER WAS RECORDED YESTERDAY.
  NO SIGNIFICANT WEATHER WAS OBSERVED.


RELATIVE HUMIDITY (PERCENT)
 HIGHEST    94          1200 AM
 LOWEST     61           900 AM
 AVERAGE    78

..........................................................


THE HILO HI CLIMATE NORMALS FOR TODAY
                         NORMAL    RECORD    YEAR
 MAXIMUM TEMPERATURE (F)   83        89      1971
 MINIMUM TEMPERATURE (F)   70        65      1979
                                             1955


SUNRISE AND SUNSET
AUGUST 28 2015........SUNRISE   604 AM HST   SUNSET   639 PM HST
AUGUST 29 2015........SUNRISE   604 AM HST   SUNSET   638 PM HST


-  INDICATES NEGATIVE NUMBERS.
R  INDICATES RECORD WAS SET OR TIED.
MM INDICATES DATA IS MISSING.
T  INDICATES TRACE AMOUNT.




$$
