000
CDHW43 PHFO 260228
CLIITO


CLIMATE REPORT
NATIONAL WEATHER SERVICE HONOLULU HI
428 PM HST SAT MAR 25 2017


...................................

...THE HILO HI CLIMATE SUMMARY FOR MARCH 25 2017...
VALID TODAY AS OF 0400 PM LOCAL TIME.

CLIMATE NORMAL PERIOD 1981 TO 2010
CLIMATE RECORD PERIOD 1946 TO 2017


WEATHER ITEM   OBSERVED TIME   RECORD YEAR NORMAL DEPARTURE LAST
                VALUE   (LST)  VALUE       VALUE  FROM      YEAR
                                                  NORMAL
..................................................................
TEMPERATURE (F)
 TODAY
  MAXIMUM         83    147 PM  85    2005  79      4       84
  MINIMUM         64    527 AM  59    1979  65     -1       70
  AVERAGE         74                        72      2       77

PRECIPITATION (IN)
  TODAY            0.00          2.33 1980   0.43  -0.43     0.05
  MONTH TO DATE    1.95                     10.74  -8.79     4.88
  SINCE MAR 1      1.95                     10.74  -8.79     4.88
  SINCE JAN 1     20.44                     29.56  -9.12     9.45

SNOWFALL (IN)
  TODAY            0.0
  MONTH TO DATE    0.0
  SINCE MAR 1      0.0
  SINCE JUL 1      0.0
  SNOW DEPTH       0

DEGREE DAYS
 HEATING
  TODAY            0                         0      0        0
  MONTH TO DATE    0                         0      0        0
  SINCE MAR 1      0                         0      0        0
  SINCE JUL 1      0                         0      0        0

 COOLING
  TODAY            9                         7      2       12
  MONTH TO DATE  246                       172     74      244
  SINCE MAR 1    246                       172     74      244
  SINCE JAN 1    655                       542    113      808
..................................................................


WIND (MPH)
  HIGHEST WIND SPEED    17   HIGHEST WIND DIRECTION     E (70)
  HIGHEST GUST SPEED    21   HIGHEST GUST DIRECTION     E (90)
  AVERAGE WIND SPEED     8.7


SKY COVER
  POSSIBLE SUNSHINE  MM
  AVERAGE SKY COVER 0.3


WEATHER CONDITIONS
 THE FOLLOWING WEATHER WAS RECORDED TODAY.
  NO SIGNIFICANT WEATHER WAS OBSERVED.


RELATIVE HUMIDITY (PERCENT)
 HIGHEST    81          1200 AM
 LOWEST     55          1200 PM
 AVERAGE    68

..........................................................


THE HILO HI CLIMATE NORMALS FOR TOMORROW
                         NORMAL    RECORD    YEAR
 MAXIMUM TEMPERATURE (F)   79        87      2003
 MINIMUM TEMPERATURE (F)   65        56      1955


SUNRISE AND SUNSET
MARCH 25 2017.........SUNRISE   620 AM HST   SUNSET   633 PM HST
MARCH 26 2017.........SUNRISE   619 AM HST   SUNSET   633 PM HST


-  INDICATES NEGATIVE NUMBERS.
R  INDICATES RECORD WAS SET OR TIED.
MM INDICATES DATA IS MISSING.
T  INDICATES TRACE AMOUNT.




$$
