000
CDHW43 PHFO 241245
CLIITO


CLIMATE REPORT
NATIONAL WEATHER SERVICE HONOLULU HI
245 AM HST WED AUG 24 2016


...................................

...THE HILO HI CLIMATE SUMMARY FOR AUGUST 23 2016...

CLIMATE NORMAL PERIOD 1981 TO 2010
CLIMATE RECORD PERIOD 1946 TO 2016


WEATHER ITEM   OBSERVED TIME   RECORD YEAR NORMAL DEPARTURE LAST
                VALUE   (LST)  VALUE       VALUE  FROM      YEAR
                                                  NORMAL
..................................................................
TEMPERATURE (F)
 YESTERDAY
  MAXIMUM         78   1125 AM  88    2015  83     -5       88
                                      2007
                                      1996
  MINIMUM         73    514 AM  64    1956  70      3       76
  AVERAGE         76                        76      0       82

PRECIPITATION (IN)
  YESTERDAY        7.15R         3.59 1982   0.30   6.85     0.05
  MONTH TO DATE   16.78                      7.52   9.26    14.81
  SINCE JUN 1     35.33                     25.70   9.63    28.08
  SINCE JAN 1     60.19                     77.61 -17.42    67.00

SNOWFALL (IN)
  YESTERDAY        0.0
  MONTH TO DATE    0.0
  SINCE JUN 1      0.0
  SINCE JUL 1      0.0
  SNOW DEPTH       0

DEGREE DAYS
 HEATING
  YESTERDAY        0                         0      0        0
  MONTH TO DATE    0                         0      0        0
  SINCE JUN 1      0                         0      0        0
  SINCE JUL 1      0                         0      0        0

 COOLING
  YESTERDAY       11                        11      0       17
  MONTH TO DATE  309                       253     56      308
  SINCE JUN 1   1104                       902    202     1092
  SINCE JAN 1   2650                      1970    680     2410
..................................................................


WIND (MPH)
  HIGHEST WIND SPEED    14   HIGHEST WIND DIRECTION     W (250)
  HIGHEST GUST SPEED    15   HIGHEST GUST DIRECTION     W (260)
  AVERAGE WIND SPEED     4.0


SKY COVER
  POSSIBLE SUNSHINE  MM
  AVERAGE SKY COVER 0.9


WEATHER CONDITIONS
 THE FOLLOWING WEATHER WAS RECORDED YESTERDAY.
  THUNDERSTORM
  HEAVY RAIN
  RAIN
  LIGHT RAIN
  FOG


RELATIVE HUMIDITY (PERCENT)
 HIGHEST   100          1200 AM
 LOWEST     91          1000 AM
 AVERAGE    96

..........................................................


THE HILO HI CLIMATE NORMALS FOR TODAY
                         NORMAL    RECORD    YEAR
 MAXIMUM TEMPERATURE (F)   83        89      1996
 MINIMUM TEMPERATURE (F)   70        64      1988
                                             1972


SUNRISE AND SUNSET
AUGUST 24 2016........SUNRISE   603 AM HST   SUNSET   641 PM HST
AUGUST 25 2016........SUNRISE   603 AM HST   SUNSET   641 PM HST


-  INDICATES NEGATIVE NUMBERS.
R  INDICATES RECORD WAS SET OR TIED.
MM INDICATES DATA IS MISSING.
T  INDICATES TRACE AMOUNT.




$$
