000
CDHW43 PHFO 281245
CLIITO


CLIMATE REPORT
NATIONAL WEATHER SERVICE HONOLULU HI
245 AM HST SAT FEB 28 2015


...................................

...THE HILO HI CLIMATE SUMMARY FOR FEBRUARY 27 2015...

CLIMATE NORMAL PERIOD 1981 TO 2010
CLIMATE RECORD PERIOD 1946 TO 2015


WEATHER ITEM   OBSERVED TIME   RECORD YEAR NORMAL DEPARTURE LAST
                VALUE   (LST)  VALUE       VALUE  FROM      YEAR
                                                  NORMAL
..................................................................
TEMPERATURE (F)
 YESTERDAY
  MAXIMUM         85   1115 AM  88    1980  79      6       78
  MINIMUM         65    612 AM  60    2002  64      1       64
                                      1987
                                      1985
  AVERAGE         75                        71      4       71

PRECIPITATION (IN)
  YESTERDAY        0.00          3.84 1977   0.38  -0.38     0.12
  MONTH TO DATE    4.81                      9.18  -4.37     2.57
  SINCE DEC 1     13.71                     30.01 -16.30    28.43
  SINCE JAN 1      7.61                     18.44 -10.83     8.23

SNOWFALL (IN)
  YESTERDAY        0.0
  MONTH TO DATE    0.0
  SINCE DEC 1      0.0
  SINCE JUL 1      0.0
  SNOW DEPTH       0

DEGREE DAYS
 HEATING
  YESTERDAY        0                         0      0        0
  MONTH TO DATE    0                         0      0        0
  SINCE DEC 1      0                         0      0        0
  SINCE JUL 1      0                         0      0        0

 COOLING
  YESTERDAY       10                         6      4        6
  MONTH TO DATE  258                       162     96      239
  SINCE DEC 1    757                       585    172      698
  SINCE JAN 1    516                       360    156      451
..................................................................


WIND (MPH)
  HIGHEST WIND SPEED    20   HIGHEST WIND DIRECTION     E (110)
  HIGHEST GUST SPEED    24   HIGHEST GUST DIRECTION     E (110)
  AVERAGE WIND SPEED     8.1


SKY COVER
  POSSIBLE SUNSHINE  MM
  AVERAGE SKY COVER 0.4


WEATHER CONDITIONS
 THE FOLLOWING WEATHER WAS RECORDED YESTERDAY.
  NO SIGNIFICANT WEATHER WAS OBSERVED.


RELATIVE HUMIDITY (PERCENT)
 HIGHEST    87           900 PM
 LOWEST     55          1000 AM
 AVERAGE    71

..........................................................


THE HILO HI CLIMATE NORMALS FOR TODAY
                         NORMAL    RECORD    YEAR
 MAXIMUM TEMPERATURE (F)   79        88      1995
 MINIMUM TEMPERATURE (F)   64        57      1965


SUNRISE AND SUNSET
FEBRUARY 28 2015......SUNRISE   641 AM HST   SUNSET   625 PM HST
MARCH  1 2015.........SUNRISE   640 AM HST   SUNSET   625 PM HST


-  INDICATES NEGATIVE NUMBERS.
R  INDICATES RECORD WAS SET OR TIED.
MM INDICATES DATA IS MISSING.
T  INDICATES TRACE AMOUNT.




$$
