000
CDUS43 KGLD 190807
CLIITR

CLIMATE REPORT
NATIONAL WEATHER SERVICE GOODLAND
104 AM MST FRI JAN 19 2018


...................................

...THE BURLINGTON CO CLIMATE SUMMARY FOR JANUARY 18 2018...

CLIMATE NORMAL PERIOD 1981 TO 2010
CLIMATE RECORD PERIOD 1896 TO 2018


WEATHER ITEM   OBSERVED TIME   RECORD YEAR NORMAL DEPARTURE LAST
                VALUE   (LST)  VALUE       VALUE  FROM      YEAR
                                                  NORMAL
..................................................................
TEMPERATURE (F)
 YESTERDAY
  MAXIMUM         62    146 PM  67    1920  42     20       48
  MINIMUM         17   1257 AM -18    1984  17      0       25
  AVERAGE         40                        30     10       37

PRECIPITATION (IN)
  YESTERDAY        0.00                      0.00   0.00     0.00
  MONTH TO DATE    0.15                      0.16  -0.01     0.49
  SINCE DEC 1      0.32                      0.59  -0.27     0.83
  SINCE JAN 1      0.15                      0.16  -0.01     0.49

..................................................................


THE BURLINGTON CO CLIMATE NORMALS FOR TODAY
                         NORMAL    RECORD    YEAR
 MAXIMUM TEMPERATURE (F)   42        71      1986
 MINIMUM TEMPERATURE (F)   17       -16      1943



-  INDICATES NEGATIVE NUMBERS.
R  INDICATES RECORD WAS SET OR TIED.
MM INDICATES DATA IS MISSING.
T  INDICATES TRACE AMOUNT.

$$
