000
CDUS43 KGLD 250744
CLIITR

CLIMATE REPORT
NATIONAL WEATHER SERVICE GOODLAND
141 AM MDT FRI JUL 25 2014


...................................

...THE BURLINGTON CO CLIMATE SUMMARY FOR JULY 24 2014...

CLIMATE NORMAL PERIOD 1981 TO 2010
CLIMATE RECORD PERIOD 1896 TO 2014


WEATHER ITEM   OBSERVED TIME   RECORD YEAR NORMAL DEPARTURE LAST
                VALUE   (LST)  VALUE       VALUE  FROM      YEAR
                                                  NORMAL
..................................................................
TEMPERATURE (F)
 YESTERDAY
  MAXIMUM        100    321 PM 103    2003  89     11       87
  MINIMUM         66    532 AM  50    2004  61      5       61
  AVERAGE         83                        75      8       74

PRECIPITATION (IN)
  YESTERDAY        0.00                      0.10  -0.10     0.07
  MONTH TO DATE    2.37                      2.56  -0.19     0.73
  SINCE JUN 1      4.73                      5.44  -0.71     2.72
  SINCE JAN 1      7.65                     11.17  -3.52     8.32

..................................................................

THE BURLINGTON CO CLIMATE NORMALS FOR TODAY
                         NORMAL    RECORD    YEAR
 MAXIMUM TEMPERATURE (F)   89       103      2003
                                             2002
 MINIMUM TEMPERATURE (F)   61        48      1911



-  INDICATES NEGATIVE NUMBERS.
R  INDICATES RECORD WAS SET OR TIED.
MM INDICATES DATA IS MISSING.
T  INDICATES TRACE AMOUNT.




$$
