000
CDUS43 KGLD 280040
CLIITR

CLIMATE REPORT
NATIONAL WEATHER SERVICE GOODLAND
638 PM MDT SAT AUG 27 2016

...................................

...THE BURLINGTON CO CLIMATE SUMMARY FOR AUGUST 27 2016...
VALID TODAY AS OF 0600 PM LOCAL TIME.

CLIMATE NORMAL PERIOD 1981 TO 2010
CLIMATE RECORD PERIOD 1896 TO 2016


WEATHER ITEM   OBSERVED TIME   RECORD YEAR NORMAL DEPARTURE LAST
                VALUE   (LST)  VALUE       VALUE  FROM      YEAR
                                                  NORMAL
..................................................................
TEMPERATURE (F)
 TODAY
  MAXIMUM         82    111 PM 100    1926  84     -2       94
  MINIMUM         50   1214 AM  40    1992  56     -6       62
  AVERAGE         66                        70     -4       78

PRECIPITATION (IN)
  TODAY            T                         0.08  -0.08     0.00
  MONTH TO DATE    0.43                      2.11  -1.68     0.81
  SINCE JUN 1      6.59                      8.12  -1.53     8.37
  SINCE JAN 1     14.83                     13.85   0.98    19.39

..................................................................


THE BURLINGTON CO CLIMATE NORMALS FOR TOMORROW
                         NORMAL    RECORD    YEAR
 MAXIMUM TEMPERATURE (F)   84       101      1960
 MINIMUM TEMPERATURE (F)   55        42      1949



-  INDICATES NEGATIVE NUMBERS.
R  INDICATES RECORD WAS SET OR TIED.
MM INDICATES DATA IS MISSING.
T  INDICATES TRACE AMOUNT.

$$
