000
CDUS43 KGLD 230741 RRA
CLIITR

CLIMATE REPORT
NATIONAL WEATHER SERVICE GOODLAND
139 AM MDT TUE SEP 23 2014


...................................

...THE BURLINGTON CO CLIMATE SUMMARY FOR SEPTEMBER 22 2014...

CLIMATE NORMAL PERIOD 1981 TO 2010
CLIMATE RECORD PERIOD 1896 TO 2014


WEATHER ITEM   OBSERVED TIME   RECORD YEAR NORMAL DEPARTURE LAST
                VALUE   (LST)  VALUE       VALUE  FROM      YEAR
                                                  NORMAL
..................................................................
TEMPERATURE (F)
 YESTERDAY
  MAXIMUM         77    336 PM  92    2010  76      1       85
                                      1944
  MINIMUM         55    434 AM  28    1983  46      9       57
  AVERAGE         66                        61      5       71

PRECIPITATION (IN)
  YESTERDAY        0.34                      0.03   0.31     0.00
  MONTH TO DATE    0.71                      0.89  -0.18     5.30
  SINCE SEP 1      0.71                      0.89  -0.18     5.30
  SINCE JAN 1     10.61                     15.04  -4.43    15.75

..................................................................


THE BURLINGTON CO CLIMATE NORMALS FOR TODAY
                         NORMAL    RECORD    YEAR
 MAXIMUM TEMPERATURE (F)   76        92      2003
                                             1954
 MINIMUM TEMPERATURE (F)   45        24      1983



-  INDICATES NEGATIVE NUMBERS.
R  INDICATES RECORD WAS SET OR TIED.
MM INDICATES DATA IS MISSING.
T  INDICATES TRACE AMOUNT.

$$
