054
CDUS44 KJAN 160728
CLIJAN


CLIMATE REPORT
NATIONAL WEATHER SERVICE JACKSON MS
126 AM CST SAT DEC 16 2017


...................................

...THE JACKSON CLIMATE SUMMARY FOR DECEMBER 15 2017...

CLIMATE NORMAL PERIOD 1981 TO 2010
CLIMATE RECORD PERIOD 1896 TO 2017


WEATHER ITEM   OBSERVED TIME   RECORD YEAR NORMAL DEPARTURE LAST
                VALUE   (LST)  VALUE       VALUE  FROM      YEAR
                                                  NORMAL
..................................................................
TEMPERATURE (F)
 YESTERDAY
  MAXIMUM         48    311 PM  80    1948  58    -10       48
  MINIMUM         29   1159 PM  15    1958  37     -8       34
                                      1901
  AVERAGE         39                        48     -9       41

PRECIPITATION (IN)
  YESTERDAY        0.00          1.98 1940   0.16  -0.16     0.00
  MONTH TO DATE    1.17                      2.61  -1.44     3.33
  SINCE DEC 1      1.17                      2.61  -1.44     3.33
  SINCE JAN 1     59.27                     51.60   7.67    60.98

SNOWFALL (IN)
  YESTERDAY        0.0           0.0    MM   0.0    0.0      0.0
  MONTH TO DATE    5.1                       0.1    5.0      0.0
  SINCE DEC 1      5.1                       0.1    5.0      0.0
  SINCE JUL 1      5.1                       0.1    5.0      0.0

DEGREE DAYS
 HEATING
  YESTERDAY       26                        18      8       24
  MONTH TO DATE  229                       241    -12      234
  SINCE DEC 1    229                       241    -12      234
  SINCE JUL 1    488                       649   -161      438

 COOLING
  YESTERDAY        0                         0      0        0
  MONTH TO DATE    0                         0      0        0
  SINCE DEC 1      0                         0      0        0
  SINCE JAN 1   2538                      2253    285     2799
..................................................................


WIND (MPH)
  HIGHEST WIND SPEED    12   HIGHEST WIND DIRECTION     N (360)
  HIGHEST GUST SPEED    16   HIGHEST GUST DIRECTION     N (360)
  AVERAGE WIND SPEED     4.7


SKY COVER
  POSSIBLE SUNSHINE  MM
  AVERAGE SKY COVER 0.3


WEATHER CONDITIONS
 THE FOLLOWING WEATHER WAS RECORDED YESTERDAY.
  NO SIGNIFICANT WEATHER WAS OBSERVED.


RELATIVE HUMIDITY (PERCENT)
 HIGHEST    85          1100 PM
 LOWEST     45           200 PM
 AVERAGE    65

..........................................................


THE JACKSON CLIMATE NORMALS FOR TODAY
                         NORMAL    RECORD    YEAR
 MAXIMUM TEMPERATURE (F)   58        84      1924
 MINIMUM TEMPERATURE (F)   37        12      1901


SUNRISE AND SUNSET
DECEMBER 16 2017......SUNRISE   655 AM CST   SUNSET   457 PM CST
DECEMBER 17 2017......SUNRISE   656 AM CST   SUNSET   458 PM CST


-  INDICATES NEGATIVE NUMBERS.
R  INDICATES RECORD WAS SET OR TIED.
MM INDICATES DATA IS MISSING.
T  INDICATES TRACE AMOUNT.

&&

AT 1 AM:

THE PEARL RIVER STAGE AT JACKSON WAS 3.6 FEET. THE RIVER HAS
NOT CHANGED OVER THE PAST 24 HOURS.

THE MISSISSIPPI RIVER STAGE AT VICKSBURG WAS 9.0 FEET. THE RIVER
FELL 0.5 FEET OVER THE PAST 24 HOURS.

$$
