000
CDUS44 KJAN 250748
CLIJAN


CLIMATE REPORT
NATIONAL WEATHER SERVICE JACKSON MS
145 AM CST THU DEC 25 2014


...................................

...THE JACKSON CLIMATE SUMMARY FOR DECEMBER 24 2014...

CLIMATE NORMAL PERIOD 1981 TO 2010
CLIMATE RECORD PERIOD 1896 TO 2014


WEATHER ITEM   OBSERVED TIME   RECORD YEAR NORMAL DEPARTURE LAST
                VALUE   (LST)  VALUE       VALUE  FROM      YEAR
                                                  NORMAL
..................................................................
TEMPERATURE (F)
 YESTERDAY
  MAXIMUM         50   1200 PM  80    1955  57     -7       47
  MINIMUM         39   1155 PM   6    1989  36      3       28
  AVERAGE         45                        46     -1       38

PRECIPITATION (IN)
  YESTERDAY        T             2.82 1973   0.17  -0.17     0.00
  MONTH TO DATE    2.34                      4.09  -1.75     3.67
  SINCE DEC 1      2.34                      4.09  -1.75     3.67
  SINCE JAN 1     54.60                     53.08   1.52    63.43

SNOWFALL (IN)
  YESTERDAY        0.0           T    1998   0.0    0.0      0.0
                                      1990
                                      1983
  MONTH TO DATE    0.0                       0.2   -0.2      0.0
  SINCE DEC 1      0.0                       0.2   -0.2      0.0
  SINCE JUL 1      0.0                       0.2   -0.2      0.0

DEGREE DAYS
 HEATING
  YESTERDAY       20                        19      1       27
  MONTH TO DATE  309                       407    -98      404
  SINCE DEC 1    309                       407    -98      404
  SINCE JUL 1    809                       815     -6      866

 COOLING
  YESTERDAY        0                         0      0        0
  MONTH TO DATE    2                         0      2       12
  SINCE DEC 1      2                         0      2       12
  SINCE JAN 1   2285                      2253     32     2359
..................................................................


WIND (MPH)
  HIGHEST WIND SPEED    20   HIGHEST WIND DIRECTION     W (270)
  HIGHEST GUST SPEED    24   HIGHEST GUST DIRECTION     W (270)
  AVERAGE WIND SPEED     8.2


SKY COVER
  POSSIBLE SUNSHINE  MM
  AVERAGE SKY COVER 0.8


WEATHER CONDITIONS
 THE FOLLOWING WEATHER WAS RECORDED YESTERDAY.
  LIGHT RAIN


RELATIVE HUMIDITY (PERCENT)
 HIGHEST    86           200 AM
 LOWEST     56           300 PM
 AVERAGE    71

..........................................................


THE JACKSON CLIMATE NORMALS FOR TODAY
                         NORMAL    RECORD    YEAR
 MAXIMUM TEMPERATURE (F)   56        80      1942
 MINIMUM TEMPERATURE (F)   36         7      1983


SUNRISE AND SUNSET
DECEMBER 25 2014......SUNRISE   659 AM CST   SUNSET   502 PM CST
DECEMBER 26 2014......SUNRISE   700 AM CST   SUNSET   502 PM CST


-  INDICATES NEGATIVE NUMBERS.
R  INDICATES RECORD WAS SET OR TIED.
MM INDICATES DATA IS MISSING.
T  INDICATES TRACE AMOUNT.

&&

AT 2 AM:

THE PEARL RIVER STAGE AT JACKSON WAS ESTIMATED TO BE AROUND 12.7 FEET. THE RIVER
HAS RISEN 8.2 FEET OVER THE PAST 24 HOURS.

THE MISSISSIPPI RIVER STAGE AT VICKSBURG WAS 17.2 FEET. THE RIVER
HAS FALLEN 1.5 FEET OVER THE PAST 24 HOURS.




$$
