000
CDUS44 KJAN 180757
CLIJAN


CLIMATE REPORT
NATIONAL WEATHER SERVICE JACKSON MS
255 AM CDT THU SEP 18 2014


...................................

...THE JACKSON CLIMATE SUMMARY FOR SEPTEMBER 17 2014...

CLIMATE NORMAL PERIOD 1981 TO 2010
CLIMATE RECORD PERIOD 1896 TO 2014


WEATHER ITEM   OBSERVED TIME   RECORD YEAR NORMAL DEPARTURE LAST
                VALUE   (LST)  VALUE       VALUE  FROM      YEAR
                                                  NORMAL
..................................................................
TEMPERATURE (F)
 YESTERDAY
  MAXIMUM         92    243 PM 102    1925  87      5       96
  MINIMUM         66    544 AM  50    1961  64      2       65
                                      1934
  AVERAGE         79                        75      4       81

PRECIPITATION (IN)
  YESTERDAY        0.00          1.05 1913   0.10  -0.10     0.00
  MONTH TO DATE    1.54                      1.70  -0.16     0.27
  SINCE SEP 1      1.54                      1.70  -0.16     0.27
  SINCE JAN 1     45.22                     38.98   6.24    43.93

SNOWFALL (IN)
  YESTERDAY        0.0           0.0  2002   0.0    0.0      0.0
                                      2001
  MONTH TO DATE    0.0                       0.0    0.0      0.0
  SINCE SEP 1      0.0                       0.0    0.0      0.0
  SINCE JUL 1      0.0                       0.0    0.0      0.0

DEGREE DAYS
 HEATING
  YESTERDAY        0                         0      0        0
  MONTH TO DATE    0                         0      0        0
  SINCE SEP 1      0                         0      0        0
  SINCE JUL 1      0                         0      0        0

 COOLING
  YESTERDAY       14                        11      3       16
  MONTH TO DATE  266                       218     48      292
  SINCE SEP 1    266                       218     48      292
  SINCE JAN 1   1996                      2017    -21     2056
..................................................................


WIND (MPH)
  HIGHEST WIND SPEED     9   HIGHEST WIND DIRECTION    NE (60)
  HIGHEST GUST SPEED    12   HIGHEST GUST DIRECTION     N (20)
  AVERAGE WIND SPEED     2.4


SKY COVER
  POSSIBLE SUNSHINE  MM
  AVERAGE SKY COVER 0.2


WEATHER CONDITIONS
 THE FOLLOWING WEATHER WAS RECORDED YESTERDAY.
  FOG


RELATIVE HUMIDITY (PERCENT)
 HIGHEST    97           200 AM
 LOWEST     47           200 PM
 AVERAGE    72

..........................................................


THE JACKSON CLIMATE NORMALS FOR TODAY
                         NORMAL    RECORD    YEAR
 MAXIMUM TEMPERATURE (F)   86       103      1925
 MINIMUM TEMPERATURE (F)   64        46      1981
                                             1934


SUNRISE AND SUNSET
SEPTEMBER 18 2014.....SUNRISE   646 AM CDT   SUNSET   702 PM CDT
SEPTEMBER 19 2014.....SUNRISE   647 AM CDT   SUNSET   701 PM CDT


-  INDICATES NEGATIVE NUMBERS.
R  INDICATES RECORD WAS SET OR TIED.
MM INDICATES DATA IS MISSING.
T  INDICATES TRACE AMOUNT.

&&

AT 3 AM:

THE PEARL RIVER STAGE AT JACKSON WAS 3.7 FEET. THE RIVER HAS HELD
STEADY OVER THE PAST 24 HOURS.

THE MISSISSIPPI RIVER STAGE AT VICKSBURG WAS 16.8 FEET. THE RIVER
HAS RISEN 0.3 FEET OVER THE PAST 24 HOURS.

$$
