000
CDUS44 KJAN 210641
CLIJAN


CLIMATE REPORT
NATIONAL WEATHER SERVICE JACKSON MS
139 AM CDT SAT OCT 21 2017


...................................

...THE JACKSON CLIMATE SUMMARY FOR OCTOBER 20 2017...

CLIMATE NORMAL PERIOD 1981 TO 2010
CLIMATE RECORD PERIOD 1896 TO 2017


WEATHER ITEM   OBSERVED TIME   RECORD YEAR NORMAL DEPARTURE LAST
                VALUE   (LST)  VALUE       VALUE  FROM      YEAR
                                                  NORMAL
..................................................................
TEMPERATURE (F)
 YESTERDAY
  MAXIMUM         84    103 PM  90    1941  76      8       86
                                      1939
  MINIMUM         54    617 AM  29    1989  52      2       60
  AVERAGE         69                        64      5       73

PRECIPITATION (IN)
  YESTERDAY        0.00          1.30 1956   0.14  -0.14     0.39
  MONTH TO DATE    0.99                      2.49  -1.50     0.49
  SINCE SEP 1      2.16                      5.52  -3.36     0.82
  SINCE JAN 1     56.05                     42.80  13.25    54.02

SNOWFALL (IN)
  YESTERDAY        0.0           0.0  2002   0.0    0.0      0.0
                                      2001
  MONTH TO DATE    0.0                       0.0    0.0      0.0
  SINCE SEP 1      0.0                       0.0    0.0      0.0
  SINCE JUL 1      0.0                       0.0    0.0      0.0

DEGREE DAYS
 HEATING
  YESTERDAY        0                         4     -4        0
  MONTH TO DATE    1                        44    -43        0
  SINCE SEP 1      3                        51    -48        0
  SINCE JUL 1      3                        51    -48        0

 COOLING
  YESTERDAY        4                         3      1        8
  MONTH TO DATE  181                        83     98      185
  SINCE SEP 1    525                       410    115      658
  SINCE JAN 1   2450                      2209    241     2732
..................................................................


WIND (MPH)
  HIGHEST WIND SPEED    14   HIGHEST WIND DIRECTION     S (160)
  HIGHEST GUST SPEED    19   HIGHEST GUST DIRECTION    SE (150)
  AVERAGE WIND SPEED     5.6


SKY COVER
  POSSIBLE SUNSHINE  MM
  AVERAGE SKY COVER 0.4


WEATHER CONDITIONS
 THE FOLLOWING WEATHER WAS RECORDED YESTERDAY.
  FOG


RELATIVE HUMIDITY (PERCENT)
 HIGHEST    93           600 AM
 LOWEST     43           100 PM
 AVERAGE    68

..........................................................


THE JACKSON CLIMATE NORMALS FOR TODAY
                         NORMAL    RECORD    YEAR
 MAXIMUM TEMPERATURE (F)   76        92      1899
 MINIMUM TEMPERATURE (F)   51        30      1917


SUNRISE AND SUNSET
OCTOBER 21 2017.......SUNRISE   709 AM CDT   SUNSET   621 PM CDT
OCTOBER 22 2017.......SUNRISE   710 AM CDT   SUNSET   619 PM CDT


-  INDICATES NEGATIVE NUMBERS.
R  INDICATES RECORD WAS SET OR TIED.
MM INDICATES DATA IS MISSING.
T  INDICATES TRACE AMOUNT.


&&

AT 2 AM:

THE PEARL RIVER STAGE AT JACKSON WAS 3.6 FEET. THE RIVER LEVEL
REMAINED STEADY OVER THE PAST 24 HOURS.

THE MISSISSIPPI RIVER STAGE AT VICKSBURG WAS 14.3 FEET. THE RIVER
LEVEL ROSE 0.6 FOOT OVER THE PAST 24 HOURS.

$$
