000
CDUS44 KJAN 310715
CLIJAN

CLIMATE REPORT
NATIONAL WEATHER SERVICE JACKSON MS
209 AM CDT TUE MAY 31 2016

...................................

...THE JACKSON CLIMATE SUMMARY FOR MAY 30 2016...

CLIMATE NORMAL PERIOD 1981 TO 2010
CLIMATE RECORD PERIOD 1896 TO 2016


WEATHER ITEM   OBSERVED TIME   RECORD YEAR NORMAL DEPARTURE LAST
                VALUE   (LST)  VALUE       VALUE  FROM      YEAR
                                                  NORMAL
..................................................................
TEMPERATURE (F)
 YESTERDAY
  MAXIMUM         95    227 PM  99    1911  87      8       87
                                      1896
  MINIMUM         64    259 AM  45    1984  65     -1       68
  AVERAGE         80                        76      4       78

PRECIPITATION (IN)
  YESTERDAY        T             2.93 1986   0.14  -0.14     0.28
  MONTH TO DATE    1.31                      4.24  -2.93     5.10
  SINCE MAR 1     20.80                     14.24   6.56    16.12
  SINCE JAN 1     32.40                     23.97   8.43    26.32

SNOWFALL (IN)
  YESTERDAY        0.0           0.0    MM   0.0    0.0      0.0
  MONTH TO DATE    0.0                       0.0    0.0      0.0
  SINCE MAR 1      0.0                       0.1   -0.1      0.3
  SINCE JUL 1      T                         0.8   -0.8      0.3

DEGREE DAYS
 HEATING
  YESTERDAY        0                         0      0        0
  MONTH TO DATE    7                        10     -3        2
  SINCE MAR 1    196                       397   -201      227
  SINCE JUL 1   1587                      2389   -802     2353

 COOLING
  YESTERDAY       15                        11      4       13
  MONTH TO DATE  215                       229    -14      267
  SINCE MAR 1    365                       337     28      443
  SINCE JAN 1    374                       347     27      443
..................................................................


WIND (MPH)
  HIGHEST WIND SPEED    21   HIGHEST WIND DIRECTION    SW (210)
  HIGHEST GUST SPEED    25   HIGHEST GUST DIRECTION    SW (210)
  AVERAGE WIND SPEED     3.4


SKY COVER
  POSSIBLE SUNSHINE  MM
  AVERAGE SKY COVER 0.3


WEATHER CONDITIONS
 THE FOLLOWING WEATHER WAS RECORDED YESTERDAY.
  THUNDERSTORM
  LIGHT RAIN


RELATIVE HUMIDITY (PERCENT)
 HIGHEST    93           300 AM
 LOWEST     33           300 PM
 AVERAGE    63

..........................................................


THE JACKSON CLIMATE NORMALS FOR TODAY
                         NORMAL    RECORD    YEAR
 MAXIMUM TEMPERATURE (F)   87        99      1951
 MINIMUM TEMPERATURE (F)   66        43      1984


SUNRISE AND SUNSET
MAY 31 2016...........SUNRISE   554 AM CDT   SUNSET   802 PM CDT
JUNE  1 2016..........SUNRISE   554 AM CDT   SUNSET   803 PM CDT


-  INDICATES NEGATIVE NUMBERS.
R  INDICATES RECORD WAS SET OR TIED.
MM INDICATES DATA IS MISSING.
T  INDICATES TRACE AMOUNT.

&&

AT 2 AM...

THE PEARL RIVER STAGE AT JACKSON WAS 3.8 FEET. THE RIVER LEVEL WAS
UNCHANGED OVER THE PAST 24 HOURS.

THE MISSISSIPPI RIVER STAGE AT VICKSBURG WAS 33.4 FEET. THE RIVER
WAS UNCHANGED OVER THE PAST 24 HOURS.

$$
