000
CDUS44 KJAN 230735
CLIJAN


CLIMATE REPORT
NATIONAL WEATHER SERVICE JACKSON MS
133 AM CST THU FEB 23 2017


...................................

...THE JACKSON CLIMATE SUMMARY FOR FEBRUARY 22 2017...

CLIMATE NORMAL PERIOD 1981 TO 2010
CLIMATE RECORD PERIOD 1896 TO 2017


WEATHER ITEM   OBSERVED TIME   RECORD YEAR NORMAL DEPARTURE LAST
                VALUE   (LST)  VALUE       VALUE  FROM      YEAR
                                                  NORMAL
..................................................................
TEMPERATURE (F)
 YESTERDAY
  MAXIMUM         75    258 PM  82    1980  62     13       65
                                      1909
  MINIMUM         46    624 AM  16    1978  40      6       56
  AVERAGE         61                        51     10       61

PRECIPITATION (IN)
  YESTERDAY        0.00          2.04 1950   0.17  -0.17     0.83
  MONTH TO DATE    1.09                      3.78  -2.69     7.30
  SINCE DEC 1     14.73                     13.90   0.83    16.54
  SINCE JAN 1      8.99                      8.75   0.24    10.67

SNOWFALL (IN)
  YESTERDAY        0.0           0.0    MM   0.0    0.0      0.0
  MONTH TO DATE    0.0                       0.1   -0.1      0.0
  SINCE DEC 1      0.8                       0.7    0.1       T
  SINCE JUL 1      0.8                       0.7    0.1       T

DEGREE DAYS
 HEATING
  YESTERDAY        4                        14    -10        4
  MONTH TO DATE  156                       359   -203      273
  SINCE DEC 1    880                      1503   -623     1110
  SINCE JUL 1   1084                      1911   -827     1302

 COOLING
  YESTERDAY        0                         0      0        0
  MONTH TO DATE   22                         0     22        9
  SINCE DEC 1     75                        12     63       78
  SINCE JAN 1     45                         4     41        9
..................................................................


WIND (MPH)
  HIGHEST WIND SPEED    15   HIGHEST WIND DIRECTION     N (20)
  HIGHEST GUST SPEED    21   HIGHEST GUST DIRECTION     N (10)
  AVERAGE WIND SPEED     4.3


SKY COVER
  POSSIBLE SUNSHINE  MM
  AVERAGE SKY COVER 0.4


WEATHER CONDITIONS
 THE FOLLOWING WEATHER WAS RECORDED YESTERDAY.
  FOG
  FOG W/VISIBILITY <= 1/4 MILE


RELATIVE HUMIDITY (PERCENT)
 HIGHEST   100           300 AM
 LOWEST     49           300 PM
 AVERAGE    75

..........................................................


THE JACKSON CLIMATE NORMALS FOR TODAY
                         NORMAL    RECORD    YEAR
 MAXIMUM TEMPERATURE (F)   63        84      2012
 MINIMUM TEMPERATURE (F)   40        17      1964


SUNRISE AND SUNSET
FEBRUARY 23 2017......SUNRISE   634 AM CST   SUNSET   553 PM CST
FEBRUARY 24 2017......SUNRISE   633 AM CST   SUNSET   554 PM CST


-  INDICATES NEGATIVE NUMBERS.
R  INDICATES RECORD WAS SET OR TIED.
MM INDICATES DATA IS MISSING.
T  INDICATES TRACE AMOUNT.

&&

AT 1 AM:

THE PEARL RIVER STAGE AT JACKSON WAS 6.4 FEET. THE RIVER LEVEL FELL 0.2
FEET OVER THE PAST 24 HOURS.

THE MISSISSIPPI RIVER STAGE AT VICKSBURG WAS 21.2 FEET. THE RIVER LEVEL
FELL 0.4 FEET OVER THE PAST 24 HOURS.

$$
