000
CDUS42 KJAX 200536
CLIJAX


CLIMATE REPORT
NATIONAL WEATHER SERVICE JACKSONVILLE FL
1231 AM EST MON FEB 20 2017


...................................

...THE JACKSONVILLE CLIMATE SUMMARY FOR FEBRUARY 19 2017...

CLIMATE NORMAL PERIOD 1981 TO 2010
CLIMATE RECORD PERIOD 1871 TO 2017


WEATHER ITEM   OBSERVED TIME   RECORD YEAR NORMAL DEPARTURE LAST
                VALUE   (LST)  VALUE       VALUE  FROM      YEAR
                                                  NORMAL
..................................................................
TEMPERATURE (F)
 YESTERDAY
  MAXIMUM         79    450 PM  86    1891  69     10       67
  MINIMUM         54   1212 AM  24    1958  45      9       39
  AVERAGE         67                        57     10       53

PRECIPITATION (IN)
  YESTERDAY        0.00          2.66 1901   0.12  -0.12     0.00
  MONTH TO DATE    0.48                      2.09  -1.61     3.93
  SINCE DEC 1      6.82                      8.19  -1.37     7.32
  SINCE JAN 1      4.53                      5.39  -0.86     6.76

SNOWFALL (IN)
  YESTERDAY        0.0           0.0  2002   0.0    0.0      0.0
  MONTH TO DATE    0.0                       0.0    0.0      0.0
  SINCE DEC 1      0.0                       T      0.0      0.0
  SINCE JUL 1      0.0                       T      0.0      0.0
  SNOW DEPTH       0

DEGREE DAYS
 HEATING
  YESTERDAY        0                         8     -8       12
  MONTH TO DATE   93                       187    -94      214
  SINCE DEC 1    460                       890   -430      724
  SINCE JUL 1    590                      1063   -473      778

 COOLING
  YESTERDAY        2                         1      1        0
  MONTH TO DATE   11                        14     -3       14
  SINCE DEC 1     90                        46     44      155
  SINCE JAN 1     47                        25     22       14
..................................................................


WIND (MPH)
  HIGHEST WIND SPEED    14   HIGHEST WIND DIRECTION    NW (320)
  HIGHEST GUST SPEED    22   HIGHEST GUST DIRECTION    NW (300)
  AVERAGE WIND SPEED     4.3


SKY COVER
  POSSIBLE SUNSHINE  MM
  AVERAGE SKY COVER 0.6


WEATHER CONDITIONS
 THE FOLLOWING WEATHER WAS RECORDED YESTERDAY.
  FOG


RELATIVE HUMIDITY (PERCENT)
 HIGHEST   100          1200 AM
 LOWEST     42           400 PM
 AVERAGE    71

..........................................................


THE JACKSONVILLE CLIMATE NORMALS FOR TODAY
                         NORMAL    RECORD    YEAR
 MAXIMUM TEMPERATURE (F)   69        86      1961
 MINIMUM TEMPERATURE (F)   46        24      2015


SUNRISE AND SUNSET
FEBRUARY 20 2017......SUNRISE   702 AM EST   SUNSET   619 PM EST
FEBRUARY 21 2017......SUNRISE   701 AM EST   SUNSET   620 PM EST


-  INDICATES NEGATIVE NUMBERS.
R  INDICATES RECORD WAS SET OR TIED.
MM INDICATES DATA IS MISSING.
T  INDICATES TRACE AMOUNT.




$$
