000
CDUS42 KJAX 060545
CLIJAX


CLIMATE REPORT
NATIONAL WEATHER SERVICE JACKSONVILLE FL
144 AM EDT FRI MAY 6 2016


...................................

...THE JACKSONVILLE CLIMATE SUMMARY FOR MAY 5 2016...

CLIMATE NORMAL PERIOD 1981 TO 2010
CLIMATE RECORD PERIOD 1871 TO 2016


WEATHER ITEM   OBSERVED TIME   RECORD YEAR NORMAL DEPARTURE LAST
                VALUE   (LST)  VALUE       VALUE  FROM      YEAR
                                                  NORMAL
..................................................................
TEMPERATURE (F)
 YESTERDAY
  MAXIMUM         77        MM  94    1898  83     -6       80
  MINIMUM         50        MM  46    1976  59     -9       59
                                      1971
  AVERAGE         64                        71     -7       70

PRECIPITATION (IN)
  YESTERDAY        0.00          0.95 1907   0.07  -0.07     0.00
  MONTH TO DATE    0.00                      0.31  -0.31     0.00
  SINCE MAR 1      4.52                      6.90  -2.38     4.96
  SINCE JAN 1     12.17                     13.39  -1.22    11.36

SNOWFALL (IN)
  YESTERDAY        0.0           0.0  2002   0.0    0.0      0.0
                                      2001
  MONTH TO DATE    0.0                       0.0    0.0      0.0
  SINCE MAR 1      0.0                       T      0.0      0.0
  SINCE JUL 1      0.0                       T      0.0       T
  SNOW DEPTH       0

DEGREE DAYS
 HEATING
  YESTERDAY        1                         0      1        0
  MONTH TO DATE    1                         3     -2        2
  SINCE MAR 1     96                       214   -118       89
  SINCE JUL 1    944                      1347   -403     1337

 COOLING
  YESTERDAY        0                         7     -7        5
  MONTH TO DATE   50                        32     18        9
  SINCE MAR 1    302                       199    103      332
  SINCE JAN 1    326                       228     98      345
..................................................................


WIND (MPH)
  HIGHEST WIND SPEED    25   HIGHEST WIND DIRECTION     W (290)
  HIGHEST GUST SPEED    39   HIGHEST GUST DIRECTION     W (260)
  AVERAGE WIND SPEED    12.0


SKY COVER
  POSSIBLE SUNSHINE  MM
  AVERAGE SKY COVER 0.1


WEATHER CONDITIONS
 THE FOLLOWING WEATHER WAS RECORDED YESTERDAY.
  NO SIGNIFICANT WEATHER WAS OBSERVED.


RELATIVE HUMIDITY (PERCENT)
 HIGHEST    83           300 AM
 LOWEST     21           400 PM
 AVERAGE    52

..........................................................


THE JACKSONVILLE CLIMATE NORMALS FOR TODAY
                         NORMAL    RECORD    YEAR
 MAXIMUM TEMPERATURE (F)   84        96      2012
 MINIMUM TEMPERATURE (F)   60        45      1973


SUNRISE AND SUNSET
MAY  6 2016...........SUNRISE   639 AM EDT   SUNSET   809 PM EDT
MAY  7 2016...........SUNRISE   638 AM EDT   SUNSET   809 PM EDT


-  INDICATES NEGATIVE NUMBERS.
R  INDICATES RECORD WAS SET OR TIED.
MM INDICATES DATA IS MISSING.
T  INDICATES TRACE AMOUNT.




$$
