000
CDUS42 KJAX 240536
CLIJAX


CLIMATE REPORT
NATIONAL WEATHER SERVICE JACKSONVILLE FL
1236 AM EST TUE JAN 24 2017


...................................

...THE JACKSONVILLE CLIMATE SUMMARY FOR JANUARY 23 2017...

CLIMATE NORMAL PERIOD 1981 TO 2010
CLIMATE RECORD PERIOD 1871 TO 2017


WEATHER ITEM   OBSERVED TIME   RECORD YEAR NORMAL DEPARTURE LAST
                VALUE   (LST)  VALUE       VALUE  FROM      YEAR
                                                  NORMAL
..................................................................
TEMPERATURE (F)
 YESTERDAY
  MAXIMUM         65    303 PM  82    2006  65      0       46
                                      1999
                                      1974
  MINIMUM         54   1024 PM  25    2011  42     12       29
                                      1960
  AVERAGE         60                        53      7       38

PRECIPITATION (IN)
  YESTERDAY        0.00          2.33 1904   0.11  -0.11      T
  MONTH TO DATE    3.83                      2.37   1.46     2.41
  SINCE DEC 1      6.12                      5.17   0.95     2.97
  SINCE JAN 1      3.83                      2.37   1.46     2.41

SNOWFALL (IN)
  YESTERDAY        0.0           0.0  2002   0.0    0.0      0.0
  MONTH TO DATE    0.0                       0.0    0.0      0.0
  SINCE DEC 1      0.0                       T      0.0      0.0
  SINCE JUL 1      0.0                       T      0.0      0.0
  SNOW DEPTH       0

DEGREE DAYS
 HEATING
  YESTERDAY        5                        12     -7       27
  MONTH TO DATE  108                       289   -181      326
  SINCE DEC 1    288                       612   -324      413
  SINCE JUL 1    418                       785   -367      467

 COOLING
  YESTERDAY        0                         0      0        0
  MONTH TO DATE   35                         0     35        0
  SINCE DEC 1     78                        21     57      141
  SINCE JAN 1     35                         0     35        0
..................................................................


WIND (MPH)
  HIGHEST WIND SPEED    32   HIGHEST WIND DIRECTION     W (280)
  HIGHEST GUST SPEED    43   HIGHEST GUST DIRECTION     W (290)
  AVERAGE WIND SPEED    16.2


SKY COVER
  POSSIBLE SUNSHINE  MM
  AVERAGE SKY COVER 0.6


WEATHER CONDITIONS
 THE FOLLOWING WEATHER WAS RECORDED YESTERDAY.
  NO SIGNIFICANT WEATHER WAS OBSERVED.


RELATIVE HUMIDITY (PERCENT)
 HIGHEST    86           300 AM
 LOWEST     62           900 AM
 AVERAGE    74

..........................................................


THE JACKSONVILLE CLIMATE NORMALS FOR TODAY
                         NORMAL    RECORD    YEAR
 MAXIMUM TEMPERATURE (F)   65        83      1937
 MINIMUM TEMPERATURE (F)   42        19      2003


SUNRISE AND SUNSET
JANUARY 24 2017.......SUNRISE   722 AM EST   SUNSET   556 PM EST
JANUARY 25 2017.......SUNRISE   721 AM EST   SUNSET   557 PM EST


-  INDICATES NEGATIVE NUMBERS.
R  INDICATES RECORD WAS SET OR TIED.
MM INDICATES DATA IS MISSING.
T  INDICATES TRACE AMOUNT.




$$
