000
CDUS44 KMEG 020732
CLIJBR


CLIMATE REPORT
NATIONAL WEATHER SERVICE MEMPHIS TN
132 AM CST MON MAR 2 2015


...................................

...THE JONESBORO CLIMATE SUMMARY FOR MARCH 1 2015...

CLIMATE NORMAL PERIOD 1981 TO 2010
CLIMATE RECORD PERIOD 1897 TO 2015


WEATHER ITEM   OBSERVED TIME   RECORD YEAR NORMAL DEPARTURE LAST
                VALUE   (LST)  VALUE       VALUE  FROM      YEAR
                                                  NORMAL
..................................................................
TEMPERATURE (F)
 YESTERDAY
  MAXIMUM         37   1142 PM  83    1932  55    -18       55
  MINIMUM         30   1226 AM   9    1980  36     -6       42
  AVERAGE         34                        45    -11       49

PRECIPITATION (IN)
  YESTERDAY        0.06          1.26 1991   0.14  -0.08     0.00
  MONTH TO DATE    0.06                      0.14  -0.08     0.00
  SINCE MAR 1      0.06                      0.14  -0.08     0.00
  SINCE JAN 1      4.89                      7.29  -2.40     4.71

SNOWFALL (IN)
  YESTERDAY        0.0           1.5  1922   0.0    0.0      0.0
  MONTH TO DATE    0.0                       0.0    0.0      0.0
  SINCE MAR 1      0.0                       0.0    0.0      0.0
  SINCE JUL 1      1.8                       4.1   -2.3      2.0
  SNOW DEPTH       0

DEGREE DAYS
 HEATING
  YESTERDAY       31                        20     11       16
  MONTH TO DATE   31                        20     11       16
  SINCE MAR 1     31                        20     11       16
  SINCE JUL 1   3279                      2976    303     3281

 COOLING
  YESTERDAY        0                         0      0        0
  MONTH TO DATE    0                         0      0        0
  SINCE MAR 1      0                         0      0        0
  SINCE JAN 1      0                         0      0        0
..................................................................


WIND (MPH)
  HIGHEST WIND SPEED    13   HIGHEST WIND DIRECTION    NE (30)
  HIGHEST GUST SPEED    18   HIGHEST GUST DIRECTION     N (20)
  AVERAGE WIND SPEED     4.6


SKY COVER
  POSSIBLE SUNSHINE  MM
  AVERAGE SKY COVER 1.0


WEATHER CONDITIONS
 THE FOLLOWING WEATHER WAS RECORDED YESTERDAY.
  LIGHT RAIN
  FOG


RELATIVE HUMIDITY (PERCENT)
 HIGHEST   100           800 PM
 LOWEST     72           200 AM
 AVERAGE    86

..........................................................


THE JONESBORO CLIMATE NORMALS FOR TODAY
                         NORMAL    RECORD    YEAR
 MAXIMUM TEMPERATURE (F)   56        84      1904
 MINIMUM TEMPERATURE (F)   36        11      1980


SUNRISE AND SUNSET
MARCH  2 2015.........SUNRISE   632 AM CST   SUNSET   558 PM CST
MARCH  3 2015.........SUNRISE   630 AM CST   SUNSET   559 PM CST


-  INDICATES NEGATIVE NUMBERS.
R  INDICATES RECORD WAS SET OR TIED.
MM INDICATES DATA IS MISSING.
T  INDICATES TRACE AMOUNT.




$$
