000
CDUS44 KMEG 122245
CLIJBR


CLIMATE REPORT
NATIONAL WEATHER SERVICE MEMPHIS TN
445 PM CST TUE DEC 12 2017


...................................

...THE JONESBORO CLIMATE SUMMARY FOR DECEMBER 12 2017...
VALID TODAY AS OF 0400 PM LOCAL TIME.

CLIMATE NORMAL PERIOD 1981 TO 2010
CLIMATE RECORD PERIOD 1897 TO 2017


WEATHER ITEM   OBSERVED TIME   RECORD YEAR NORMAL DEPARTURE LAST
                VALUE   (LST)  VALUE       VALUE  FROM      YEAR
                                                  NORMAL
..................................................................
TEMPERATURE (F)
 TODAY
  MAXIMUM         51   1223 AM  72    1948  48      3       52
  MINIMUM         40   1008 AM   3    1962  31      9       41
  AVERAGE         46                        40      6       47

PRECIPITATION (IN)
  TODAY            0.00          1.89 1999   0.15  -0.15      T
  MONTH TO DATE    0.23                      2.13  -1.90     1.07
  SINCE DEC 1      0.23                      2.13  -1.90     1.07
  SINCE JAN 1     42.28                     45.46  -3.18    49.17

DEGREE DAYS
 HEATING
  TODAY           19                        25     -6       18
  MONTH TO DATE  233                       284    -51      293
  SINCE DEC 1    233                       284    -51      293
  SINCE JUL 1    777                       934   -157      642

 COOLING
  TODAY            0                         0      0        0
  MONTH TO DATE    0                         0      0        0
  SINCE DEC 1      0                         0      0        0
  SINCE JAN 1   1958                      1827    131     2285
..................................................................


WIND (MPH)
  HIGHEST WIND SPEED    20   HIGHEST WIND DIRECTION    NW (320)
  HIGHEST GUST SPEED    27   HIGHEST GUST DIRECTION    NW (310)
  AVERAGE WIND SPEED    11.6


SKY COVER
  POSSIBLE SUNSHINE  MM
  AVERAGE SKY COVER 0.1


WEATHER CONDITIONS
 THE FOLLOWING WEATHER WAS RECORDED TODAY.
  NO SIGNIFICANT WEATHER WAS OBSERVED.


RELATIVE HUMIDITY (PERCENT)
 HIGHEST    60           300 AM
 LOWEST     28           400 PM
 AVERAGE    44

..........................................................


THE JONESBORO CLIMATE NORMALS FOR TOMORROW
                         NORMAL    RECORD    YEAR
 MAXIMUM TEMPERATURE (F)   48        74      1927
 MINIMUM TEMPERATURE (F)   31         2      1917


SUNRISE AND SUNSET
DECEMBER 12 2017......SUNRISE   703 AM CST   SUNSET   449 PM CST
DECEMBER 13 2017......SUNRISE   704 AM CST   SUNSET   450 PM CST


-  INDICATES NEGATIVE NUMBERS.
R  INDICATES RECORD WAS SET OR TIED.
MM INDICATES DATA IS MISSING.
T  INDICATES TRACE AMOUNT.




$$
