000
CDUS44 KMEG 312152
CLIJBR


CLIMATE REPORT
NATIONAL WEATHER SERVICE MEMPHIS TN
452 PM CDT FRI OCT 31 2014


...................................

...THE JONESBORO CLIMATE SUMMARY FOR OCTOBER 31 2014...
VALID TODAY AS OF 0400 PM LOCAL TIME.

CLIMATE NORMAL PERIOD 1981 TO 2010
CLIMATE RECORD PERIOD 1897 TO 2014


WEATHER ITEM   OBSERVED TIME   RECORD YEAR NORMAL DEPARTURE LAST
                VALUE   (LST)  VALUE       VALUE  FROM      YEAR
                                                  NORMAL
..................................................................
TEMPERATURE (F)
 TODAY
  MAXIMUM         59    127 PM  86    1900  67     -8       72
  MINIMUM         48    647 AM  22    1917  46      2       54
  AVERAGE         54                        56     -2       63

PRECIPITATION (IN)
  TODAY            0.00          2.60 1996   0.11  -0.11     1.13
  MONTH TO DATE    3.95                      4.26  -0.31     4.86
  SINCE SEP 1      5.79                      7.32  -1.53     6.14
  SINCE JAN 1     39.47                     38.43   1.04    43.59

SNOWFALL (IN)
  TODAY            0.0

DEGREE DAYS
 HEATING
  TODAY           11                         9      2        2
  MONTH TO DATE  126                       170    -44      169
  SINCE SEP 1    135                       187    -52      169
  SINCE JUL 1    135                       187    -52      169

 COOLING
  TODAY            0                         1     -1        0
  MONTH TO DATE   78                        53     25       71
  SINCE SEP 1    338                       278     60      439
  SINCE JAN 1   1798                      1824    -26     2039
..................................................................


WIND (MPH)
  HIGHEST WIND SPEED    23   HIGHEST WIND DIRECTION     N (10)
  HIGHEST GUST SPEED    32   HIGHEST GUST DIRECTION     N (360)
  AVERAGE WIND SPEED    10.3


SKY COVER
  POSSIBLE SUNSHINE  MM
  AVERAGE SKY COVER 0.2


WEATHER CONDITIONS
 THE FOLLOWING WEATHER WAS RECORDED TODAY.
  NO SIGNIFICANT WEATHER WAS OBSERVED.


RELATIVE HUMIDITY (PERCENT)
 HIGHEST   100          1200 AM
 LOWEST     30           200 PM
 AVERAGE    65

..........................................................


THE JONESBORO CLIMATE NORMALS FOR TOMORROW
                         NORMAL    RECORD    YEAR
 MAXIMUM TEMPERATURE (F)   67        84      1987
 MINIMUM TEMPERATURE (F)   45        23      1993


SUNRISE AND SUNSET
OCTOBER 31 2014.......SUNRISE   724 AM CDT   SUNSET   608 PM CDT
NOVEMBER  1 2014......SUNRISE   725 AM CDT   SUNSET   607 PM CDT


-  INDICATES NEGATIVE NUMBERS.
R  INDICATES RECORD WAS SET OR TIED.
MM INDICATES DATA IS MISSING.
T  INDICATES TRACE AMOUNT.




$$
