000
CDUS44 KMEG 212204
CLIJBR


CLIMATE REPORT
NATIONAL WEATHER SERVICE MEMPHIS TN
504 PM CDT MON AUG 21 2017


...................................

...THE JONESBORO CLIMATE SUMMARY FOR AUGUST 21 2017...
VALID TODAY AS OF 0500 PM LOCAL TIME.

CLIMATE NORMAL PERIOD 1981 TO 2010
CLIMATE RECORD PERIOD 1897 TO 2017


WEATHER ITEM   OBSERVED TIME   RECORD YEAR NORMAL DEPARTURE LAST
                VALUE   (LST)  VALUE       VALUE  FROM      YEAR
                                                  NORMAL
..................................................................
TEMPERATURE (F)
 TODAY
  MAXIMUM         92    240 PM 108    1900  90      2       82
  MINIMUM         73    550 AM  47    1897  70      3       64
  AVERAGE         83                        80      3       73

PRECIPITATION (IN)
  TODAY            0.00          2.83 1960   0.08  -0.08     0.01
  MONTH TO DATE    3.08                      1.73   1.35     4.97
  SINCE JUN 1      9.22                      9.02   0.20     8.36
  SINCE JAN 1     36.41                     30.30   6.11    40.79

DEGREE DAYS
 HEATING
  TODAY            0                         0      0        0
  MONTH TO DATE    0                         0      0        0
  SINCE JUN 1      0                         1     -1        0
  SINCE JUL 1      0                         0      0        0

 COOLING
  TODAY           18                        15      3        8
  MONTH TO DATE  261                       326    -65      336
  SINCE JUN 1   1191                      1200     -9     1389
  SINCE JAN 1   1425                      1413     12     1588
..................................................................


WIND (MPH)
  HIGHEST WIND SPEED    13   HIGHEST WIND DIRECTION    SW (230)
  HIGHEST GUST SPEED    17   HIGHEST GUST DIRECTION    SW (240)
  AVERAGE WIND SPEED     2.0


SKY COVER
  POSSIBLE SUNSHINE  MM
  AVERAGE SKY COVER 0.1


WEATHER CONDITIONS
 THE FOLLOWING WEATHER WAS RECORDED TODAY.
  THUNDERSTORM
  FOG


RELATIVE HUMIDITY (PERCENT)
 HIGHEST   100          1200 AM
 LOWEST     60           300 PM
 AVERAGE    80

..........................................................


THE JONESBORO CLIMATE NORMALS FOR TOMORROW
                         NORMAL    RECORD    YEAR
 MAXIMUM TEMPERATURE (F)   90       101      1980
                                             1921
 MINIMUM TEMPERATURE (F)   69        53      1940


SUNRISE AND SUNSET
AUGUST 21 2017........SUNRISE   626 AM CDT   SUNSET   744 PM CDT
AUGUST 22 2017........SUNRISE   627 AM CDT   SUNSET   743 PM CDT


-  INDICATES NEGATIVE NUMBERS.
R  INDICATES RECORD WAS SET OR TIED.
MM INDICATES DATA IS MISSING.
T  INDICATES TRACE AMOUNT.




$$
