000
CDUS44 KMEG 250741
CLIJBR


CLIMATE REPORT
NATIONAL WEATHER SERVICE MEMPHIS TN
141 AM CST SUN FEB 25 2018


...................................

...THE JONESBORO CLIMATE SUMMARY FOR FEBRUARY 24 2018...

CLIMATE NORMAL PERIOD 1981 TO 2010
CLIMATE RECORD PERIOD 1897 TO 2018


WEATHER ITEM   OBSERVED TIME   RECORD YEAR NORMAL DEPARTURE LAST
                VALUE   (LST)  VALUE       VALUE  FROM      YEAR
                                                  NORMAL
..................................................................
TEMPERATURE (F)
 YESTERDAY
  MAXIMUM         70    448 PM  79    1918  54     16       67
  MINIMUM         53    257 AM  14    1914  34     19       44
  AVERAGE         62                        44     18       56

PRECIPITATION (IN)
  YESTERDAY        1.16          2.05 2011   0.14   1.02     0.00
  MONTH TO DATE   11.93                      3.20   8.73     1.31
  SINCE DEC 1     19.56                     11.40   8.16     9.47
  SINCE JAN 1     14.44                      6.63   7.81     5.01

DEGREE DAYS
 HEATING
  YESTERDAY        3                        21    -18        9
  MONTH TO DATE  498                       577    -79      338
  SINCE DEC 1   2183                      2223    -40     1725
  SINCE JUL 1   2727                      2873   -146     2074

 COOLING
  YESTERDAY        0                         0      0        0
  MONTH TO DATE    5                         0      5        3
  SINCE DEC 1      5                         0      5        3
  SINCE JAN 1      5                         0      5        3
..................................................................


WIND (MPH)
  HIGHEST WIND SPEED    35   HIGHEST WIND DIRECTION     W (250)
  HIGHEST GUST SPEED    49   HIGHEST GUST DIRECTION     W (250)
  AVERAGE WIND SPEED    11.9


SKY COVER
  POSSIBLE SUNSHINE  MM
  AVERAGE SKY COVER 0.9


WEATHER CONDITIONS
 THE FOLLOWING WEATHER WAS RECORDED YESTERDAY.
  THUNDERSTORM
  HEAVY RAIN
  RAIN
  LIGHT RAIN
  FOG


RELATIVE HUMIDITY (PERCENT)
 HIGHEST   100          1200 AM
 LOWEST     90           400 PM
 AVERAGE    95

..........................................................


THE JONESBORO CLIMATE NORMALS FOR TODAY
                         NORMAL    RECORD    YEAR
 MAXIMUM TEMPERATURE (F)   54        82      1918
 MINIMUM TEMPERATURE (F)   34        10      1965


SUNRISE AND SUNSET
FEBRUARY 25 2018......SUNRISE   638 AM CST   SUNSET   554 PM CST
FEBRUARY 26 2018......SUNRISE   636 AM CST   SUNSET   555 PM CST


-  INDICATES NEGATIVE NUMBERS.
R  INDICATES RECORD WAS SET OR TIED.
MM INDICATES DATA IS MISSING.
T  INDICATES TRACE AMOUNT.




$$
