000
CDUS45 KGGW 301233
CLIJDN


CLIMATE REPORT
NATIONAL WEATHER SERVICE GLASGOW MT
633 AM MDT TUE MAY 30 2017


...................................

...THE JORDAN  ASOS MT CLIMATE SUMMARY FOR MAY 30 2017...
VALID AS OF 0600 AM LOCAL TIME.

CLIMATE NORMAL PERIOD 1981 TO 2010
CLIMATE RECORD PERIOD 9999 TO 9999


WEATHER ITEM   OBSERVED TIME   RECORD YEAR NORMAL DEPARTURE LAST
                VALUE   (LST)  VALUE       VALUE  FROM      YEAR
                                                  NORMAL
..................................................................
TEMPERATURE (F)
 TODAY
  MAXIMUM         40   1200 AM  MM      MM  71    -31       68
  MINIMUM         35    500 AM  MM      MM  44     -9       46
  AVERAGE         38                        57    -19       57

PRECIPITATION (IN)
  TODAY            0.00         MM      MM   0.13  -0.13     0.06
  MONTH TO DATE    0.29                      2.15  -1.86     1.83
  SINCE OCT 1      5.72                      5.77  -0.05     9.73
  SINCE JAN 1      2.51                      4.23  -1.72     6.04

SNOWFALL (IN)
  TODAY            0.0          MM      MM  MM     MM       MM
  MONTH TO DATE    0.0                      MM     MM        0.0
  SINCE MAR 1      0.0                      MM     MM        0.0
  SINCE JUL 1      0.0                      MM     MM        0.0
  SNOW DEPTH      MM

DEGREE DAYS
 HEATING
  TODAY           27                         8     19        8
  MONTH TO DATE  327                       378    -51      321
  SINCE MAR 1   1772                      1994   -222     1677
  SINCE JUL 1   7518                      8112   -594     7026

 COOLING
  TODAY            0                         0      0        0
  MONTH TO DATE   12                         0     12        3
  SINCE MAR 1     12                         0     12        3
  SINCE JAN 1     12                         0     12        3
..................................................................


WIND (MPH)
  HIGHEST WIND SPEED     6   HIGHEST WIND DIRECTION     W (270)
  HIGHEST GUST SPEED    MM   HIGHEST GUST DIRECTION    MM
  AVERAGE WIND SPEED     4.2


SKY COVER
  POSSIBLE SUNSHINE  MM
  AVERAGE SKY COVER 0.0


WEATHER CONDITIONS
 THE FOLLOWING WEATHER WAS RECORDED TODAY.
  NO SIGNIFICANT WEATHER WAS OBSERVED.


RELATIVE HUMIDITY (PERCENT)
 HIGHEST    70           300 AM
 LOWEST     64          1200 AM
 AVERAGE    67

..........................................................


THE JORDAN  ASOS MT CLIMATE NORMALS FOR TOMORROW
                         NORMAL    RECORD    YEAR
 MAXIMUM TEMPERATURE (F)   71        MM        MM
 MINIMUM TEMPERATURE (F)   44        MM        MM


SUNRISE AND SUNSET
MAY 30 2017...........SUNRISE   516 AM MDT   SUNSET   854 PM MDT
MAY 31 2017...........SUNRISE   515 AM MDT   SUNSET   855 PM MDT


-  INDICATES NEGATIVE NUMBERS.
R  INDICATES RECORD WAS SET OR TIED.
MM INDICATES DATA IS MISSING.
T  INDICATES TRACE AMOUNT.




$$
