882
CDUS45 KGGW 300017
CLIJDN


CLIMATE REPORT
NATIONAL WEATHER SERVICE GLASGOW MT
615 PM MDT WED MAR 29 2017


...................................

...THE JORDAN  ASOS MT CLIMATE SUMMARY FOR MARCH 29 2017...
VALID TODAY AS OF 0500 PM LOCAL TIME.

CLIMATE NORMAL PERIOD 1981 TO 2010
CLIMATE RECORD PERIOD 9999 TO 9999


WEATHER ITEM   OBSERVED TIME   RECORD YEAR NORMAL DEPARTURE LAST
                VALUE   (LST)  VALUE       VALUE  FROM      YEAR
                                                  NORMAL
..................................................................
TEMPERATURE (F)
 TODAY
  MAXIMUM         60        MM  MM      MM  51      9       44
  MINIMUM         30        MM  MM      MM  26      4       30
  AVERAGE         45                        38      7       37

PRECIPITATION (IN)
  TODAY            0.00         MM      MM   0.02  -0.02     0.23
  MONTH TO DATE    0.57                      0.48   0.09     0.48
  SINCE OCT 1      4.92                      2.50   2.42     5.43
  SINCE JAN 1      1.71                      0.96   0.75     1.74

SNOWFALL (IN)
  TODAY            0.0          MM      MM  MM     MM       MM
  MONTH TO DATE    0.0                      MM     MM        0.0
  SINCE MAR 1      0.0                      MM     MM        0.0
  SINCE JUL 1      0.0                      MM     MM        0.0
  SNOW DEPTH       0

DEGREE DAYS
 HEATING
  TODAY           20                        27     -7       28
  MONTH TO DATE  835                       932    -97      734
  SINCE MAR 1    835                       932    -97      734
  SINCE JUL 1   6581                      7050   -469     6083

 COOLING
  TODAY            0                         0      0        0
  MONTH TO DATE    0                         0      0        0
  SINCE MAR 1      0                         0      0        0
  SINCE JAN 1      0                         0      0        0
..................................................................


WIND (MPH)
  HIGHEST WIND SPEED    17   HIGHEST WIND DIRECTION    SW (240)
  HIGHEST GUST SPEED    23   HIGHEST GUST DIRECTION     W (280)
  AVERAGE WIND SPEED     7.5


SKY COVER
  POSSIBLE SUNSHINE  MM
  AVERAGE SKY COVER 0.0


WEATHER CONDITIONS
 THE FOLLOWING WEATHER WAS RECORDED TODAY.
  NO SIGNIFICANT WEATHER WAS OBSERVED.


RELATIVE HUMIDITY (PERCENT)
 HIGHEST    92           600 AM
 LOWEST     30           100 PM
 AVERAGE    61

..........................................................


THE JORDAN  ASOS MT CLIMATE NORMALS FOR TOMORROW
                         NORMAL    RECORD    YEAR
 MAXIMUM TEMPERATURE (F)   51        MM        MM
 MINIMUM TEMPERATURE (F)   26        MM        MM


SUNRISE AND SUNSET
MARCH 29 2017.........SUNRISE   652 AM MDT   SUNSET   733 PM MDT
MARCH 30 2017.........SUNRISE   650 AM MDT   SUNSET   735 PM MDT


-  INDICATES NEGATIVE NUMBERS.
R  INDICATES RECORD WAS SET OR TIED.
MM INDICATES DATA IS MISSING.
T  INDICATES TRACE AMOUNT.




$$
