000
CDUS45 KGGW 221235
CLIJDN


CLIMATE REPORT
NATIONAL WEATHER SERVICE GLASGOW MT
632 AM MDT FRI SEP 22 2017


...................................

...THE JORDAN  ASOS MT CLIMATE SUMMARY FOR SEPTEMBER 22 2017...
VALID AS OF 0600 AM LOCAL TIME.

CLIMATE NORMAL PERIOD 1981 TO 2010
CLIMATE RECORD PERIOD 9999 TO 9999


WEATHER ITEM   OBSERVED TIME   RECORD YEAR NORMAL DEPARTURE LAST
                VALUE   (LST)  VALUE       VALUE  FROM      YEAR
                                                  NORMAL
..................................................................
TEMPERATURE (F)
 TODAY
  MAXIMUM         47   1200 AM  MM      MM  70    -23       53
  MINIMUM         43    500 AM  MM      MM  39      4       50
  AVERAGE         45                        54     -9       52

PRECIPITATION (IN)
  TODAY            0.05         MM      MM   0.04   0.01     0.34
  MONTH TO DATE    1.43                      0.87   0.56     1.32
  SINCE OCT 1      8.34                     12.33  -3.99    14.77
  SINCE JAN 1      5.13                     10.79  -5.66    11.08

SNOWFALL (IN)
  TODAY           MM            MM      MM  MM     MM        0.0
  MONTH TO DATE    0.0                      MM     MM        0.0
  SINCE SEP 1      0.0                      MM     MM        0.0
  SINCE JUL 1      0.0                      MM     MM        0.0
  SNOW DEPTH      MM

DEGREE DAYS
 HEATING
  TODAY           20                        11      9       13
  MONTH TO DATE  156                       158     -2      169
  SINCE SEP 1    156                       158     -2      169
  SINCE JUL 1    174                       223    -49      215

 COOLING
  TODAY            0                         0      0        0
  MONTH TO DATE   39                        24     15       31
  SINCE SEP 1     39                        24     15       31
  SINCE JAN 1    641                       417    224      470
..................................................................


WIND (MPH)
  HIGHEST WIND SPEED    13   HIGHEST WIND DIRECTION    NW (320)
  HIGHEST GUST SPEED    MM   HIGHEST GUST DIRECTION    MM
  AVERAGE WIND SPEED     9.6


SKY COVER
  POSSIBLE SUNSHINE  MM
  AVERAGE SKY COVER 0.0


WEATHER CONDITIONS
 THE FOLLOWING WEATHER WAS RECORDED TODAY.
  NO SIGNIFICANT WEATHER WAS OBSERVED.


RELATIVE HUMIDITY (PERCENT)
 HIGHEST    89           200 AM
 LOWEST     71          1200 AM
 AVERAGE    80

..........................................................


THE JORDAN  ASOS MT CLIMATE NORMALS FOR TOMORROW
                         NORMAL    RECORD    YEAR
 MAXIMUM TEMPERATURE (F)   69        MM        MM
 MINIMUM TEMPERATURE (F)   38        MM        MM


SUNRISE AND SUNSET
SEPTEMBER 22 2017.....SUNRISE   655 AM MDT   SUNSET   704 PM MDT
SEPTEMBER 23 2017.....SUNRISE   656 AM MDT   SUNSET   702 PM MDT


-  INDICATES NEGATIVE NUMBERS.
R  INDICATES RECORD WAS SET OR TIED.
MM INDICATES DATA IS MISSING.
T  INDICATES TRACE AMOUNT.




$$
