000
CDUS45 KGGW 221333
CLIJDN


CLIMATE REPORT
NATIONAL WEATHER SERVICE GLASGOW MT
632 AM MST WED NOV 22 2017


...................................

...THE JORDAN  ASOS MT CLIMATE SUMMARY FOR NOVEMBER 22 2017...
VALID AS OF 0600 AM LOCAL TIME.

CLIMATE NORMAL PERIOD 1981 TO 2010
CLIMATE RECORD PERIOD 9999 TO 9999


WEATHER ITEM   OBSERVED TIME   RECORD YEAR NORMAL DEPARTURE LAST
                VALUE   (LST)  VALUE       VALUE  FROM      YEAR
                                                  NORMAL
..................................................................
TEMPERATURE (F)
 TODAY
  MAXIMUM         43    600 AM  MM      MM  40      3       51
  MINIMUM         32    200 AM  MM      MM  14     18       17
  AVERAGE         38                        27     11       34

PRECIPITATION (IN)
  TODAY            0.00         MM      MM   0.00   0.00     0.00
  MONTH TO DATE    0.27                      0.30  -0.03     0.00
  SINCE OCT 1      0.99                      1.19  -0.20     2.89
  SINCE JAN 1      6.23                     12.32  -6.09    14.61

SNOWFALL (IN)
  TODAY            0.0          MM      MM  MM     MM        0.0
  MONTH TO DATE    0.0                      MM     MM        0.0
  SINCE SEP 1      0.0                      MM     MM        0.0
  SINCE JUL 1      0.0                      MM     MM        0.0
  SNOW DEPTH      MM

DEGREE DAYS
 HEATING
  TODAY           27                        38    -11       31
  MONTH TO DATE  841                       726    115      467
  SINCE SEP 1   1723                      1634     89     1244
  SINCE JUL 1   1741                      1699     42     1290

 COOLING
  TODAY            0                         0      0        0
  MONTH TO DATE    0                         0      0        0
  SINCE SEP 1     39                        28     11       34
  SINCE JAN 1    641                       421    220      473
..................................................................


WIND (MPH)
  HIGHEST WIND SPEED    13   HIGHEST WIND DIRECTION     W (260)
  HIGHEST GUST SPEED    MM   HIGHEST GUST DIRECTION    MM
  AVERAGE WIND SPEED     5.8


SKY COVER
  POSSIBLE SUNSHINE  MM
  AVERAGE SKY COVER 0.0


WEATHER CONDITIONS
 THE FOLLOWING WEATHER WAS RECORDED TODAY.
  NO SIGNIFICANT WEATHER WAS OBSERVED.


RELATIVE HUMIDITY (PERCENT)
 HIGHEST    85           200 AM
 LOWEST     76           500 AM
 AVERAGE    81

..........................................................


THE JORDAN  ASOS MT CLIMATE NORMALS FOR TOMORROW
                         NORMAL    RECORD    YEAR
 MAXIMUM TEMPERATURE (F)   40        MM        MM
 MINIMUM TEMPERATURE (F)   13        MM        MM


SUNRISE AND SUNSET
NOVEMBER 22 2017......SUNRISE   722 AM MST   SUNSET   425 PM MST
NOVEMBER 23 2017......SUNRISE   724 AM MST   SUNSET   424 PM MST


-  INDICATES NEGATIVE NUMBERS.
R  INDICATES RECORD WAS SET OR TIED.
MM INDICATES DATA IS MISSING.
T  INDICATES TRACE AMOUNT.




$$
