000
CDUS45 KGGW 301231
CLIJDN


CLIMATE REPORT
NATIONAL WEATHER SERVICE GLASGOW MT
631 AM MDT TUE AUG 30 2016


...................................

...THE JORDAN  ASOS MT CLIMATE SUMMARY FOR AUGUST 30 2016...
VALID AS OF 0600 AM LOCAL TIME.

CLIMATE NORMAL PERIOD 1981 TO 2010
CLIMATE RECORD PERIOD 9999 TO 9999


WEATHER ITEM   OBSERVED TIME   RECORD YEAR NORMAL DEPARTURE LAST
                VALUE   (LST)  VALUE       VALUE  FROM      YEAR
                                                  NORMAL
..................................................................
TEMPERATURE (F)
 TODAY
  MAXIMUM         67    200 AM  MM      MM  81    -14       88
  MINIMUM         58    500 AM  MM      MM  48     10       60
  AVERAGE         63                        65     -2       74

PRECIPITATION (IN)
  TODAY            0.00         MM      MM   0.02  -0.02     0.00
  MONTH TO DATE    0.49                      1.15  -0.66     1.60
  SINCE OCT 1     13.45                     11.42   2.03    11.75
  SINCE JAN 1      9.76                      9.88  -0.12    10.56

SNOWFALL (IN)
  TODAY            0.0          MM      MM  MM     MM        0.0
  MONTH TO DATE    0.0                      MM     MM        0.0
  SINCE JUN 1      0.0                      MM     MM        0.0
  SINCE JUL 1      0.0                      MM     MM        0.0
  SNOW DEPTH      MM

DEGREE DAYS
 HEATING
  TODAY            2                         3     -1        0
  MONTH TO DATE   35                        38     -3       51
  SINCE JUN 1     84                       188   -104       97
  SINCE JUL 1     48                        63    -15       53

 COOLING
  TODAY            0                         3     -3        9
  MONTH TO DATE  138                       160    -22      202
  SINCE JUN 1    415                       385     30      506
  SINCE JAN 1    418                       391     27      506
..................................................................


WIND (MPH)
  HIGHEST WIND SPEED    10   HIGHEST WIND DIRECTION     E (100)
  HIGHEST GUST SPEED    MM   HIGHEST GUST DIRECTION    MM
  AVERAGE WIND SPEED     7.1


SKY COVER
  POSSIBLE SUNSHINE  MM
  AVERAGE SKY COVER 0.0


WEATHER CONDITIONS
 THE FOLLOWING WEATHER WAS RECORDED TODAY.
  NO SIGNIFICANT WEATHER WAS OBSERVED.


RELATIVE HUMIDITY (PERCENT)
 HIGHEST    67           500 AM
 LOWEST     48           100 AM
 AVERAGE    58

..........................................................


THE JORDAN  ASOS MT CLIMATE NORMALS FOR TOMORROW
                         NORMAL    RECORD    YEAR
 MAXIMUM TEMPERATURE (F)   81        MM        MM
 MINIMUM TEMPERATURE (F)   48        MM        MM


SUNRISE AND SUNSET
AUGUST 30 2016........SUNRISE   624 AM MDT   SUNSET   750 PM MDT
AUGUST 31 2016........SUNRISE   626 AM MDT   SUNSET   748 PM MDT


-  INDICATES NEGATIVE NUMBERS.
R  INDICATES RECORD WAS SET OR TIED.
MM INDICATES DATA IS MISSING.
T  INDICATES TRACE AMOUNT.




$$
