000
CDUS45 KGGW 010018
CLIJDN


CLIMATE REPORT
NATIONAL WEATHER SERVICE GLASGOW MT
617 PM MDT TUE MAY 31 2016


...................................

...THE JORDAN  ASOS MT CLIMATE SUMMARY FOR MAY 31 2016...
VALID TODAY AS OF 0500 PM LOCAL TIME.

CLIMATE NORMAL PERIOD 1981 TO 2010
CLIMATE RECORD PERIOD 9999 TO 9999


WEATHER ITEM   OBSERVED TIME   RECORD YEAR NORMAL DEPARTURE LAST
                VALUE   (LST)  VALUE       VALUE  FROM      YEAR
                                                  NORMAL
..................................................................
TEMPERATURE (F)
 TODAY
  MAXIMUM         64        MM  MM      MM  71     -7       78
  MINIMUM         47    300 AM  MM      MM  44      3       48
  AVERAGE         56                        58     -2       63

PRECIPITATION (IN)
  TODAY            0.35         MM      MM   0.14   0.21     0.00
  MONTH TO DATE    2.18                      2.29  -0.11     1.40
  SINCE OCT 1     10.08                      5.91   4.17     4.75
  SINCE JAN 1      6.39                      4.37   2.02     3.56

SNOWFALL (IN)
  TODAY           MM            MM      MM  MM     MM        0.0
  MONTH TO DATE    0.0                      MM     MM        0.0
  SINCE MAR 1      0.0                      MM     MM        0.0
  SINCE JUL 1      0.0                      MM     MM        0.0
  SNOW DEPTH       0

DEGREE DAYS
 HEATING
  TODAY            9                         8      1        2
  MONTH TO DATE  330                       386    -56      389
  SINCE MAR 1   1686                      2003   -317     1705
  SINCE JUL 1   7035                      8121  -1086     7498

 COOLING
  TODAY            0                         0      0        0
  MONTH TO DATE    3                         6     -3        0
  SINCE MAR 1      3                         6     -3        0
  SINCE JAN 1      3                         6     -3        0
..................................................................


WIND (MPH)
  HIGHEST WIND SPEED    29   HIGHEST WIND DIRECTION    NW (300)
  HIGHEST GUST SPEED    39   HIGHEST GUST DIRECTION     N (340)
  AVERAGE WIND SPEED    20.9


SKY COVER
  POSSIBLE SUNSHINE  MM
  AVERAGE SKY COVER 0.0


WEATHER CONDITIONS
 THE FOLLOWING WEATHER WAS RECORDED TODAY.
  NO SIGNIFICANT WEATHER WAS OBSERVED.


RELATIVE HUMIDITY (PERCENT)
 HIGHEST   100           300 AM
 LOWEST     60           400 PM
 AVERAGE    80

..........................................................


THE JORDAN  ASOS MT CLIMATE NORMALS FOR TOMORROW
                         NORMAL    RECORD    YEAR
 MAXIMUM TEMPERATURE (F)   71        MM        MM
 MINIMUM TEMPERATURE (F)   44        MM        MM


SUNRISE AND SUNSET
MAY 31 2016...........SUNRISE   515 AM MDT   SUNSET   856 PM MDT
JUNE  1 2016..........SUNRISE   514 AM MDT   SUNSET   857 PM MDT


-  INDICATES NEGATIVE NUMBERS.
R  INDICATES RECORD WAS SET OR TIED.
MM INDICATES DATA IS MISSING.
T  INDICATES TRACE AMOUNT.




$$
