964
CDUS45 KGGW 290740
CLIJDN


CLIMATE REPORT
NATIONAL WEATHER SERVICE GLASGOW MT
140 AM MDT FRI JUL 29 2016


...................................

...THE JORDAN  ASOS MT CLIMATE SUMMARY FOR JULY 28 2016...

CLIMATE NORMAL PERIOD 1981 TO 2010
CLIMATE RECORD PERIOD 9999 TO 9999


WEATHER ITEM   OBSERVED TIME   RECORD YEAR NORMAL DEPARTURE LAST
                VALUE   (LST)  VALUE       VALUE  FROM      YEAR
                                                  NORMAL
..................................................................
TEMPERATURE (F)
 YESTERDAY
  MAXIMUM         81    340 PM  MM      MM  87     -6       74
  MINIMUM         57    222 AM  MM      MM  56      1       53
  AVERAGE         69                        72     -3       64

PRECIPITATION (IN)
  YESTERDAY        0.00         MM      MM   0.05  -0.05     0.05
  MONTH TO DATE    1.99                      1.75   0.24     1.33
  SINCE OCT 1     12.91                     10.15   2.76    10.15
  SINCE JAN 1      9.22                      8.61   0.61     8.96

SNOWFALL (IN)
  YESTERDAY        0.0          MM      MM  MM     MM        0.0
  MONTH TO DATE    0.0                      MM     MM        0.0
  SINCE JUN 1      0.0                      MM     MM        0.0
  SINCE JUL 1      0.0                      MM     MM        0.0
  SNOW DEPTH       0

DEGREE DAYS
 HEATING
  YESTERDAY        0                         0      0        1
  MONTH TO DATE   13                        27    -14        2
  SINCE JUN 1     49                       152   -103       46
  SINCE JUL 1     13                        27    -14        2

 COOLING
  YESTERDAY        4                         7     -3        0
  MONTH TO DATE  169                       157     12      176
  SINCE JUN 1    247                       205     42      291
  SINCE JAN 1    250                       211     39      291
..................................................................


WIND (MPH)
  HIGHEST WIND SPEED    15   HIGHEST WIND DIRECTION     E (80)
  HIGHEST GUST SPEED    18   HIGHEST GUST DIRECTION     E (70)
  AVERAGE WIND SPEED     4.9


SKY COVER
  POSSIBLE SUNSHINE  MM
  AVERAGE SKY COVER 0.0


WEATHER CONDITIONS
 THE FOLLOWING WEATHER WAS RECORDED YESTERDAY.
  NO SIGNIFICANT WEATHER WAS OBSERVED.


RELATIVE HUMIDITY (PERCENT)
 HIGHEST   100           200 AM
 LOWEST     36           500 PM
 AVERAGE    68

..........................................................


THE JORDAN  ASOS MT CLIMATE NORMALS FOR TODAY
                         NORMAL    RECORD    YEAR
 MAXIMUM TEMPERATURE (F)   87        MM        MM
 MINIMUM TEMPERATURE (F)   56        MM        MM


SUNRISE AND SUNSET
JULY 29 2016..........SUNRISE   543 AM MDT   SUNSET   844 PM MDT
JULY 30 2016..........SUNRISE   544 AM MDT   SUNSET   843 PM MDT


-  INDICATES NEGATIVE NUMBERS.
R  INDICATES RECORD WAS SET OR TIED.
MM INDICATES DATA IS MISSING.
T  INDICATES TRACE AMOUNT.




$$
