000
CDUS45 KBOI 230932
CLIJER


CLIMATE REPORT
NATIONAL WEATHER SERVICE BOISE ID
331 AM MDT WED AUG 23 2017


...................................

...THE JEROME ID CLIMATE SUMMARY FOR AUGUST 22 2017...

CLIMATE NORMAL PERIOD 1981 TO 2010
CLIMATE RECORD PERIOD 1915 TO 2017


WEATHER ITEM   OBSERVED TIME   RECORD YEAR NORMAL DEPARTURE LAST
                VALUE   (LST)  VALUE       VALUE  FROM      YEAR
                                                  NORMAL
..................................................................
TEMPERATURE (F)
 YESTERDAY
  MAXIMUM         89    429 PM 105    1969  85      4       84
  MINIMUM         52    419 AM  39    1918  53     -1       57
  AVERAGE         71                        69      2       71

PRECIPITATION (IN)
  YESTERDAY        0.00          0.44 2014   0.01  -0.01     0.00
  MONTH TO DATE    0.02                      0.17  -0.15      T
  SINCE OCT 1     11.32                     10.29   1.03     9.99
  SINCE JAN 1      6.80                      6.77   0.03     5.40

DEGREE DAYS
 HEATING
  YESTERDAY        0                         1     -1        0
  MONTH TO DATE    1                         4     -3        3
  SINCE JUN 1     65                       123    -58       60
  SINCE JUL 1      1                        16    -15       18

 COOLING
  YESTERDAY        6                         5      1        6
  MONTH TO DATE  185                       144     41      145
  SINCE JUN 1    698                       414    284      537
  SINCE JAN 1    714                       427    287      541
..................................................................


WIND (MPH)
  HIGHEST WIND SPEED    12   HIGHEST WIND DIRECTION    SE (150)
  HIGHEST GUST SPEED    14   HIGHEST GUST DIRECTION    SE (150)
  AVERAGE WIND SPEED     5.8


SKY COVER
  AVERAGE SKY COVER 0.0


WEATHER CONDITIONS
 THE FOLLOWING WEATHER WAS RECORDED YESTERDAY.
  NO SIGNIFICANT WEATHER WAS OBSERVED.


RELATIVE HUMIDITY (PERCENT)
 HIGHEST    66           400 AM
 LOWEST     16           200 PM
 AVERAGE    41

..........................................................


THE JEROME ID CLIMATE NORMALS FOR TODAY
                         NORMAL    RECORD    YEAR
 MAXIMUM TEMPERATURE (F)   85       103      1969
 MINIMUM TEMPERATURE (F)   53        35      1960


SUNRISE AND SUNSET
AUGUST 23 2017........SUNRISE   653 AM MDT   SUNSET   827 PM MDT
AUGUST 24 2017........SUNRISE   654 AM MDT   SUNSET   825 PM MDT


-  INDICATES NEGATIVE NUMBERS.
R  INDICATES RECORD WAS SET OR TIED.
MM INDICATES DATA IS MISSING.
T  INDICATES TRACE AMOUNT.




$$
