000
CDUS45 KBOI 250931
CLIJER


CLIMATE REPORT
NATIONAL WEATHER SERVICE BOISE ID
330 AM MDT THU AUG 25 2016


...................................

...THE JEROME ID CLIMATE SUMMARY FOR AUGUST 24 2016...

CLIMATE NORMAL PERIOD 1981 TO 2010
CLIMATE RECORD PERIOD 1915 TO 2016


WEATHER ITEM   OBSERVED TIME   RECORD YEAR NORMAL DEPARTURE LAST
                VALUE   (LST)  VALUE       VALUE  FROM      YEAR
                                                  NORMAL
..................................................................
TEMPERATURE (F)
 YESTERDAY
  MAXIMUM         78    502 PM 102    1969  85     -7       92
  MINIMUM         46    616 AM  37    1992  53     -7       60
  AVERAGE         62                        69     -7       76

PRECIPITATION (IN)
  YESTERDAY        0.00          0.07 1951   0.01  -0.01     0.00
  MONTH TO DATE    T                         0.19  -0.19     0.95
  SINCE OCT 1      9.99                     10.31  -0.32     9.62
  SINCE JAN 1      5.40                      6.79  -1.39     6.72

DEGREE DAYS
 HEATING
  YESTERDAY        3                         1      2        0
  MONTH TO DATE    6                         6      0        3
  SINCE JUN 1     63                       125    -62       30
  SINCE JUL 1     21                        18      3       15

 COOLING
  YESTERDAY        0                         5     -5       11
  MONTH TO DATE  145                       154     -9      163
  SINCE JUN 1    537                       424    113      578
  SINCE JAN 1    541                       437    104      588
..................................................................


WIND (MPH)
  HIGHEST WIND SPEED    14   HIGHEST WIND DIRECTION    SW (240)
  HIGHEST GUST SPEED    18   HIGHEST GUST DIRECTION     W (250)
  AVERAGE WIND SPEED     6.1


SKY COVER
  AVERAGE SKY COVER 0.0


WEATHER CONDITIONS
 THE FOLLOWING WEATHER WAS RECORDED YESTERDAY.
  LIGHT RAIN


RELATIVE HUMIDITY (PERCENT)
 HIGHEST    50           800 AM
 LOWEST     14           500 PM
 AVERAGE    32

..........................................................


THE JEROME ID CLIMATE NORMALS FOR TODAY
                         NORMAL    RECORD    YEAR
 MAXIMUM TEMPERATURE (F)   84       103      1926
 MINIMUM TEMPERATURE (F)   53        37      1960


SUNRISE AND SUNSET
AUGUST 25 2016........SUNRISE   656 AM MDT   SUNSET   823 PM MDT
AUGUST 26 2016........SUNRISE   657 AM MDT   SUNSET   821 PM MDT


-  INDICATES NEGATIVE NUMBERS.
R  INDICATES RECORD WAS SET OR TIED.
MM INDICATES DATA IS MISSING.
T  INDICATES TRACE AMOUNT.




$$
