000
CDUS45 KBOI 250934
CLIJER


CLIMATE REPORT
NATIONAL WEATHER SERVICE BOISE ID
234 AM MST SUN JAN 25 2015


...................................

...THE JEROME ID CLIMATE SUMMARY FOR JANUARY 24 2015...

CLIMATE NORMAL PERIOD 1981 TO 2010
CLIMATE RECORD PERIOD 1919 TO 2015


WEATHER ITEM   OBSERVED TIME   RECORD YEAR NORMAL DEPARTURE LAST
                VALUE   (LST)  VALUE       VALUE  FROM      YEAR
                                                  NORMAL
..................................................................
TEMPERATURE (F)
 YESTERDAY
  MAXIMUM         37    218 PM  53    2003  34      3       28
  MINIMUM         24    648 AM -10    1962  20      4       20
  AVERAGE         31                        27      4       24

PRECIPITATION (IN)
  YESTERDAY        0.00          0.39 1958   0.02  -0.02     0.00
  MONTH TO DATE    1.09                      0.90   0.19     0.26
  SINCE OCT 1      3.99                      4.42  -0.43     0.86
  SINCE JAN 1      1.09                      0.90   0.19     0.26

DEGREE DAYS
 HEATING
  YESTERDAY       34                        38     -4       41
  MONTH TO DATE  890                       930    -40      798
  SINCE DEC 1   1839                      2109   -270     2099
  SINCE JUL 1   3175                      3660   -485     3582

 COOLING
  YESTERDAY        0                         0      0        0
  MONTH TO DATE    0                         0      0        0
  SINCE DEC 1      0                         0      0        0
  SINCE JAN 1      0                         0      0        0
..................................................................


WIND (MPH)
  HIGHEST WIND SPEED    17   HIGHEST WIND DIRECTION     N (20)
  HIGHEST GUST SPEED    20   HIGHEST GUST DIRECTION     N (20)
  AVERAGE WIND SPEED     8.5


SKY COVER
  AVERAGE SKY COVER 0.7


WEATHER CONDITIONS
 THE FOLLOWING WEATHER WAS RECORDED YESTERDAY.
  FOG


RELATIVE HUMIDITY (PERCENT)
 HIGHEST   100          1200 AM
 LOWEST     82           200 PM
 AVERAGE    91

..........................................................


THE JEROME ID CLIMATE NORMALS FOR TODAY
                         NORMAL    RECORD    YEAR
 MAXIMUM TEMPERATURE (F)   34        61      1953
 MINIMUM TEMPERATURE (F)   20       -22      1949


SUNRISE AND SUNSET
JANUARY 25 2015.......SUNRISE   759 AM MST   SUNSET   542 PM MST
JANUARY 26 2015.......SUNRISE   758 AM MST   SUNSET   543 PM MST


-  INDICATES NEGATIVE NUMBERS.
R  INDICATES RECORD WAS SET OR TIED.
MM INDICATES DATA IS MISSING.
T  INDICATES TRACE AMOUNT.




$$
