000
CDUS45 KBOI 230935
CLIJER


CLIMATE REPORT
NATIONAL WEATHER SERVICE BOISE ID
335 AM MDT WED JUL 23 2014


...................................

...THE JEROME ID CLIMATE SUMMARY FOR JULY 22 2014...

CLIMATE NORMAL PERIOD 1981 TO 2010
CLIMATE RECORD PERIOD 1919 TO 2014


WEATHER ITEM   OBSERVED TIME   RECORD YEAR NORMAL DEPARTURE LAST
                VALUE   (LST)  VALUE       VALUE  FROM      YEAR
                                                  NORMAL
..................................................................
TEMPERATURE (F)
 YESTERDAY
  MAXIMUM         94    629 PM 105    1988  88      6       98
  MINIMUM         56    510 AM  37    1954  57     -1       57
  AVERAGE         75                        72      3       78

PRECIPITATION (IN)
  YESTERDAY        0.00          0.19 1987   0.01  -0.01     0.00
  MONTH TO DATE    T                         0.15  -0.15      T
  SINCE OCT 1      5.63                     10.04  -4.41     5.82
  SINCE JAN 1      5.03                      6.52  -1.49     2.52

DEGREE DAYS
 HEATING
  YESTERDAY        0                         0      0        0
  MONTH TO DATE    0                        10    -10        0
  SINCE JUN 1     74                       117    -43       78
  SINCE JUL 1      0                        10    -10        0

 COOLING
  YESTERDAY       10                         7      3       13
  MONTH TO DATE  291                       133    158      278
  SINCE JUN 1    336                       201    135      408
  SINCE JAN 1    346                       214    132      423
..................................................................


WIND (MPH)
  HIGHEST WIND SPEED    12   HIGHEST WIND DIRECTION     N (360)
  HIGHEST GUST SPEED    15   HIGHEST GUST DIRECTION     N (360)
  AVERAGE WIND SPEED     5.6


SKY COVER
  AVERAGE SKY COVER 0.0


WEATHER CONDITIONS
 THE FOLLOWING WEATHER WAS RECORDED YESTERDAY.
  NO SIGNIFICANT WEATHER WAS OBSERVED.


RELATIVE HUMIDITY (PERCENT)
 HIGHEST    86           400 AM
 LOWEST     18           700 PM
 AVERAGE    52

..........................................................


THE JEROME ID CLIMATE NORMALS FOR TODAY
                         NORMAL    RECORD    YEAR
 MAXIMUM TEMPERATURE (F)   88       107      2003
 MINIMUM TEMPERATURE (F)   57        41      1954


SUNRISE AND SUNSET
JULY 23 2014..........SUNRISE   620 AM MDT   SUNSET   908 PM MDT
JULY 24 2014..........SUNRISE   621 AM MDT   SUNSET   907 PM MDT


-  INDICATES NEGATIVE NUMBERS.
R  INDICATES RECORD WAS SET OR TIED.
MM INDICATES DATA IS MISSING.
T  INDICATES TRACE AMOUNT.




$$
