000
CDUS45 KBOI 050931
CLIJER


CLIMATE REPORT
NATIONAL WEATHER SERVICE BOISE ID
231 AM MST THU MAR 5 2015


...................................

...THE JEROME ID CLIMATE SUMMARY FOR MARCH 4 2015...

CLIMATE NORMAL PERIOD 1981 TO 2010
CLIMATE RECORD PERIOD 1919 TO 2015


WEATHER ITEM   OBSERVED TIME   RECORD YEAR NORMAL DEPARTURE LAST
                VALUE   (LST)  VALUE       VALUE  FROM      YEAR
                                                  NORMAL
..................................................................
TEMPERATURE (F)
 YESTERDAY
  MAXIMUM         40    359 PM  70    1987  46     -6       53
  MINIMUM         18    630 AM   8    1985  27     -9       38
  AVERAGE         29                        36     -7       46

PRECIPITATION (IN)
  YESTERDAY        0.00          0.53 1995   0.02  -0.02     0.05
  MONTH TO DATE    0.00                      0.10  -0.10     0.21
  SINCE OCT 1      4.41                      5.56  -1.15     3.15
  SINCE JAN 1      1.51                      2.04  -0.53     2.55

DEGREE DAYS
 HEATING
  YESTERDAY       36                        29      7       19
  MONTH TO DATE  127                       117     10       83
  SINCE MAR 1    127                       117     10       83
  SINCE JUL 1   4169                      5004   -835     4751

 COOLING
  YESTERDAY        0                         0      0        0
  MONTH TO DATE    0                         0      0        0
  SINCE MAR 1      0                         0      0        0
  SINCE JAN 1      0                         0      0        0
..................................................................


WIND (MPH)
  HIGHEST WIND SPEED    17   HIGHEST WIND DIRECTION    SW (240)
  HIGHEST GUST SPEED    22   HIGHEST GUST DIRECTION     W (250)
  AVERAGE WIND SPEED     6.5


SKY COVER
  AVERAGE SKY COVER 0.0


WEATHER CONDITIONS
 THE FOLLOWING WEATHER WAS RECORDED YESTERDAY.
  NO SIGNIFICANT WEATHER WAS OBSERVED.


RELATIVE HUMIDITY (PERCENT)
 HIGHEST    67           500 AM
 LOWEST     29           600 PM
 AVERAGE    48

..........................................................


THE JEROME ID CLIMATE NORMALS FOR TODAY
                         NORMAL    RECORD    YEAR
 MAXIMUM TEMPERATURE (F)   46        72      1950
 MINIMUM TEMPERATURE (F)   27         6      1976


SUNRISE AND SUNSET
MARCH  5 2015.........SUNRISE   707 AM MST   SUNSET   632 PM MST
MARCH  6 2015.........SUNRISE   706 AM MST   SUNSET   633 PM MST


-  INDICATES NEGATIVE NUMBERS.
R  INDICATES RECORD WAS SET OR TIED.
MM INDICATES DATA IS MISSING.
T  INDICATES TRACE AMOUNT.




$$
