000
CDUS45 KBOI 300932
CLIJER


CLIMATE REPORT
NATIONAL WEATHER SERVICE BOISE ID
331 AM MDT WED JUL 30 2014


...................................

...THE JEROME ID CLIMATE SUMMARY FOR JULY 29 2014...

CLIMATE NORMAL PERIOD 1981 TO 2010
CLIMATE RECORD PERIOD 1919 TO 2014


WEATHER ITEM   OBSERVED TIME   RECORD YEAR NORMAL DEPARTURE LAST
                VALUE   (LST)  VALUE       VALUE  FROM      YEAR
                                                  NORMAL
..................................................................
TEMPERATURE (F)
 YESTERDAY
  MAXIMUM         90    211 PM 103    1995  88      2       87
  MINIMUM         64    922 PM  43    1950  57      7       57
  AVERAGE         77                        73      4       72

PRECIPITATION (IN)
  YESTERDAY        0.02          0.25 1964   0.01   0.01     0.00
  MONTH TO DATE    0.02                      0.21  -0.19      T
  SINCE OCT 1      5.65                     10.10  -4.45     5.82
  SINCE JAN 1      5.05                      6.58  -1.53     2.52

DEGREE DAYS
 HEATING
  YESTERDAY        0                         0      0        0
  MONTH TO DATE    0                        10    -10        0
  SINCE JUN 1     74                       117    -43       78
  SINCE JUL 1      0                        10    -10        0

 COOLING
  YESTERDAY       12                         8      4        7
  MONTH TO DATE  352                       188    164      352
  SINCE JUN 1    397                       256    141      482
  SINCE JAN 1    407                       269    138      497
..................................................................


WIND (MPH)
  HIGHEST WIND SPEED    31   HIGHEST WIND DIRECTION     N (20)
  HIGHEST GUST SPEED    43   HIGHEST GUST DIRECTION    NE (30)
  AVERAGE WIND SPEED    12.7


SKY COVER
  AVERAGE SKY COVER 0.2


WEATHER CONDITIONS
 THE FOLLOWING WEATHER WAS RECORDED YESTERDAY.
  THUNDERSTORM
  LIGHT RAIN


RELATIVE HUMIDITY (PERCENT)
 HIGHEST    78           300 AM
 LOWEST     27           200 PM
 AVERAGE    53

..........................................................


THE JEROME ID CLIMATE NORMALS FOR TODAY
                         NORMAL    RECORD    YEAR
 MAXIMUM TEMPERATURE (F)   89       103      1926
 MINIMUM TEMPERATURE (F)   57        40      1950


SUNRISE AND SUNSET
JULY 30 2014..........SUNRISE   627 AM MDT   SUNSET   900 PM MDT
JULY 31 2014..........SUNRISE   628 AM MDT   SUNSET   859 PM MDT


-  INDICATES NEGATIVE NUMBERS.
R  INDICATES RECORD WAS SET OR TIED.
MM INDICATES DATA IS MISSING.
T  INDICATES TRACE AMOUNT.




$$
