000
CDUS45 KBOI 280932
CLIJER


CLIMATE REPORT
NATIONAL WEATHER SERVICE BOISE ID
232 AM MST TUE FEB 28 2017


...................................

...THE JEROME ID CLIMATE SUMMARY FOR FEBRUARY 27 2017...

CLIMATE NORMAL PERIOD 1981 TO 2010
CLIMATE RECORD PERIOD 1915 TO 2017


WEATHER ITEM   OBSERVED TIME   RECORD YEAR NORMAL DEPARTURE LAST
                VALUE   (LST)  VALUE       VALUE  FROM      YEAR
                                                  NORMAL
..................................................................
TEMPERATURE (F)
 YESTERDAY
  MAXIMUM         30    400 PM  65    1980  44    -14       52
  MINIMUM         19        MM  -3    1993  25     -6       36
  AVERAGE         25                        35    -10       44

PRECIPITATION (IN)
  YESTERDAY        0.00          0.25 1994   0.03  -0.03      T
  MONTH TO DATE    1.37                      0.84   0.53     0.20
  SINCE OCT 1      7.18                      5.42   1.76     6.00
  SINCE JAN 1      2.66                      1.90   0.76     1.41

DEGREE DAYS
 HEATING
  YESTERDAY       40                        30     10       21
  MONTH TO DATE  595                       931   -336      825
  SINCE DEC 1   3159                      3305   -146     3162
  SINCE JUL 1   4385                      4856   -471     4495

 COOLING
  YESTERDAY        0                         0      0        0
  MONTH TO DATE    0                         0      0        0
  SINCE DEC 1      0                         0      0        0
  SINCE JAN 1      0                         0      0        0
..................................................................


WIND (MPH)
  HIGHEST WIND SPEED    12   HIGHEST WIND DIRECTION     W (250)
  HIGHEST GUST SPEED    MM   HIGHEST GUST DIRECTION    MM
  AVERAGE WIND SPEED     7.2


SKY COVER
  AVERAGE SKY COVER 0.1


WEATHER CONDITIONS
 THE FOLLOWING WEATHER WAS RECORDED YESTERDAY.
  NO SIGNIFICANT WEATHER WAS OBSERVED.


RELATIVE HUMIDITY (PERCENT)
 HIGHEST    84           500 PM
 LOWEST     69           400 PM
 AVERAGE    77

..........................................................


THE JEROME ID CLIMATE NORMALS FOR TODAY
                         NORMAL    RECORD    YEAR
 MAXIMUM TEMPERATURE (F)   44        68      1980
 MINIMUM TEMPERATURE (F)   26         1      1922


SUNRISE AND SUNSET
FEBRUARY 28 2017......SUNRISE   715 AM MST   SUNSET   627 PM MST
MARCH  1 2017.........SUNRISE   713 AM MST   SUNSET   628 PM MST


-  INDICATES NEGATIVE NUMBERS.
R  INDICATES RECORD WAS SET OR TIED.
MM INDICATES DATA IS MISSING.
T  INDICATES TRACE AMOUNT.




$$
