000
CDUS45 KBOI 260931
CLIJER


CLIMATE REPORT
NATIONAL WEATHER SERVICE BOISE ID
230 AM MST FRI DEC 26 2014


...................................

...THE JEROME ID CLIMATE SUMMARY FOR DECEMBER 25 2014...

CLIMATE NORMAL PERIOD 1981 TO 2010
CLIMATE RECORD PERIOD 1919 TO 2014


WEATHER ITEM   OBSERVED TIME   RECORD YEAR NORMAL DEPARTURE LAST
                VALUE   (LST)  VALUE       VALUE  FROM      YEAR
                                                  NORMAL
..................................................................
TEMPERATURE (F)
 YESTERDAY
  MAXIMUM         30    401 PM  53    1955  33     -3       38
  MINIMUM         22   1159 PM -14    1990  19      3       17
  AVERAGE         26                        26      0       28

PRECIPITATION (IN)
  YESTERDAY        0.05          0.45 2003   0.04   0.01     0.00
  MONTH TO DATE    1.58                      1.26   0.32     0.27
  SINCE OCT 1      2.82                      3.29  -0.47     0.60
  SINCE JAN 1     11.89                     10.58   1.31     3.62

DEGREE DAYS
 HEATING
  YESTERDAY       39                        39      0       37
  MONTH TO DATE  666                       944   -278     1080
  SINCE DEC 1    666                       944   -278     1080
  SINCE JUL 1   2002                      2495   -493     2563

 COOLING
  YESTERDAY        0                         0      0        0
  MONTH TO DATE    0                         0      0        0
  SINCE DEC 1      0                         0      0        0
  SINCE JAN 1    652                       510    142      904
..................................................................


WIND (MPH)
  HIGHEST WIND SPEED    39   HIGHEST WIND DIRECTION     W (250)
  HIGHEST GUST SPEED    50   HIGHEST GUST DIRECTION     W (260)
  AVERAGE WIND SPEED    18.7


SKY COVER
  AVERAGE SKY COVER 0.9


WEATHER CONDITIONS
 THE FOLLOWING WEATHER WAS RECORDED YESTERDAY.
  SNOW
  LIGHT SNOW
  FOG


RELATIVE HUMIDITY (PERCENT)
 HIGHEST    92          1200 AM
 LOWEST     78          1100 AM
 AVERAGE    85

..........................................................


THE JEROME ID CLIMATE NORMALS FOR TODAY
                         NORMAL    RECORD    YEAR
 MAXIMUM TEMPERATURE (F)   33        51      1955
 MINIMUM TEMPERATURE (F)   19        -5      1990


SUNRISE AND SUNSET
DECEMBER 26 2014......SUNRISE   807 AM MST   SUNSET   510 PM MST
DECEMBER 27 2014......SUNRISE   807 AM MST   SUNSET   511 PM MST


-  INDICATES NEGATIVE NUMBERS.
R  INDICATES RECORD WAS SET OR TIED.
MM INDICATES DATA IS MISSING.
T  INDICATES TRACE AMOUNT.




$$
