000
CDUS45 KBOI 260931
CLIJER


CLIMATE REPORT
NATIONAL WEATHER SERVICE BOISE ID
330 AM MDT TUE JUL 26 2016


...................................

...THE JEROME ID CLIMATE SUMMARY FOR JULY 25 2016...

CLIMATE NORMAL PERIOD 1981 TO 2010
CLIMATE RECORD PERIOD 1915 TO 2016


WEATHER ITEM   OBSERVED TIME   RECORD YEAR NORMAL DEPARTURE LAST
                VALUE   (LST)  VALUE       VALUE  FROM      YEAR
                                                  NORMAL
..................................................................
TEMPERATURE (F)
 YESTERDAY
  MAXIMUM         94    431 PM 103    1928  88      6       88
  MINIMUM         55    546 AM  47    1948  57     -2       56
  AVERAGE         75                        72      3       72

PRECIPITATION (IN)
  YESTERDAY        0.00          0.11 1977   0.01  -0.01     0.00
  MONTH TO DATE    0.03                      0.18  -0.15     0.38
  SINCE OCT 1      9.99                     10.07  -0.08     8.59
  SINCE JAN 1      5.40                      6.55  -1.15     5.69

DEGREE DAYS
 HEATING
  YESTERDAY        0                         0      0        0
  MONTH TO DATE   15                        10      5        0
  SINCE JUN 1     57                       117    -60       15
  SINCE JUL 1     15                        10      5        0

 COOLING
  YESTERDAY       10                         8      2        7
  MONTH TO DATE  148                       156     -8      180
  SINCE JUN 1    309                       224     85      394
  SINCE JAN 1    313                       237     76      404
..................................................................


WIND (MPH)
  HIGHEST WIND SPEED     9   HIGHEST WIND DIRECTION    SW (240)
  HIGHEST GUST SPEED    12   HIGHEST GUST DIRECTION     W (280)
  AVERAGE WIND SPEED     5.0


SKY COVER
  AVERAGE SKY COVER 0.0


WEATHER CONDITIONS
 THE FOLLOWING WEATHER WAS RECORDED YESTERDAY.
  NO SIGNIFICANT WEATHER WAS OBSERVED.


RELATIVE HUMIDITY (PERCENT)
 HIGHEST    51           600 AM
 LOWEST     14           300 PM
 AVERAGE    33

..........................................................


THE JEROME ID CLIMATE NORMALS FOR TODAY
                         NORMAL    RECORD    YEAR
 MAXIMUM TEMPERATURE (F)   88       104      1928
 MINIMUM TEMPERATURE (F)   57        46      1993


SUNRISE AND SUNSET
JULY 26 2016..........SUNRISE   624 AM MDT   SUNSET   904 PM MDT
JULY 27 2016..........SUNRISE   625 AM MDT   SUNSET   903 PM MDT


-  INDICATES NEGATIVE NUMBERS.
R  INDICATES RECORD WAS SET OR TIED.
MM INDICATES DATA IS MISSING.
T  INDICATES TRACE AMOUNT.




$$
