000
CDUS45 KBOI 240932
CLIJER


CLIMATE REPORT
NATIONAL WEATHER SERVICE BOISE ID
231 AM MST TUE JAN 24 2017


...................................

...THE JEROME ID CLIMATE SUMMARY FOR JANUARY 23 2017...

CLIMATE NORMAL PERIOD 1981 TO 2010
CLIMATE RECORD PERIOD 1915 TO 2017


WEATHER ITEM   OBSERVED TIME   RECORD YEAR NORMAL DEPARTURE LAST
                VALUE   (LST)  VALUE       VALUE  FROM      YEAR
                                                  NORMAL
..................................................................
TEMPERATURE (F)
 YESTERDAY
  MAXIMUM         32   1047 AM  58    1919  34     -2       35
  MINIMUM         25   1126 PM -17    1962  20      5       28
  AVERAGE         29                        27      2       32

PRECIPITATION (IN)
  YESTERDAY        0.18          0.64 1999   0.02   0.16      T
  MONTH TO DATE    1.26                      0.88   0.38     0.55
  SINCE OCT 1      5.78                      4.40   1.38     5.14
  SINCE JAN 1      1.26                      0.88   0.38     0.55

DEGREE DAYS
 HEATING
  YESTERDAY       36                        38     -2       33
  MONTH TO DATE  905                       892     13      867
  SINCE DEC 1   2194                      2071    123     2039
  SINCE JUL 1   3420                      3622   -202     3372

 COOLING
  YESTERDAY        0                         0      0        0
  MONTH TO DATE    0                         0      0        0
  SINCE DEC 1      0                         0      0        0
  SINCE JAN 1      0                         0      0        0
..................................................................


WIND (MPH)
  HIGHEST WIND SPEED    28   HIGHEST WIND DIRECTION    SW (230)
  HIGHEST GUST SPEED    36   HIGHEST GUST DIRECTION    SW (240)
  AVERAGE WIND SPEED    19.9


SKY COVER
  AVERAGE SKY COVER 0.9


WEATHER CONDITIONS
 THE FOLLOWING WEATHER WAS RECORDED YESTERDAY.
  HEAVY SNOW
  SNOW
  LIGHT SNOW
  FOG
  FOG W/VISIBILITY <= 1/4 MILE


RELATIVE HUMIDITY (PERCENT)
 HIGHEST   100           100 AM
 LOWEST     84          1100 PM
 AVERAGE    92

..........................................................


THE JEROME ID CLIMATE NORMALS FOR TODAY
                         NORMAL    RECORD    YEAR
 MAXIMUM TEMPERATURE (F)   34        53      2003
 MINIMUM TEMPERATURE (F)   20       -10      1962


SUNRISE AND SUNSET
JANUARY 24 2017.......SUNRISE   759 AM MST   SUNSET   541 PM MST
JANUARY 25 2017.......SUNRISE   759 AM MST   SUNSET   542 PM MST


-  INDICATES NEGATIVE NUMBERS.
R  INDICATES RECORD WAS SET OR TIED.
MM INDICATES DATA IS MISSING.
T  INDICATES TRACE AMOUNT.




$$
