000
CDUS45 KBOI 210930
CLIJER


CLIMATE REPORT
NATIONAL WEATHER SERVICE BOISE ID
330 AM MDT THU AUG 21 2014


...................................

...THE JEROME ID CLIMATE SUMMARY FOR AUGUST 20 2014...

CLIMATE NORMAL PERIOD 1981 TO 2010
CLIMATE RECORD PERIOD 1919 TO 2014


WEATHER ITEM   OBSERVED TIME   RECORD YEAR NORMAL DEPARTURE LAST
                VALUE   (LST)  VALUE       VALUE  FROM      YEAR
                                                  NORMAL
..................................................................
TEMPERATURE (F)
 YESTERDAY
  MAXIMUM         81    407 PM 100    2003  86     -5       90
  MINIMUM         56    409 AM  38    1964  54      2       62
  AVERAGE         69                        70     -1       76

PRECIPITATION (IN)
  YESTERDAY        0.03          0.91 1968   0.01   0.02     0.00
  MONTH TO DATE    2.89                      0.16   2.73      T
  SINCE OCT 1      8.54                     10.28  -1.74     5.82
  SINCE JAN 1      7.94                      6.76   1.18     2.52

DEGREE DAYS
 HEATING
  YESTERDAY        0                         1     -1        0
  MONTH TO DATE    5                         2      3        0
  SINCE JUN 1     79                       121    -42       78
  SINCE JUL 1      5                        14     -9        0

 COOLING
  YESTERDAY        4                         5     -1       11
  MONTH TO DATE  151                       134     17      195
  SINCE JUN 1    568                       404    164      701
  SINCE JAN 1    578                       417    161      716
..................................................................


WIND (MPH)
  HIGHEST WIND SPEED    14   HIGHEST WIND DIRECTION     W (290)
  HIGHEST GUST SPEED    21   HIGHEST GUST DIRECTION     W (290)
  AVERAGE WIND SPEED     8.2


SKY COVER
  AVERAGE SKY COVER 0.1


WEATHER CONDITIONS
 THE FOLLOWING WEATHER WAS RECORDED YESTERDAY.
  THUNDERSTORM
  RAIN
  LIGHT RAIN


RELATIVE HUMIDITY (PERCENT)
 HIGHEST    86           400 AM
 LOWEST     37           400 PM
 AVERAGE    62

..........................................................


THE JEROME ID CLIMATE NORMALS FOR TODAY
                         NORMAL    RECORD    YEAR
 MAXIMUM TEMPERATURE (F)   85       101      1969
 MINIMUM TEMPERATURE (F)   54        42      1968


SUNRISE AND SUNSET
AUGUST 21 2014........SUNRISE   651 AM MDT   SUNSET   830 PM MDT
AUGUST 22 2014........SUNRISE   652 AM MDT   SUNSET   829 PM MDT


-  INDICATES NEGATIVE NUMBERS.
R  INDICATES RECORD WAS SET OR TIED.
MM INDICATES DATA IS MISSING.
T  INDICATES TRACE AMOUNT.




$$
