000
CDUS45 KBOI 230932
CLIJER


CLIMATE REPORT
NATIONAL WEATHER SERVICE BOISE ID
331 AM MDT MON OCT 23 2017


...................................

...THE JEROME ID CLIMATE SUMMARY FOR OCTOBER 22 2017...

CLIMATE NORMAL PERIOD 1981 TO 2010
CLIMATE RECORD PERIOD 1915 TO 2017


WEATHER ITEM   OBSERVED TIME   RECORD YEAR NORMAL DEPARTURE LAST
                VALUE   (LST)  VALUE       VALUE  FROM      YEAR
                                                  NORMAL
..................................................................
TEMPERATURE (F)
 YESTERDAY
  MAXIMUM         63    326 PM  88    2003  58      5       60
  MINIMUM         37    218 AM  20    1996  36      1       41
  AVERAGE         50                        47      3       51

PRECIPITATION (IN)
  YESTERDAY        0.00          0.32 2012   0.02  -0.02     0.00
  MONTH TO DATE    0.60                      0.53   0.07     1.59
  SINCE OCT 1      0.60                      0.53   0.07     1.59
  SINCE JAN 1      8.13                      7.82   0.31     8.60

DEGREE DAYS
 HEATING
  YESTERDAY       15                        18     -3       14
  MONTH TO DATE  395                       315     80      304
  SINCE SEP 1    605                       485    120      479
  SINCE JUL 1    606                       518     88      501

 COOLING
  YESTERDAY        0                         0      0        0
  MONTH TO DATE    0                         0      0        0
  SINCE SEP 1    121                        44     77       30
  SINCE JAN 1    929                       509    420      612
..................................................................


WIND (MPH)
  HIGHEST WIND SPEED    21   HIGHEST WIND DIRECTION     W (250)
  HIGHEST GUST SPEED    27   HIGHEST GUST DIRECTION     W (260)
  AVERAGE WIND SPEED     9.7


SKY COVER
  AVERAGE SKY COVER 0.3


WEATHER CONDITIONS
 THE FOLLOWING WEATHER WAS RECORDED YESTERDAY.
  FOG
  FOG W/VISIBILITY <= 1/4 MILE


RELATIVE HUMIDITY (PERCENT)
 HIGHEST   100          1200 AM
 LOWEST     51           300 PM
 AVERAGE    76

..........................................................


THE JEROME ID CLIMATE NORMALS FOR TODAY
                         NORMAL    RECORD    YEAR
 MAXIMUM TEMPERATURE (F)   58        86      2003
 MINIMUM TEMPERATURE (F)   35        23      1984


SUNRISE AND SUNSET
OCTOBER 23 2017.......SUNRISE   801 AM MDT   SUNSET   642 PM MDT
OCTOBER 24 2017.......SUNRISE   802 AM MDT   SUNSET   641 PM MDT


-  INDICATES NEGATIVE NUMBERS.
R  INDICATES RECORD WAS SET OR TIED.
MM INDICATES DATA IS MISSING.
T  INDICATES TRACE AMOUNT.




$$
