326
CDUS45 KBOI 060931
CLIJER


CLIMATE REPORT
NATIONAL WEATHER SERVICE BOISE ID
231 AM MST TUE DEC 6 2016


...................................

...THE JEROME ID CLIMATE SUMMARY FOR DECEMBER 5 2016...

CLIMATE NORMAL PERIOD 1981 TO 2010
CLIMATE RECORD PERIOD 1915 TO 2016


WEATHER ITEM   OBSERVED TIME   RECORD YEAR NORMAL DEPARTURE LAST
                VALUE   (LST)  VALUE       VALUE  FROM      YEAR
                                                  NORMAL
..................................................................
TEMPERATURE (F)
 YESTERDAY
  MAXIMUM         29   1218 AM  60    1965  36     -7       33
  MINIMUM         14   1157 PM  -7    1992  21     -7       22
  AVERAGE         22                        29     -7       28

PRECIPITATION (IN)
  YESTERDAY        0.00          0.87 1996   0.05  -0.05     0.00
  MONTH TO DATE    0.11                      0.26  -0.15      T
  SINCE OCT 1      2.99                      2.29   0.70     3.25
  SINCE JAN 1     10.00                      9.58   0.42    10.55

DEGREE DAYS
 HEATING
  YESTERDAY       43                        36      7       37
  MONTH TO DATE  174                       178     -4      204
  SINCE DEC 1    174                       178     -4      204
  SINCE JUL 1   1400                      1729   -329     1537

 COOLING
  YESTERDAY        0                         0      0        0
  MONTH TO DATE    0                         0      0        0
  SINCE DEC 1      0                         0      0        0
  SINCE JAN 1    612                       510    102      713
..................................................................


WIND (MPH)
  HIGHEST WIND SPEED    25   HIGHEST WIND DIRECTION    SW (230)
  HIGHEST GUST SPEED    32   HIGHEST GUST DIRECTION     W (250)
  AVERAGE WIND SPEED    10.7


SKY COVER
  AVERAGE SKY COVER 0.0


WEATHER CONDITIONS
 THE FOLLOWING WEATHER WAS RECORDED YESTERDAY.
  NO SIGNIFICANT WEATHER WAS OBSERVED.


RELATIVE HUMIDITY (PERCENT)
 HIGHEST    91           500 AM
 LOWEST     57           400 PM
 AVERAGE    74

..........................................................


THE JEROME ID CLIMATE NORMALS FOR TODAY
                         NORMAL    RECORD    YEAR
 MAXIMUM TEMPERATURE (F)   36        57      1987
 MINIMUM TEMPERATURE (F)   21        -6      1992


SUNRISE AND SUNSET
DECEMBER  6 2016......SUNRISE   754 AM MST   SUNSET   504 PM MST
DECEMBER  7 2016......SUNRISE   755 AM MST   SUNSET   504 PM MST


-  INDICATES NEGATIVE NUMBERS.
R  INDICATES RECORD WAS SET OR TIED.
MM INDICATES DATA IS MISSING.
T  INDICATES TRACE AMOUNT.




$$
