722
CDUS45 KBOI 250931
CLIJER


CLIMATE REPORT
NATIONAL WEATHER SERVICE BOISE ID
331 AM MDT SUN SEP 25 2016


...................................

...THE JEROME ID CLIMATE SUMMARY FOR SEPTEMBER 24 2016...

CLIMATE NORMAL PERIOD 1981 TO 2010
CLIMATE RECORD PERIOD 1915 TO 2016


WEATHER ITEM   OBSERVED TIME   RECORD YEAR NORMAL DEPARTURE LAST
                VALUE   (LST)  VALUE       VALUE  FROM      YEAR
                                                  NORMAL
..................................................................
TEMPERATURE (F)
 YESTERDAY
  MAXIMUM         62    429 PM  94    2001  71     -9       88
  MINIMUM         46    713 AM  23    1926  44      2       49
  AVERAGE         54                        58     -4       69

PRECIPITATION (IN)
  YESTERDAY        0.00          0.22 1920   0.02  -0.02     0.00
  MONTH TO DATE    1.55                      0.30   1.25     0.57
  SINCE OCT 1     11.58                     10.68   0.90    10.20
  SINCE JAN 1      6.99                      7.16  -0.17     7.30

DEGREE DAYS
 HEATING
  YESTERDAY       11                         8      3        0
  MONTH TO DATE  160                       115     45       94
  SINCE SEP 1    160                       115     45       94
  SINCE JUL 1    182                       148     34      109

 COOLING
  YESTERDAY        0                         1     -1        4
  MONTH TO DATE   18                        44    -26       40
  SINCE SEP 1     18                        44    -26       40
  SINCE JAN 1    600                       509     91      683
..................................................................


WIND (MPH)
  HIGHEST WIND SPEED    31   HIGHEST WIND DIRECTION    SW (240)
  HIGHEST GUST SPEED    42   HIGHEST GUST DIRECTION    SW (230)
  AVERAGE WIND SPEED    17.9


SKY COVER
  AVERAGE SKY COVER 0.1


WEATHER CONDITIONS
 THE FOLLOWING WEATHER WAS RECORDED YESTERDAY.
  NO SIGNIFICANT WEATHER WAS OBSERVED.


RELATIVE HUMIDITY (PERCENT)
 HIGHEST    86           600 AM
 LOWEST     32           500 PM
 AVERAGE    59

..........................................................


THE JEROME ID CLIMATE NORMALS FOR TODAY
                         NORMAL    RECORD    YEAR
 MAXIMUM TEMPERATURE (F)   71        96      2001
 MINIMUM TEMPERATURE (F)   43        21      1926


SUNRISE AND SUNSET
SEPTEMBER 25 2016.....SUNRISE   729 AM MDT   SUNSET   729 PM MDT
SEPTEMBER 26 2016.....SUNRISE   730 AM MDT   SUNSET   727 PM MDT


-  INDICATES NEGATIVE NUMBERS.
R  INDICATES RECORD WAS SET OR TIED.
MM INDICATES DATA IS MISSING.
T  INDICATES TRACE AMOUNT.




$$
