000
CDUS41 KOKX 220616
CLIJFK


CLIMATE REPORT
NATIONAL WEATHER SERVICE NEW YORK NY
216 AM EDT FRI SEP 22 2017


...................................

...THE KENNEDY NY CLIMATE SUMMARY FOR SEPTEMBER 21 2017...

CLIMATE NORMAL PERIOD 1981 TO 2010
CLIMATE RECORD PERIOD 1948 TO 2017


WEATHER ITEM   OBSERVED TIME   RECORD YEAR NORMAL DEPARTURE LAST
                VALUE   (LST)  VALUE       VALUE  FROM      YEAR
                                                  NORMAL
..................................................................
TEMPERATURE (F)
 YESTERDAY
  MAXIMUM         81    317 PM  85    2016  74      7       85
  MINIMUM         71   1159 PM  42    1962  59     12       65
  AVERAGE         76                        66     10       75

PRECIPITATION (IN)
  YESTERDAY        0.00          4.49 1966   0.12  -0.12     0.00
  MONTH TO DATE    2.16                      2.35  -0.19     2.07
  SINCE SEP 1      2.16                      2.35  -0.19     2.07
  SINCE JAN 1     35.41                     31.31   4.10    25.34

SNOWFALL (IN)
  YESTERDAY        0.0          MM      MM   0.0    0.0      0.0
  MONTH TO DATE    0.0                       0.0    0.0      0.0
  SINCE OCT 1     30.9                      23.8    7.1     41.4
  SINCE JUL 1      0.0                       0.0    0.0      0.0
  SNOW DEPTH       0

DEGREE DAYS
 HEATING
  YESTERDAY        0                         2     -2        0
  MONTH TO DATE    5                        12     -7        0
  SINCE SEP 1      5                        12     -7        0
  SINCE JUL 1      5                        13     -8        0

 COOLING
  YESTERDAY       11                         3      8       10
  MONTH TO DATE  111                       112     -1      189
  SINCE SEP 1    111                       112     -1      189
  SINCE JAN 1   1034                       973     61     1326
..................................................................


WIND (MPH)
  HIGHEST WIND SPEED    22   HIGHEST WIND DIRECTION     N (350)
  HIGHEST GUST SPEED    27   HIGHEST GUST DIRECTION     N (350)
  AVERAGE WIND SPEED    13.6


SKY COVER
  POSSIBLE SUNSHINE  MM
  AVERAGE SKY COVER 0.8


WEATHER CONDITIONS
 THE FOLLOWING WEATHER WAS RECORDED YESTERDAY.
  NO SIGNIFICANT WEATHER WAS OBSERVED.


RELATIVE HUMIDITY (PERCENT)
 HIGHEST    73           200 AM
 LOWEST     53          1100 PM
 AVERAGE    63

..........................................................


THE KENNEDY NY CLIMATE NORMALS FOR TODAY
                         NORMAL    RECORD    YEAR
 MAXIMUM TEMPERATURE (F)   73        91      1980
 MINIMUM TEMPERATURE (F)   59        41      1962


SUNRISE AND SUNSET
SEPTEMBER 22 2017.....SUNRISE   643 AM EDT   SUNSET   652 PM EDT
SEPTEMBER 23 2017.....SUNRISE   644 AM EDT   SUNSET   650 PM EDT


-  INDICATES NEGATIVE NUMBERS.
R  INDICATES RECORD WAS SET OR TIED.
MM INDICATES DATA IS MISSING.
T  INDICATES TRACE AMOUNT.




$$
