000
CDUS41 KOKX 222041
CLIJFK


CLIMATE REPORT
NATIONAL WEATHER SERVICE NEW YORK NY
441 PM EDT FRI MAY 22 2015


...................................

...THE KENNEDY NY CLIMATE SUMMARY FOR MAY 22 2015...
VALID TODAY AS OF 0400 PM LOCAL TIME.

CLIMATE NORMAL PERIOD 1981 TO 2010
CLIMATE RECORD PERIOD 1949 TO 2015


WEATHER ITEM   OBSERVED TIME   RECORD YEAR NORMAL DEPARTURE LAST
                VALUE   (LST)  VALUE       VALUE  FROM      YEAR
                                                  NORMAL
..................................................................
TEMPERATURE (F)
 TODAY
  MAXIMUM         79    134 PM  94    1992  70      9       62
  MINIMUM         54   1241 AM  43    1990  55     -1       58
  AVERAGE         67                        62      5       60

PRECIPITATION (IN)
  TODAY            T             1.56 1949   0.14  -0.14     0.32
  MONTH TO DATE    0.44                      2.66  -2.22     3.20
  SINCE MAR 1      6.93                     10.31  -3.38    14.44
  SINCE JAN 1     14.59                     16.06  -1.47    22.04

SNOWFALL (IN)
  TODAY            0.0          MM      MM   0.0    0.0      0.0
  MONTH TO DATE    0.0                       0.0    0.0      0.0
  SINCE OCT 1     44.2                      23.8   20.4     45.6
  SINCE JUL 1     44.2                      23.8   20.4     45.6
  SNOW DEPTH       0

DEGREE DAYS
 HEATING
  TODAY            0                         4     -4        5
  MONTH TO DATE   71                       141    -70       80
  SINCE MAR 1   1273                      1281     -8     1372
  SINCE JUL 1   4965                      4792    173     5079

 COOLING
  TODAY            2                         1      1        0
  MONTH TO DATE   30                        13     17       13
  SINCE MAR 1     30                        16     14       13
  SINCE JAN 1     30                        16     14       13
..................................................................


WIND (MPH)
  HIGHEST WIND SPEED    25   HIGHEST WIND DIRECTION    NW (300)
  HIGHEST GUST SPEED    35   HIGHEST GUST DIRECTION    NW (300)
  AVERAGE WIND SPEED    10.8


SKY COVER
  AVERAGE SKY COVER 0.5


WEATHER CONDITIONS
 THE FOLLOWING WEATHER WAS RECORDED TODAY.
  LIGHT RAIN


RELATIVE HUMIDITY (PERCENT)
 HIGHEST    77          1200 AM
 LOWEST     23           100 PM
 AVERAGE    50

..........................................................


THE KENNEDY NY CLIMATE NORMALS FOR TOMORROW
                         NORMAL    RECORD    YEAR
 MAXIMUM TEMPERATURE (F)   71        89      1980
                                             1964
 MINIMUM TEMPERATURE (F)   55        44      1963


SUNRISE AND SUNSET
MAY 22 2015...........SUNRISE   533 AM EDT   SUNSET   812 PM EDT
MAY 23 2015...........SUNRISE   532 AM EDT   SUNSET   812 PM EDT


-  INDICATES NEGATIVE NUMBERS.
R  INDICATES RECORD WAS SET OR TIED.
MM INDICATES DATA IS MISSING.
T  INDICATES TRACE AMOUNT.




$$
