000
CDUS43 KJKL 250537
CLIJKL

CLIMATE REPORT
NATIONAL WEATHER SERVICE JACKSON KY
1235 AM EST SUN JAN 25 2015

...................................

...THE JACKSON KY CLIMATE SUMMARY FOR JANUARY 24 2015...

CLIMATE NORMAL PERIOD 1981 TO 2010
CLIMATE RECORD PERIOD 1981 TO 2015

WEATHER ITEM   OBSERVED TIME   RECORD YEAR NORMAL DEPARTURE LAST
                VALUE   (LST)  VALUE       VALUE  FROM      YEAR
                                                  NORMAL
..................................................................
TEMPERATURE (F)
 YESTERDAY
  MAXIMUM         34    800 PM  62    2002  43     -9       21
  MINIMUM         27   1058 AM  -3    2014  27      0       -3
  AVERAGE         31                        35     -4        9

PRECIPITATION (IN)
  YESTERDAY        0.16          1.92 2010   0.11   0.05     0.00
  MONTH TO DATE    1.90                      2.76  -0.86     2.92
  SINCE DEC 1      4.39                      6.94  -2.55    10.01
  SINCE JAN 1      1.90                      2.76  -0.86     2.92

SNOWFALL (IN)
  YESTERDAY        1.5 R         0.5  1992   0.2    1.3      0.0
                                      1987
  MONTH TO DATE    2.2                       5.3   -3.1     11.6
  SINCE DEC 1      2.2                      10.2   -8.0     13.0
  SINCE JUL 1      3.4                      10.8   -7.4     15.9
  SNOW DEPTH       2

DEGREE DAYS
 HEATING
  YESTERDAY       34                        30      4       56
  MONTH TO DATE  744                       720     24      850
  SINCE DEC 1   1499                      1554    -55     1608
  SINCE JUL 1   2489                      2354    135     2495

 COOLING
  YESTERDAY        0                         0      0        0
  MONTH TO DATE    0                         0      0        0
  SINCE DEC 1      0                         1     -1        0
  SINCE JAN 1      0                         0      0        0
..................................................................

WIND (MPH)
  HIGHEST WIND SPEED    16   HIGHEST WIND DIRECTION     W (260)
  HIGHEST GUST SPEED    24   HIGHEST GUST DIRECTION     W (290)
  AVERAGE WIND SPEED     5.4

SKY COVER
  POSSIBLE SUNSHINE  MM
  AVERAGE SKY COVER 0.7

WEATHER CONDITIONS
 THE FOLLOWING WEATHER WAS RECORDED YESTERDAY.
  LT FREEZING RAIN
  LIGHT SNOW
  FOG
  FOG W/VISIBILITY <= 1/4 MILE

RELATIVE HUMIDITY (PERCENT)
 HIGHEST   100           400 AM
 LOWEST     82           400 PM
 AVERAGE    91
..........................................................

THE JACKSON KY CLIMATE NORMALS FOR TODAY
                         NORMAL    RECORD    YEAR
 MAXIMUM TEMPERATURE (F)   44        69      1989
 MINIMUM TEMPERATURE (F)   27         6      2008

SUNRISE AND SUNSET
JANUARY 25 2015.......SUNRISE   742 AM EST   SUNSET   549 PM EST
JANUARY 26 2015.......SUNRISE   742 AM EST   SUNSET   550 PM EST

-  INDICATES NEGATIVE NUMBERS.
R  INDICATES RECORD WAS SET OR TIED.
MM INDICATES DATA IS MISSING.
T  INDICATES TRACE AMOUNT.

$$

GREIF
