000
CDUS43 KJKL 010555
CLIJKL

CLIMATE REPORT
NATIONAL WEATHER SERVICE JACKSON KY
155 AM EDT MON MAY 1 2017
...................................

...THE JACKSON KY CLIMATE SUMMARY FOR APRIL 30 2017...

CLIMATE NORMAL PERIOD 1981 TO 2010
CLIMATE RECORD PERIOD 1981 TO 2017

WEATHER ITEM   OBSERVED TIME   RECORD YEAR NORMAL DEPARTURE LAST
                VALUE   (LST)  VALUE       VALUE  FROM      YEAR
                                                  NORMAL
..................................................................
TEMPERATURE (F)
 YESTERDAY
  MAXIMUM         86    239 PM  88    1986  72     14       62
  MINIMUM         68    457 AM  33    2008  51     17       56
  AVERAGE         77                        61     16       59

PRECIPITATION (IN)
  YESTERDAY        T             1.59 2005   0.13  -0.13     0.88
  MONTH TO DATE    4.02                      3.83   0.19     3.82
  SINCE MAR 1      8.44                      7.95   0.49     6.20
  SINCE JAN 1     16.01                     15.31   0.70    15.76

SNOWFALL (IN)
  YESTERDAY        0.0           0.0  2002   0.0    0.0      0.0
  MONTH TO DATE    0.0                       1.0   -1.0      0.1
  SINCE MAR 1      0.2                       3.9   -3.7      2.9
  SINCE JUL 1      4.8                      23.5  -18.7     32.5
  SNOW DEPTH       0

DEGREE DAYS
 HEATING
  YESTERDAY        0                         5     -5        6
  MONTH TO DATE  121                       269   -148      224
  SINCE MAR 1    629                       821   -192      563
  SINCE JUL 1   3121                      4122  -1001     3317

 COOLING
  YESTERDAY       12                         2     10        0
  MONTH TO DATE   90                        41     49       46
  SINCE MAR 1     98                        48     50       54
  SINCE JAN 1     98                        48     50       54
..................................................................

WIND (MPH)
  HIGHEST WIND SPEED    14   HIGHEST WIND DIRECTION     S (180)
  HIGHEST GUST SPEED    27   HIGHEST GUST DIRECTION     S (170)
  AVERAGE WIND SPEED     3.5

SKY COVER
  POSSIBLE SUNSHINE  MM
  AVERAGE SKY COVER 0.2

WEATHER CONDITIONS
 THE FOLLOWING WEATHER WAS RECORDED YESTERDAY.
  LIGHT RAIN

RELATIVE HUMIDITY (PERCENT)
 HIGHEST    78           200 AM
 LOWEST     40           400 PM
 AVERAGE    59
..........................................................

THE JACKSON KY CLIMATE NORMALS FOR TODAY
                         NORMAL    RECORD    YEAR
 MAXIMUM TEMPERATURE (F)   72        88      2007
 MINIMUM TEMPERATURE (F)   51        41      1994

SUNRISE AND SUNSET
MAY  1 2017...........SUNRISE   638 AM EDT   SUNSET   824 PM EDT
MAY  2 2017...........SUNRISE   636 AM EDT   SUNSET   825 PM EDT

-  INDICATES NEGATIVE NUMBERS.
R  INDICATES RECORD WAS SET OR TIED.
MM INDICATES DATA IS MISSING.
T  INDICATES TRACE AMOUNT.

$$
