266
CDUS43 KSGF 210637
CLIJLN


CLIMATE REPORT
NATIONAL WEATHER SERVICE SPRINGFIELD MO
1237 AM CST SAT JAN 21 2017


...................................

...THE JOPLIN MO CLIMATE SUMMARY FOR JANUARY 20 2017...

CLIMATE NORMAL PERIOD 1981 TO 2010
CLIMATE RECORD PERIOD 1902 TO 2017


WEATHER ITEM   OBSERVED TIME   RECORD YEAR NORMAL DEPARTURE LAST
                VALUE   (LST)  VALUE       VALUE  FROM      YEAR
                                                  NORMAL
..................................................................
TEMPERATURE (F)
 YESTERDAY
  MAXIMUM         66    147 PM  77    1986  45     21       30
  MINIMUM         49    831 PM -12    1985  25     24       24
  AVERAGE         58                        35     23       27

PRECIPITATION (IN)
  YESTERDAY        T             1.09 1973   0.07  -0.07     0.00
  MONTH TO DATE    2.47                      1.33   1.14     0.30
  SINCE DEC 1      3.06                      4.15  -1.09    10.07
  SINCE JAN 1      2.47                      1.33   1.14     0.30

DEGREE DAYS
 HEATING
  YESTERDAY        7                        30    -23       38
  MONTH TO DATE  533                       600    -67      610
  SINCE DEC 1   1410                      1460    -50     1247
  SINCE JUL 1   1865                      2217   -352     1865

 COOLING
  YESTERDAY        0                         0      0        0
  MONTH TO DATE    0                         0      0        0
  SINCE DEC 1      0                         0      0        3
  SINCE JAN 1      0                         0      0        0
..................................................................


WIND (MPH)
  HIGHEST WIND SPEED    26   HIGHEST WIND DIRECTION    SW (210)
  HIGHEST GUST SPEED    34   HIGHEST GUST DIRECTION    SW (210)
  AVERAGE WIND SPEED    12.0


SKY COVER
  AVERAGE SKY COVER 0.5


WEATHER CONDITIONS
 THE FOLLOWING WEATHER WAS RECORDED YESTERDAY.
  LIGHT RAIN
  FOG


RELATIVE HUMIDITY (PERCENT)
 HIGHEST   100           300 AM
 LOWEST     40           400 PM
 AVERAGE    70

..........................................................


THE JOPLIN MO CLIMATE NORMALS FOR TODAY
                         NORMAL    RECORD    YEAR
 MAXIMUM TEMPERATURE (F)   45        73      1957
 MINIMUM TEMPERATURE (F)   25       -11      1984


SUNRISE AND SUNSET
JANUARY 21 2017.......SUNRISE   728 AM CST   SUNSET   531 PM CST
JANUARY 22 2017.......SUNRISE   727 AM CST   SUNSET   532 PM CST


-  INDICATES NEGATIVE NUMBERS.
R  INDICATES RECORD WAS SET OR TIED.
MM INDICATES DATA IS MISSING.
T  INDICATES TRACE AMOUNT.




$$
