000
CDUS43 KSGF 210626
CLIJLN


CLIMATE REPORT
NATIONAL WEATHER SERVICE SPRINGFIELD MO
126 AM CDT MON APR 21 2014


...................................

...THE JOPLIN MO CLIMATE SUMMARY FOR APRIL 20 2014...

CLIMATE NORMAL PERIOD 1981 TO 2010
CLIMATE RECORD PERIOD 1902 TO 2014


WEATHER ITEM   OBSERVED TIME   RECORD YEAR NORMAL DEPARTURE LAST
                VALUE   (LST)  VALUE       VALUE  FROM      YEAR
                                                  NORMAL
..................................................................
TEMPERATURE (F)
 YESTERDAY
  MAXIMUM         77   1127 AM  92    1987  72      5       66
  MINIMUM         56    607 AM  29    1953  48      8       33
  AVERAGE         67                        60      7       50

PRECIPITATION (IN)
  YESTERDAY        0.00          2.48 1966   0.16  -0.16     0.00
  MONTH TO DATE    0.55                      2.70  -2.15     3.62
  SINCE MAR 1      2.43                      6.12  -3.69     6.32
  SINCE JAN 1      3.28                     10.47  -7.19    11.47

DEGREE DAYS
 HEATING
  YESTERDAY        0                         7     -7       15
  MONTH TO DATE  214                       186     28      236
  SINCE MAR 1    877                       694    183      893
  SINCE JUL 1   4726                      3948    778     4009

 COOLING
  YESTERDAY        2                         2      0        0
  MONTH TO DATE   12                        24    -12       14
  SINCE MAR 1     12                        33    -21       14
  SINCE JAN 1     12                        34    -22       15
..................................................................


WIND (MPH)
  HIGHEST WIND SPEED    18   HIGHEST WIND DIRECTION     S (180)
  HIGHEST GUST SPEED    22   HIGHEST GUST DIRECTION     S (180)
  AVERAGE WIND SPEED     8.1


SKY COVER
  AVERAGE SKY COVER 0.2


WEATHER CONDITIONS
 THE FOLLOWING WEATHER WAS RECORDED YESTERDAY.
  NO SIGNIFICANT WEATHER WAS OBSERVED.


RELATIVE HUMIDITY (PERCENT)
 HIGHEST    77           500 AM
 LOWEST     44          1200 PM
 AVERAGE    61

..........................................................


THE JOPLIN MO CLIMATE NORMALS FOR TODAY
                         NORMAL    RECORD    YEAR
 MAXIMUM TEMPERATURE (F)   72        90      1963
 MINIMUM TEMPERATURE (F)   49        30      1966
                                             1978


SUNRISE AND SUNSET
APRIL 21 2014.........SUNRISE   636 AM CDT   SUNSET   758 PM CDT
APRIL 22 2014.........SUNRISE   634 AM CDT   SUNSET   759 PM CDT


-  INDICATES NEGATIVE NUMBERS.
R  INDICATES RECORD WAS SET OR TIED.
MM INDICATES DATA IS MISSING.
T  INDICATES TRACE AMOUNT.




$$
