000
CDUS43 KBIS 290727
CLIJMS


CLIMATE REPORT
NATIONAL WEATHER SERVICE BISMARCK ND
127 AM CST THU JAN 29 2015


...................................

...THE JAMESTOWN ND CLIMATE SUMMARY FOR JANUARY 28 2015...

CLIMATE NORMAL PERIOD 1981 TO 2010
CLIMATE RECORD PERIOD 1891 TO 2015


WEATHER ITEM   OBSERVED TIME   RECORD YEAR NORMAL DEPARTURE LAST
                VALUE   (LST)  VALUE       VALUE  FROM      YEAR
                                                  NORMAL
..................................................................
TEMPERATURE (F)
 YESTERDAY
  MAXIMUM         33    426 PM  48    1926  21     12        2
  MINIMUM         27   1159 PM -35    1915   0     27      -16
  AVERAGE         30                        10     20       -7

PRECIPITATION (IN)
  YESTERDAY        T             0.20 1996   0.02  -0.02     0.00
  MONTH TO DATE    0.27                      0.42  -0.15     0.29
  SINCE DEC 1      0.30                      0.82  -0.52     0.55
  SINCE JAN 1      0.27                      0.42  -0.15     0.29

DEGREE DAYS
 HEATING
  YESTERDAY       35                        54    -19       72
  MONTH TO DATE 1364                      1537   -173     1570
  SINCE DEC 1   2827                      3113   -286     3432
  SINCE JUL 1   4990                      5197   -207     5440

 COOLING
  YESTERDAY        0                         0      0        0
  MONTH TO DATE    0                         0      0        0
  SINCE DEC 1      0                         0      0        0
  SINCE JAN 1      0                         0      0        0
..................................................................


WIND (MPH)
  HIGHEST WIND SPEED    30   HIGHEST WIND DIRECTION    NW (330)
  HIGHEST GUST SPEED    37   HIGHEST GUST DIRECTION    NW (330)
  AVERAGE WIND SPEED    13.8


SKY COVER
  POSSIBLE SUNSHINE  MM
  AVERAGE SKY COVER 1.0


WEATHER CONDITIONS
 THE FOLLOWING WEATHER WAS RECORDED YESTERDAY.
  FOG
  FOG W/VISIBILITY <= 1/4 MILE


RELATIVE HUMIDITY (PERCENT)
 HIGHEST   100          1200 AM
 LOWEST     78          1000 PM
 AVERAGE    89

..........................................................


THE JAMESTOWN ND CLIMATE NORMALS FOR TODAY
                         NORMAL    RECORD    YEAR
 MAXIMUM TEMPERATURE (F)   21        50      1931
 MINIMUM TEMPERATURE (F)    1       -36      1951


SUNRISE AND SUNSET
JANUARY 29 2015.......SUNRISE   803 AM CST   SUNSET   533 PM CST
JANUARY 30 2015.......SUNRISE   802 AM CST   SUNSET   534 PM CST


-  INDICATES NEGATIVE NUMBERS.
R  INDICATES RECORD WAS SET OR TIED.
MM INDICATES DATA IS MISSING.
T  INDICATES TRACE AMOUNT.




$$
