000
CDUS43 KBIS 290025
CLIJMS


CLIMATE REPORT
NATIONAL WEATHER SERVICE BISMARCK ND
724 PM CDT WED SEP 28 2016


...................................

...THE JAMESTOWN ND CLIMATE SUMMARY FOR SEPTEMBER 28 2016...
VALID TODAY AS OF 0700 PM LOCAL TIME.

CLIMATE NORMAL PERIOD 1981 TO 2010
CLIMATE RECORD PERIOD 1891 TO 2016


WEATHER ITEM   OBSERVED TIME   RECORD YEAR NORMAL DEPARTURE LAST
                VALUE   (LST)  VALUE       VALUE  FROM      YEAR
                                                  NORMAL
..................................................................
TEMPERATURE (F)
 TODAY
  MAXIMUM         63    450 PM  96    1905  65     -2       68
  MINIMUM         37    200 AM  18    1930  40     -3       38
  AVERAGE         50                        52     -2       53

PRECIPITATION (IN)
  TODAY            0.00          0.45 2013   0.06  -0.06     0.00
  MONTH TO DATE    3.91                      1.89   2.02     0.47
  SINCE SEP 1      3.91                      1.89   2.02     0.47
  SINCE JAN 1     22.66                     16.08   6.58    20.46

DEGREE DAYS
 HEATING
  TODAY           15                        13      2       12
  MONTH TO DATE  168                       226    -58      116
  SINCE SEP 1    168                       226    -58      116
  SINCE JUL 1    201                       292    -91      172

 COOLING
  TODAY            0                         0      0        0
  MONTH TO DATE   22                        28     -6       70
  SINCE SEP 1     22                        28     -6       70
  SINCE JAN 1    415                       443    -28      502
..................................................................


WIND (MPH)
  RESULTANT WIND SPEED   2   RESULTANT WIND DIRECTION   N (360)
  HIGHEST WIND SPEED     9   HIGHEST WIND DIRECTION     N (340)
  HIGHEST GUST SPEED    13   HIGHEST GUST DIRECTION     N (340)
  AVERAGE WIND SPEED     3.1


SKY COVER
  POSSIBLE SUNSHINE  MM
  AVERAGE SKY COVER 0.5


WEATHER CONDITIONS
 THE FOLLOWING WEATHER WAS RECORDED TODAY.
  FOG
  HAZE


RELATIVE HUMIDITY (PERCENT)
 HIGHEST   100          1200 AM
 LOWEST     52           300 PM
 AVERAGE    76

..........................................................


THE JAMESTOWN ND CLIMATE NORMALS FOR TOMORROW
                         NORMAL    RECORD    YEAR
 MAXIMUM TEMPERATURE (F)   64        94      1905
 MINIMUM TEMPERATURE (F)   39        17      1930


SUNRISE AND SUNSET
SEPTEMBER 28 2016.....SUNRISE   730 AM CDT   SUNSET   719 PM CDT
SEPTEMBER 29 2016.....SUNRISE   731 AM CDT   SUNSET   717 PM CDT


-  INDICATES NEGATIVE NUMBERS.
R  INDICATES RECORD WAS SET OR TIED.
MM INDICATES DATA IS MISSING.
T  INDICATES TRACE AMOUNT.




$$
