000
CDUS43 KBIS 030737
CLIJMS


CLIMATE REPORT
NATIONAL WEATHER SERVICE BISMARCK ND
236 AM CDT THU SEP 3 2015


...................................

...THE JAMESTOWN ND CLIMATE SUMMARY FOR SEPTEMBER 2 2015...

CLIMATE NORMAL PERIOD 1981 TO 2010
CLIMATE RECORD PERIOD 1891 TO 2015


WEATHER ITEM   OBSERVED TIME   RECORD YEAR NORMAL DEPARTURE LAST
                VALUE   (LST)  VALUE       VALUE  FROM      YEAR
                                                  NORMAL
..................................................................
TEMPERATURE (F)
 YESTERDAY
  MAXIMUM         90    345 PM 105    1983  77     13       78
  MINIMUM         63    638 AM  32    1917  50     13       52
  AVERAGE         77                        64     13       65

PRECIPITATION (IN)
  YESTERDAY        0.00          0.89 1968   0.07  -0.07     0.00
  MONTH TO DATE    0.00                      0.15  -0.15     0.00
  SINCE SEP 1      0.00                      0.15  -0.15     0.00
  SINCE JAN 1     19.99                     14.34   5.65    18.68

DEGREE DAYS
 HEATING
  YESTERDAY        0                         4     -4        0
  MONTH TO DATE    0                         8     -8        1
  SINCE SEP 1      0                         8     -8        1
  SINCE JUL 1     56                        74    -18       56

 COOLING
  YESTERDAY       12                         2     10        0
  MONTH TO DATE   17                         4     13        0
  SINCE SEP 1     17                         4     13        0
  SINCE JAN 1    449                       419     30      338
..................................................................


WIND (MPH)
  HIGHEST WIND SPEED    21   HIGHEST WIND DIRECTION    SE (130)
  HIGHEST GUST SPEED    28   HIGHEST GUST DIRECTION    SE (140)
  AVERAGE WIND SPEED    10.6


SKY COVER
  POSSIBLE SUNSHINE  MM
  AVERAGE SKY COVER 0.0


WEATHER CONDITIONS
 THE FOLLOWING WEATHER WAS RECORDED YESTERDAY.
  FOG


RELATIVE HUMIDITY (PERCENT)
 HIGHEST    93          1200 AM
 LOWEST     50           300 PM
 AVERAGE    72

..........................................................


THE JAMESTOWN ND CLIMATE NORMALS FOR TODAY
                         NORMAL    RECORD    YEAR
 MAXIMUM TEMPERATURE (F)   76        99      1922
 MINIMUM TEMPERATURE (F)   50        32      1974


SUNRISE AND SUNSET
SEPTEMBER  3 2015.....SUNRISE   656 AM CDT   SUNSET   811 PM CDT
SEPTEMBER  4 2015.....SUNRISE   658 AM CDT   SUNSET   809 PM CDT


-  INDICATES NEGATIVE NUMBERS.
R  INDICATES RECORD WAS SET OR TIED.
MM INDICATES DATA IS MISSING.
T  INDICATES TRACE AMOUNT.




$$
