000
CDUS43 KBIS 260804
CLIJMS


CLIMATE REPORT
NATIONAL WEATHER SERVICE BISMARCK ND
302 AM CDT TUE MAY 26 2015


...................................

...THE JAMESTOWN ND CLIMATE SUMMARY FOR MAY 25 2015...

CLIMATE NORMAL PERIOD 1981 TO 2010
CLIMATE RECORD PERIOD 1891 TO 2015


WEATHER ITEM   OBSERVED TIME   RECORD YEAR NORMAL DEPARTURE LAST
                VALUE   (LST)  VALUE       VALUE  FROM      YEAR
                                                  NORMAL
..................................................................
TEMPERATURE (F)
 YESTERDAY
  MAXIMUM         73    150 PM  95    1941  71      2       82
  MINIMUM         56    553 AM  28    1910  46     10       60
  AVERAGE         65                        58      7       71

PRECIPITATION (IN)
  YESTERDAY        0.19          0.90 1955   0.09   0.10     0.12
  MONTH TO DATE    8.48                      2.09   6.39     4.28
  SINCE MAR 1      9.47                      4.13   5.34     6.95
  SINCE JAN 1      9.89                      4.98   4.91     7.34

DEGREE DAYS
 HEATING
  YESTERDAY        0                         7     -7        0
  MONTH TO DATE  326                       283     43      354
  SINCE MAR 1   1913                      2118   -205     2406
  SINCE JUL 1   8650                      8877   -227     9674

 COOLING
  YESTERDAY        0                         1     -1        6
  MONTH TO DATE    0                        14    -14       19
  SINCE MAR 1      0                        16    -16       19
  SINCE JAN 1      0                        16    -16       19
..................................................................


WIND (MPH)
  HIGHEST WIND SPEED    18   HIGHEST WIND DIRECTION     S (180)
  HIGHEST GUST SPEED    24   HIGHEST GUST DIRECTION     S (170)
  AVERAGE WIND SPEED     7.2


SKY COVER
  POSSIBLE SUNSHINE  MM
  AVERAGE SKY COVER 0.6


WEATHER CONDITIONS
 THE FOLLOWING WEATHER WAS RECORDED YESTERDAY.
  LIGHT RAIN
  FOG


RELATIVE HUMIDITY (PERCENT)
 HIGHEST   100           300 AM
 LOWEST     49           200 PM
 AVERAGE    75

..........................................................


THE JAMESTOWN ND CLIMATE NORMALS FOR TODAY
                         NORMAL    RECORD    YEAR
 MAXIMUM TEMPERATURE (F)   71       101      1934
 MINIMUM TEMPERATURE (F)   46        29      1961


SUNRISE AND SUNSET
MAY 26 2015...........SUNRISE   548 AM CDT   SUNSET   916 PM CDT
MAY 27 2015...........SUNRISE   548 AM CDT   SUNSET   917 PM CDT


-  INDICATES NEGATIVE NUMBERS.
R  INDICATES RECORD WAS SET OR TIED.
MM INDICATES DATA IS MISSING.
T  INDICATES TRACE AMOUNT.




$$
