000
CDUS43 KBIS 210732
CLIJMS


CLIMATE REPORT
NATIONAL WEATHER SERVICE BISMARCK ND
132 AM CST SUN DEC 21 2014


...................................

...THE JAMESTOWN ND CLIMATE SUMMARY FOR DECEMBER 20 2014...

CLIMATE NORMAL PERIOD 1981 TO 2010
CLIMATE RECORD PERIOD 1891 TO 2014


WEATHER ITEM   OBSERVED TIME   RECORD YEAR NORMAL DEPARTURE LAST
                VALUE   (LST)  VALUE       VALUE  FROM      YEAR
                                                  NORMAL
..................................................................
TEMPERATURE (F)
 YESTERDAY
  MAXIMUM         30    557 PM  50    1957  22      8        8
  MINIMUM         18    751 AM -39    1916   4     14      -14
  AVERAGE         24                        13     11       -3

PRECIPITATION (IN)
  YESTERDAY        0.00          0.18 1967   0.02  -0.02     0.00
  MONTH TO DATE    T                         0.25  -0.25     0.20
  SINCE DEC 1      T                         0.25  -0.25     0.20
  SINCE JAN 1     21.00                     18.62   2.38    16.07

DEGREE DAYS
 HEATING
  YESTERDAY       41                        52    -11       68
  MONTH TO DATE  922                       988    -66     1201
  SINCE DEC 1    922                       988    -66     1201
  SINCE JUL 1   3085                      3072     13     3209

 COOLING
  YESTERDAY        0                         0      0        0
  MONTH TO DATE    0                         0      0        0
  SINCE DEC 1      0                         0      0        0
  SINCE JAN 1    367                       446    -79      521
..................................................................


WIND (MPH)
  HIGHEST WIND SPEED    16   HIGHEST WIND DIRECTION     S (180)
  HIGHEST GUST SPEED    21   HIGHEST GUST DIRECTION     S (170)
  AVERAGE WIND SPEED     9.2


SKY COVER
  POSSIBLE SUNSHINE  MM
  AVERAGE SKY COVER 1.0


WEATHER CONDITIONS
 THE FOLLOWING WEATHER WAS RECORDED YESTERDAY.
  FOG
  FOG W/VISIBILITY <= 1/4 MILE
  HAZE


RELATIVE HUMIDITY (PERCENT)
 HIGHEST    92          1200 AM
 LOWEST     78           300 PM
 AVERAGE    85

..........................................................


THE JAMESTOWN ND CLIMATE NORMALS FOR TODAY
                         NORMAL    RECORD    YEAR
 MAXIMUM TEMPERATURE (F)   22        49      1907
 MINIMUM TEMPERATURE (F)    4       -40      1916


SUNRISE AND SUNSET
DECEMBER 21 2014......SUNRISE   817 AM CST   SUNSET   448 PM CST
DECEMBER 22 2014......SUNRISE   818 AM CST   SUNSET   449 PM CST


-  INDICATES NEGATIVE NUMBERS.
R  INDICATES RECORD WAS SET OR TIED.
MM INDICATES DATA IS MISSING.
T  INDICATES TRACE AMOUNT.




$$
