000
CDUS43 KBIS 280744
CLIJMS


CLIMATE REPORT
NATIONAL WEATHER SERVICE BISMARCK ND
243 AM CDT TUE JUL 28 2015


...................................

...THE JAMESTOWN ND CLIMATE SUMMARY FOR JULY 27 2015...

CLIMATE NORMAL PERIOD 1981 TO 2010
CLIMATE RECORD PERIOD 1891 TO 2015


WEATHER ITEM   OBSERVED TIME   RECORD YEAR NORMAL DEPARTURE LAST
                VALUE   (LST)  VALUE       VALUE  FROM      YEAR
                                                  NORMAL
..................................................................
TEMPERATURE (F)
 YESTERDAY
  MAXIMUM         89    434 PM 107    1988  84      5       67
  MINIMUM         68    400 AM  42    2013  58     10       58
  AVERAGE         79                        71      8       63

PRECIPITATION (IN)
  YESTERDAY        T             1.80 1995   0.09  -0.09      T
  MONTH TO DATE    2.74                      3.03  -0.29     0.82
  SINCE JUN 1      8.40                      6.22   2.18     7.18
  SINCE JAN 1     18.56                     11.77   6.79    15.62

DEGREE DAYS
 HEATING
  YESTERDAY        0                         0      0        2
  MONTH TO DATE    9                        19    -10       26
  SINCE JUN 1     51                       116    -65       85
  SINCE JUL 1      9                        19    -10       26

 COOLING
  YESTERDAY       14                         6      8        0
  MONTH TO DATE  173                       151     22      112
  SINCE JUN 1    275                       231     44      168
  SINCE JAN 1    283                       251     32      222
..................................................................


WIND (MPH)
  HIGHEST WIND SPEED    23   HIGHEST WIND DIRECTION    SE (130)
  HIGHEST GUST SPEED    27   HIGHEST GUST DIRECTION    SE (140)
  AVERAGE WIND SPEED    13.0


SKY COVER
  POSSIBLE SUNSHINE  MM
  AVERAGE SKY COVER 0.2


WEATHER CONDITIONS
 THE FOLLOWING WEATHER WAS RECORDED YESTERDAY.
  THUNDERSTORM
  LIGHT RAIN


RELATIVE HUMIDITY (PERCENT)
 HIGHEST    93           400 AM
 LOWEST     63           300 PM
 AVERAGE    78

..........................................................


THE JAMESTOWN ND CLIMATE NORMALS FOR TODAY
                         NORMAL    RECORD    YEAR
 MAXIMUM TEMPERATURE (F)   84       112      1917
 MINIMUM TEMPERATURE (F)   58        42      1934


SUNRISE AND SUNSET
JULY 28 2015..........SUNRISE   609 AM CDT   SUNSET   912 PM CDT
JULY 29 2015..........SUNRISE   610 AM CDT   SUNSET   911 PM CDT


-  INDICATES NEGATIVE NUMBERS.
R  INDICATES RECORD WAS SET OR TIED.
MM INDICATES DATA IS MISSING.
T  INDICATES TRACE AMOUNT.




$$
