000
CDUS43 KBIS 040853
CLIJMS


CLIMATE REPORT
NATIONAL WEATHER SERVICE BISMARCK ND
253 AM CST SUN DEC 4 2016


...................................

...THE JAMESTOWN ND CLIMATE SUMMARY FOR DECEMBER 3 2016...

CLIMATE NORMAL PERIOD 1981 TO 2010
CLIMATE RECORD PERIOD 1891 TO 2016


WEATHER ITEM   OBSERVED TIME   RECORD YEAR NORMAL DEPARTURE LAST
                VALUE   (LST)  VALUE       VALUE  FROM      YEAR
                                                  NORMAL
..................................................................
TEMPERATURE (F)
 YESTERDAY
  MAXIMUM         34   1002 PM  60    1916  27      7       36
  MINIMUM         23   1248 AM -19    1927  10     13       17
                                      1905
  AVERAGE         29                        18     11       27

PRECIPITATION (IN)
  YESTERDAY        T             0.50 1926   0.01  -0.01     0.00
  MONTH TO DATE    T                         0.04  -0.04     0.01
  SINCE DEC 1      T                         0.04  -0.04     0.01
  SINCE JAN 1     24.86                     18.41   6.45    22.25

DEGREE DAYS
 HEATING
  YESTERDAY       36                        47    -11       38
  MONTH TO DATE  113                       139    -26      120
  SINCE DEC 1    113                       139    -26      120
  SINCE JUL 1   1674                      2223   -549     1768

 COOLING
  YESTERDAY        0                         0      0        0
  MONTH TO DATE    0                         0      0        0
  SINCE DEC 1      0                         0      0        0
  SINCE JAN 1    419                       446    -27      508
..................................................................


WIND (MPH)
  HIGHEST WIND SPEED    24   HIGHEST WIND DIRECTION     S (170)
  HIGHEST GUST SPEED    29   HIGHEST GUST DIRECTION     S (170)
  AVERAGE WIND SPEED    13.5


SKY COVER
  POSSIBLE SUNSHINE  MM
  AVERAGE SKY COVER 1.0


WEATHER CONDITIONS
 THE FOLLOWING WEATHER WAS RECORDED YESTERDAY.
  LIGHT SNOW


RELATIVE HUMIDITY (PERCENT)
 HIGHEST    96           800 PM
 LOWEST     78           100 PM
 AVERAGE    87

..........................................................


THE JAMESTOWN ND CLIMATE NORMALS FOR TODAY
                         NORMAL    RECORD    YEAR
 MAXIMUM TEMPERATURE (F)   27        59      1965
 MINIMUM TEMPERATURE (F)    9       -20      1964


SUNRISE AND SUNSET
DECEMBER  4 2016......SUNRISE   803 AM CST   SUNSET   447 PM CST
DECEMBER  5 2016......SUNRISE   805 AM CST   SUNSET   446 PM CST


-  INDICATES NEGATIVE NUMBERS.
R  INDICATES RECORD WAS SET OR TIED.
MM INDICATES DATA IS MISSING.
T  INDICATES TRACE AMOUNT.




$$
