000
CDUS43 KBIS 300731
CLIJMS


CLIMATE REPORT
NATIONAL WEATHER SERVICE BISMARCK ND
230 AM CDT SAT APR 30 2016


...................................

...THE JAMESTOWN ND CLIMATE SUMMARY FOR APRIL 29 2016...

CLIMATE NORMAL PERIOD 1981 TO 2010
CLIMATE RECORD PERIOD 1891 TO 2016


WEATHER ITEM   OBSERVED TIME   RECORD YEAR NORMAL DEPARTURE LAST
                VALUE   (LST)  VALUE       VALUE  FROM      YEAR
                                                  NORMAL
..................................................................
TEMPERATURE (F)
 YESTERDAY
  MAXIMUM         62    525 PM  92    1934  62      0       73
  MINIMUM         30    441 AM  14    1958  36     -6       32
  AVERAGE         46                        49     -3       53

PRECIPITATION (IN)
  YESTERDAY        0.00          1.17 1940   0.06  -0.06     0.00
  MONTH TO DATE    2.57                      1.13   1.44     0.36
  SINCE MAR 1      2.93                      1.97   0.96     0.97
  SINCE JAN 1      3.04                      2.82   0.22     1.39

DEGREE DAYS
 HEATING
  YESTERDAY       19                        16      3       12
  MONTH TO DATE  672                       661     11      591
  SINCE MAR 1   1530                      1822   -292     1583
  SINCE JUL 1   7272                      8581  -1309     8320

 COOLING
  YESTERDAY        0                         0      0        0
  MONTH TO DATE    0                         0      0        0
  SINCE MAR 1      0                         0      0        0
  SINCE JAN 1      0                         0      0        0
..................................................................


WIND (MPH)
  HIGHEST WIND SPEED    21   HIGHEST WIND DIRECTION    NE (50)
  HIGHEST GUST SPEED    27   HIGHEST GUST DIRECTION    NE (30)
  AVERAGE WIND SPEED     9.8


SKY COVER
  POSSIBLE SUNSHINE  MM
  AVERAGE SKY COVER 0.0


WEATHER CONDITIONS
 THE FOLLOWING WEATHER WAS RECORDED YESTERDAY.
  NO SIGNIFICANT WEATHER WAS OBSERVED.


RELATIVE HUMIDITY (PERCENT)
 HIGHEST    85           500 AM
 LOWEST     30           500 PM
 AVERAGE    58

..........................................................


THE JAMESTOWN ND CLIMATE NORMALS FOR TODAY
                         NORMAL    RECORD    YEAR
 MAXIMUM TEMPERATURE (F)   63        97      1992
 MINIMUM TEMPERATURE (F)   36        16      1903


SUNRISE AND SUNSET
APRIL 30 2016.........SUNRISE   620 AM CDT   SUNSET   844 PM CDT
MAY  1 2016...........SUNRISE   618 AM CDT   SUNSET   846 PM CDT


-  INDICATES NEGATIVE NUMBERS.
R  INDICATES RECORD WAS SET OR TIED.
MM INDICATES DATA IS MISSING.
T  INDICATES TRACE AMOUNT.




$$
