321
CDUS43 KBIS 180724
CLIJMS


CLIMATE REPORT
NATIONAL WEATHER SERVICE BISMARCK ND
124 AM CST MON DEC 18 2017


...................................

...THE JAMESTOWN ND CLIMATE SUMMARY FOR DECEMBER 17 2017...

CLIMATE NORMAL PERIOD 1981 TO 2010
CLIMATE RECORD PERIOD 1891 TO 2017


WEATHER ITEM   OBSERVED TIME   RECORD YEAR NORMAL DEPARTURE LAST
                VALUE   (LST)  VALUE       VALUE  FROM      YEAR
                                                  NORMAL
..................................................................
TEMPERATURE (F)
 YESTERDAY
  MAXIMUM         39    241 PM  55    1923  22     17       -5
  MINIMUM         19    839 AM -27    1901   5     14      -20
  AVERAGE         29                        13     16      -12

PRECIPITATION (IN)
  YESTERDAY        0.00          0.48 1929   0.01  -0.01      T
  MONTH TO DATE    0.05                      0.21  -0.16     0.23
  SINCE DEC 1      0.05                      0.21  -0.16     0.23
  SINCE JAN 1     12.43                     18.58  -6.15    25.09

DEGREE DAYS
 HEATING
  YESTERDAY       36                        52    -16       77
  MONTH TO DATE  640                       832   -192      984
  SINCE DEC 1    640                       832   -192      984
  SINCE JUL 1   2610                      2916   -306     2545

 COOLING
  YESTERDAY        0                         0      0        0
  MONTH TO DATE    0                         0      0        0
  SINCE DEC 1      0                         0      0        0
  SINCE JAN 1    397                       446    -49      419
..................................................................


WIND (MPH)
  HIGHEST WIND SPEED    14   HIGHEST WIND DIRECTION    SW (220)
  HIGHEST GUST SPEED    18   HIGHEST GUST DIRECTION    SW (210)
  AVERAGE WIND SPEED     6.9


SKY COVER
  POSSIBLE SUNSHINE  MM
  AVERAGE SKY COVER 0.1


WEATHER CONDITIONS
 THE FOLLOWING WEATHER WAS RECORDED YESTERDAY.
  NO SIGNIFICANT WEATHER WAS OBSERVED.


RELATIVE HUMIDITY (PERCENT)
 HIGHEST   100           600 AM
 LOWEST     59           400 PM
 AVERAGE    80

..........................................................


THE JAMESTOWN ND CLIMATE NORMALS FOR TODAY
                         NORMAL    RECORD    YEAR
 MAXIMUM TEMPERATURE (F)   22        54      2011
 MINIMUM TEMPERATURE (F)    4       -27      1951


SUNRISE AND SUNSET
DECEMBER 18 2017......SUNRISE   816 AM CST   SUNSET   447 PM CST
DECEMBER 19 2017......SUNRISE   816 AM CST   SUNSET   448 PM CST


-  INDICATES NEGATIVE NUMBERS.
R  INDICATES RECORD WAS SET OR TIED.
MM INDICATES DATA IS MISSING.
T  INDICATES TRACE AMOUNT.




$$
