000
CDAK47 PAJK 020035
CLIJNU
AKZ025-021200-
CLIMATE REPORT
NATIONAL WEATHER SERVICE JUNEAU, AK

432 PM AKDT FRI AUG 1 2014


...................................

...THE JUNEAU CLIMATE SUMMARY FOR AUGUST 1 2014...
VALID TODAY AS OF 0300 PM LOCAL TIME.

CLIMATE NORMAL PERIOD 1981 TO 2010
CLIMATE RECORD PERIOD 1943 TO 2014


WEATHER ITEM   OBSERVED TIME   RECORD YEAR NORMAL DEPARTURE LAST

                VALUE   (LST)  VALUE       VALUE  FROM      YEAR

                                                  NORMAL

..................................................................
TEMPERATURE (F)
 TODAY

  MAXIMUM         74    205 PM  82    1976  64     10       76

  MINIMUM         45    447 AM  39    1973  51     -6       52

  AVERAGE         60                        58      2       64


PRECIPITATION (IN)

  TODAY            0.00          0.84 1970   0.16  -0.16     0.00

  MONTH TO DATE    0.00                      0.16  -0.16     0.00

  SINCE JUN 1     15.65                      8.00   7.65     7.64

  SINCE JAN 1     35.57                     27.60   7.97    36.01



DEGREE DAYS

 HEATING

  TODAY            5                         7     -2        1

  MONTH TO DATE    5                         7     -2        1

  SINCE JUN 1    585                       573     12      437

  SINCE JUL 1    235                       258    -23      223



 COOLING

  TODAY            0                         0      0        0

  MONTH TO DATE    0                         0      0        0

  SINCE JUN 1      0                         2     -2        9

  SINCE JAN 1      0                         2     -2        9

..................................................................


WIND (MPH)

  HIGHEST WIND SPEED    12   HIGHEST WIND DIRECTION    SW (240)

  HIGHEST GUST SPEED    14   HIGHEST GUST DIRECTION    SW (230)

  AVERAGE WIND SPEED     3.8




SKY COVER

  POSSIBLE SUNSHINE  MM

  AVERAGE SKY COVER 0.2




WEATHER CONDITIONS
 THE FOLLOWING WEATHER WAS RECORDED TODAY.

  FOG

  FOG W/VISIBILITY <= 1/4 MILE




RELATIVE HUMIDITY (PERCENT)

 HIGHEST   100           400 AM
 LOWEST     44           100 PM
 AVERAGE    72


..........................................................



THE JUNEAU CLIMATE NORMALS FOR TOMORROW
                         NORMAL    RECORD    YEAR

 MAXIMUM TEMPERATURE (F)   64        83      1999

 MINIMUM TEMPERATURE (F)   51        41      1943




SUNRISE AND SUNSET

AUGUST  1 2014........SUNRISE   450 AM AKDT  SUNSET   918 PM AKDT
AUGUST  2 2014........SUNRISE   452 AM AKDT  SUNSET   916 PM AKDT


-  INDICATES NEGATIVE NUMBERS.
R  INDICATES RECORD WAS SET OR TIED.
MM INDICATES DATA IS MISSING.
T  INDICATES TRACE AMOUNT.




$$


&&
----------------------------
AMOUNT OF DAYLIGHT TODAY  (HOUR:MIN)........16:28
GAIN/LOSS SINCE YESTERDAY (HOUR:MIN:SEC)....-0:04:22
