000
CDAK47 PAJK 281129
CLIJNU
AKZ025-282300-
CLIMATE REPORT
NATIONAL WEATHER SERVICE JUNEAU, AK
228 AM AKST SUN DEC 28 2014


...................................

...THE JUNEAU CLIMATE SUMMARY FOR DECEMBER 27 2014...

CLIMATE NORMAL PERIOD 1981 TO 2010
CLIMATE RECORD PERIOD 1943 TO 2014


WEATHER ITEM   OBSERVED TIME   RECORD YEAR NORMAL DEPARTURE LAST
                VALUE   (LST)  VALUE       VALUE  FROM      YEAR
                                                  NORMAL
..................................................................
TEMPERATURE (F)
 YESTERDAY
  MAXIMUM         36    525 AM  48    1999  33      3       34
  MINIMUM         23   1159 PM -11    1949  25     -2       30
  AVERAGE         30                        29      1       32

PRECIPITATION (IN)
  YESTERDAY        T             2.67 1999   0.17  -0.17     0.14
  MONTH TO DATE    3.01                      5.16  -2.15     6.95
  SINCE DEC 1      3.01                      5.16  -2.15     6.95
  SINCE JAN 1     68.41                     61.59   6.82    72.27

SNOWFALL (IN)
  YESTERDAY        0.0           6.5  1957   0.5   -0.5      1.0
  MONTH TO DATE    3.5                      13.2   -9.7     29.5
  SINCE DEC 1      3.5                      13.2   -9.7     29.5
  SINCE JUL 1     13.3                      27.1  -13.8     48.7
  SNOW DEPTH       0

DEGREE DAYS
 HEATING
  YESTERDAY       35                        36     -1       33
  MONTH TO DATE  824                       944   -120     1024
  SINCE DEC 1    824                       944   -120     1024
  SINCE JUL 1   3233                      3575   -342     3497
..................................................................


WIND (MPH)
  HIGHEST WIND SPEED    10   HIGHEST WIND DIRECTION     W (270)
  HIGHEST GUST SPEED    14   HIGHEST GUST DIRECTION     W (280)
  AVERAGE WIND SPEED     1.7


SKY COVER
  POSSIBLE SUNSHINE  MM
  AVERAGE SKY COVER 0.5


WEATHER CONDITIONS
 THE FOLLOWING WEATHER WAS RECORDED YESTERDAY.
  LIGHT RAIN
  FOG
  FOG W/VISIBILITY <= 1/4 MILE


RELATIVE HUMIDITY (PERCENT)
 HIGHEST   100          1200 AM
 LOWEST     92           300 AM
 AVERAGE    96

..........................................................


THE JUNEAU CLIMATE NORMALS FOR TODAY
                         NORMAL    RECORD    YEAR
 MAXIMUM TEMPERATURE (F)   33        47      2005
 MINIMUM TEMPERATURE (F)   24        -9      1949


SUNRISE AND SUNSET
DECEMBER 28 2014......SUNRISE   847 AM AKST  SUNSET   313 PM AKST
DECEMBER 29 2014......SUNRISE   847 AM AKST  SUNSET   314 PM AKST


-  INDICATES NEGATIVE NUMBERS.
R  INDICATES RECORD WAS SET OR TIED.
MM INDICATES DATA IS MISSING.
T  INDICATES TRACE AMOUNT.




$$


&&
----------------------------
AMOUNT OF DAYLIGHT TODAY  (HOUR:MIN)........ 6:25
GAIN/LOSS SINCE YESTERDAY (HOUR:MIN:SEC)....+0:01:01
