000
CDAK47 PAJK 281135
CLIJNU
AKZ025-282300-
CLIMATE REPORT
NATIONAL WEATHER SERVICE JUNEAU, AK
226 AM AKST FRI NOV 28 2014

...................................

...THE JUNEAU CLIMATE SUMMARY FOR NOVEMBER 27 2014...

CLIMATE NORMAL PERIOD 1981 TO 2010
CLIMATE RECORD PERIOD 1943 TO 2014


WEATHER ITEM   OBSERVED TIME   RECORD YEAR NORMAL DEPARTURE LAST
                VALUE   (LST)  VALUE       VALUE  FROM      YEAR
                                                  NORMAL
..................................................................
TEMPERATURE (F)
 YESTERDAY
  MAXIMUM         36    104 AM  53    2002  36      0       42
  MINIMUM         21   1049 PM  -5    2006  27     -6       33
  AVERAGE         29                        32     -3       38

PRECIPITATION (IN)
  YESTERDAY        0.00          0.96 1959   0.20  -0.20     0.62
  MONTH TO DATE    3.77                      5.39  -1.62     6.10
  SINCE SEP 1     20.54                     22.66  -2.12    23.82
  SINCE JAN 1     64.73                     55.83   8.90    64.73

SNOWFALL (IN)
  YESTERDAY        0.0           4.7  1971   0.6   -0.6      0.0
  MONTH TO DATE    T                        11.4  -11.4     14.1
  SINCE SEP 1      T                        12.2  -12.2     14.1
  SINCE JUL 1      T                        12.2  -12.2     14.1
  SNOW DEPTH       0

DEGREE DAYS
 HEATING
  YESTERDAY       36                        34      2       27
  MONTH TO DATE  763                       845    -82      933
  SINCE SEP 1   1801                      1995   -194     1941
  SINCE JUL 1   2277                      2530   -253     2376
..................................................................


WIND (MPH)
  HIGHEST WIND SPEED    22   HIGHEST WIND DIRECTION     E (80)
  HIGHEST GUST SPEED    29   HIGHEST GUST DIRECTION     E (110)
  AVERAGE WIND SPEED    10.3


SKY COVER
  POSSIBLE SUNSHINE  MM
  AVERAGE SKY COVER 0.2


WEATHER CONDITIONS
 THE FOLLOWING WEATHER WAS RECORDED YESTERDAY.
  NO SIGNIFICANT WEATHER WAS OBSERVED.


RELATIVE HUMIDITY (PERCENT)
 HIGHEST    56          1200 AM
 LOWEST     33           500 AM
 AVERAGE    45

..........................................................


THE JUNEAU CLIMATE NORMALS FOR TODAY
                         NORMAL    RECORD    YEAR
 MAXIMUM TEMPERATURE (F)   36        49      1969
 MINIMUM TEMPERATURE (F)   27        -5      2006


SUNRISE AND SUNSET
NOVEMBER 28 2014......SUNRISE   815 AM AKST  SUNSET   317 PM AKST
NOVEMBER 29 2014......SUNRISE   817 AM AKST  SUNSET   316 PM AKST


-  INDICATES NEGATIVE NUMBERS.
R  INDICATES RECORD WAS SET OR TIED.
MM INDICATES DATA IS MISSING.
T  INDICATES TRACE AMOUNT.




$$


&&
----------------------------
AMOUNT OF DAYLIGHT TODAY  (HOUR:MIN)........ 7:02
GAIN/LOSS SINCE YESTERDAY (HOUR:MIN:SEC)....-0:03:16
