489
CDAK47 PAJK 231235
CLIJNU
CLIMATE REPORT
NATIONAL WEATHER SERVICE JUNEAU, AK
334 AM AKST THU NOV 23 2017


...................................

...THE JUNEAU CLIMATE SUMMARY FOR NOVEMBER 22 2017...

CLIMATE NORMAL PERIOD 1981 TO 2010
CLIMATE RECORD PERIOD 1936 TO 2017


WEATHER ITEM   OBSERVED RECORD YEAR NORMAL DEPARTURE LAST
                VALUE   VALUE       VALUE  FROM      YEAR
                                           NORMAL
...........................................................
TEMPERATURE (F)
 YESTERDAY
  MAXIMUM         28     52    2005  36     -8       31
  MINIMUM         11     -2    1973  28    -17       25
  AVERAGE         20                 32    -12       28

PRECIPITATION (IN)
  YESTERDAY        T      1.79 2005   0.20  -0.20     0.03
  MONTH TO DATE    1.00               4.38  -3.38     4.86
  SINCE JAN 1     60.16              54.82   5.34    55.61

SNOWFALL (IN)
  YESTERDAY        T     10.4  1994   0.6   -0.6      1.2
  MONTH TO DATE   18.1                8.5    9.6      1.2
  SINCE JUL 1     18.1                9.3    8.8      6.9
  SNOW DEPTH      10

DEGREE DAYS
 HEATING
  YESTERDAY       45                 33     12       37
  MONTH TO DATE  833                679    154      589
...........................................................


WIND (MPH)
  HIGHEST WIND SPEED     8   HIGHEST WIND DIRECTION     E (70)
  HIGHEST GUST SPEED    10   HIGHEST GUST DIRECTION    NE (60)
  AVERAGE WIND SPEED     1.8


SKY COVER
  AVERAGE SKY COVER 0.9


WEATHER CONDITIONS
 THE FOLLOWING WEATHER WAS RECORDED YESTERDAY.
  LIGHT SNOW
  FOG


..........................................................


THE JUNEAU CLIMATE NORMALS FOR TODAY
                         NORMAL    RECORD    YEAR
 MAXIMUM TEMPERATURE (F)   36        53      2005
                                             1936
 MINIMUM TEMPERATURE (F)   28        -2      2006


SUNRISE AND SUNSET
NOVEMBER 23 2017......SUNRISE   806 AM AKST  SUNSET   324 PM AKST
NOVEMBER 24 2017......SUNRISE   808 AM AKST  SUNSET   322 PM AKST


-  INDICATES NEGATIVE NUMBERS.
R  INDICATES RECORD WAS SET OR TIED.
MM INDICATES DATA IS MISSING.
T  INDICATES TRACE AMOUNT.




$$
--------------------------------------------------------------

AMOUNT OF DAYLIGHT TODAY (HOUR:MIN)......... 7 HOURS 18 MINUTES
GAIN/LOSS SINCE YESTERDAY (HOUR:MIN:SEC).... -0:03:42

$$
