973
CDAK47 PAJK 081127
CLIJNU
AKZ025-082300-
NATIONAL WEATHER SERVICE JUNEAU, AK
226 AM AKST MON FEB 8 2016


...................................

...THE JUNEAU CLIMATE SUMMARY FOR FEBRUARY 7 2016...

CLIMATE NORMAL PERIOD 1981 TO 2010
CLIMATE RECORD PERIOD 1936 TO 2016


WEATHER ITEM   OBSERVED TIME   RECORD YEAR NORMAL DEPARTURE LAST
                VALUE   (LST)  VALUE       VALUE  FROM      YEAR
                                                  NORMAL
..................................................................
TEMPERATURE (F)
 YESTERDAY
  MAXIMUM         42   1147 PM  49    1963  34      8       12
  MINIMUM         33   1032 AM  -8    1979  25      8        6
  AVERAGE         38                        30      8        9

PRECIPITATION (IN)
  YESTERDAY        0.06          1.31 1976   0.15  -0.09     0.15
  MONTH TO DATE    0.67                      1.06  -0.39     0.15
  SINCE DEC 1      9.62                     12.25  -2.63    15.42
  SINCE JAN 1      7.20                      6.41   0.79    12.13

SNOWFALL (IN)
  YESTERDAY        T            14.4  1965   0.8   -0.8      4.0
  MONTH TO DATE    T                         5.3   -5.3      4.0
  SINCE DEC 1     16.3                      48.6  -32.3     22.6
  SINCE JUL 1     32.9                      62.5  -29.6     32.4
  SNOW DEPTH       0

DEGREE DAYS
 HEATING
  YESTERDAY       27                        36     -9       56
  MONTH TO DATE  203                       252    -49      308
  SINCE DEC 1   2146                      2481   -335     2200
  SINCE JUL 1   4577                      5112   -535     4609
..................................................................


WIND (MPH)
  HIGHEST WIND SPEED    18   HIGHEST WIND DIRECTION     E (70)
  HIGHEST GUST SPEED    22   HIGHEST GUST DIRECTION     E (80)
  AVERAGE WIND SPEED     8.3


SKY COVER
  AVERAGE SKY COVER 0.9


WEATHER CONDITIONS
 THE FOLLOWING WEATHER WAS RECORDED YESTERDAY.
  LIGHT RAIN
  HAIL
  SNOW
  LIGHT SNOW
  FOG


RELATIVE HUMIDITY (PERCENT)
 HIGHEST    96           900 AM
 LOWEST     64           500 AM
 AVERAGE    80

..........................................................


THE JUNEAU CLIMATE NORMALS FOR TODAY
                         NORMAL    RECORD    YEAR
 MAXIMUM TEMPERATURE (F)   35        48      1968
 MINIMUM TEMPERATURE (F)   25        -8      2008


SUNRISE AND SUNSET
FEBRUARY  8 2016......SUNRISE   749 AM AKST  SUNSET   437 PM AKST
FEBRUARY  9 2016......SUNRISE   746 AM AKST  SUNSET   440 PM AKST


-  INDICATES NEGATIVE NUMBERS.
R  INDICATES RECORD WAS SET OR TIED.
MM INDICATES DATA IS MISSING.
T  INDICATES TRACE AMOUNT.




$$

&&
----------------------------
AMOUNT OF DAYLIGHT TODAY  (HOUR:MIN)........ 8:49
GAIN/LOSS SINCE YESTERDAY (HOUR:MIN:SEC)....+0:04:47
