000
CDUS41 KCTP 010622
CLIJST


CLIMATE REPORT
NATIONAL WEATHER SERVICE STATE COLLEGE PA
222 AM EDT SAT NOV 1 2014


...................................

...THE JOHNSTOWN CLIMATE SUMMARY FOR OCTOBER 31 2014...

CLIMATE NORMAL PERIOD 1981 TO 2010
CLIMATE RECORD PERIOD 2000 TO 2014


WEATHER ITEM   OBSERVED TIME   RECORD YEAR NORMAL DEPARTURE LAST
                VALUE   (LST)  VALUE       VALUE  FROM      YEAR
                                                  NORMAL
..................................................................
TEMPERATURE (F)
 YESTERDAY
  MAXIMUM         43    232 PM  79    1946  53    -10       62
  MINIMUM         37   1159 PM  22    1988  38     -1       53
  AVERAGE         40                        46     -6       58

PRECIPITATION (IN)
  YESTERDAY        0.07          1.39 1970   0.08  -0.01     0.28
  MONTH TO DATE    2.91                      3.06  -0.15     2.63
  SINCE SEP 1      4.11                      3.06   1.05     6.70
  SINCE JAN 1     30.01                     27.35   2.66    31.65

DEGREE DAYS
 HEATING
  YESTERDAY       25                        19      6        7
  MONTH TO DATE  405                       475    -70      421
  SINCE SEP 1    555                       655   -100      638
  SINCE JUL 1    638                       693    -55      709

 COOLING
  YESTERDAY        0                         0      0        0
  MONTH TO DATE    0                         3     -3       16
  SINCE SEP 1     46                        22     24       47
  SINCE JAN 1    341                       382    -41      393
..................................................................


WIND (MPH)
  HIGHEST WIND SPEED     9   HIGHEST WIND DIRECTION    SE (150)
  HIGHEST GUST SPEED    11   HIGHEST GUST DIRECTION    NE (50)
  AVERAGE WIND SPEED     3.3


SKY COVER
  POSSIBLE SUNSHINE  MM
  AVERAGE SKY COVER 1.0


WEATHER CONDITIONS
 THE FOLLOWING WEATHER WAS RECORDED YESTERDAY.
  LIGHT RAIN
  FOG


RELATIVE HUMIDITY (PERCENT)
 HIGHEST    92           800 PM
 LOWEST     70          1000 AM
 AVERAGE    81

..........................................................


THE JOHNSTOWN CLIMATE NORMALS FOR TODAY
                         NORMAL    RECORD    YEAR
 MAXIMUM TEMPERATURE (F)   52        82      1971
 MINIMUM TEMPERATURE (F)   38        20      1925


SUNRISE AND SUNSET
NOVEMBER  1 2014......SUNRISE   745 AM EDT   SUNSET   612 PM EDT
NOVEMBER  2 2014......SUNRISE   646 AM EST   SUNSET   511 PM EST


-  INDICATES NEGATIVE NUMBERS.
R  INDICATES RECORD WAS SET OR TIED.
MM INDICATES DATA IS MISSING.
T  INDICATES TRACE AMOUNT.




$$
