000
CDUS41 KCTP 100627
CLIJST


CLIMATE REPORT
NATIONAL WEATHER SERVICE STATE COLLEGE PA
126 AM EST SAT DEC 10 2016


...................................

...THE JOHNSTOWN CLIMATE SUMMARY FOR DECEMBER 9 2016...

CLIMATE NORMAL PERIOD 1981 TO 2010
CLIMATE RECORD PERIOD 1892 TO 2016


WEATHER ITEM   OBSERVED TIME   RECORD YEAR NORMAL DEPARTURE LAST
                VALUE   (LST)  VALUE       VALUE  FROM      YEAR
                                                  NORMAL
..................................................................
TEMPERATURE (F)
 YESTERDAY
  MAXIMUM         21        MM  72    1966  36    -15       52
  MINIMUM         18        MM   1    1917  24     -6       33
  AVERAGE         20                        30    -10       43

PRECIPITATION (IN)
  YESTERDAY        T             1.14 1986   0.08  -0.08     0.04
  MONTH TO DATE    1.03                      0.81   0.22     1.21
  SINCE DEC 1      1.03                      0.81   0.22     1.21
  SINCE JAN 1     33.85                     31.86   1.99    42.60

DEGREE DAYS
 HEATING
  YESTERDAY       45                        35     10       22
  MONTH TO DATE  299                       302     -3      228
  SINCE DEC 1    299                       302     -3      228
  SINCE JUL 1   1368                      1759   -391     1346

 COOLING
  YESTERDAY        0                         0      0        0
  MONTH TO DATE    0                         0      0        0
  SINCE DEC 1      0                         0      0        0
  SINCE JAN 1    705                       382    323      556
..................................................................


WIND (MPH)
  HIGHEST WIND SPEED    22   HIGHEST WIND DIRECTION     W (280)
  HIGHEST GUST SPEED    33   HIGHEST GUST DIRECTION     W (290)
  AVERAGE WIND SPEED    15.3


SKY COVER
  POSSIBLE SUNSHINE  MM
  AVERAGE SKY COVER 1.0


WEATHER CONDITIONS
 THE FOLLOWING WEATHER WAS RECORDED YESTERDAY.
  LIGHT SNOW
  FOG


RELATIVE HUMIDITY (PERCENT)
 HIGHEST    92           500 AM
 LOWEST     73          1200 AM
 AVERAGE    83

..........................................................


THE JOHNSTOWN CLIMATE NORMALS FOR TODAY
                         NORMAL    RECORD    YEAR
 MAXIMUM TEMPERATURE (F)   36        75      1966
 MINIMUM TEMPERATURE (F)   23        -4      1958


SUNRISE AND SUNSET
DECEMBER 10 2016......SUNRISE   728 AM EST   SUNSET   449 PM EST
DECEMBER 11 2016......SUNRISE   728 AM EST   SUNSET   449 PM EST


-  INDICATES NEGATIVE NUMBERS.
R  INDICATES RECORD WAS SET OR TIED.
MM INDICATES DATA IS MISSING.
T  INDICATES TRACE AMOUNT.




$$
