000
CDUS41 KCTP 172217
CLIJST


CLIMATE REPORT
NATIONAL WEATHER SERVICE STATE COLLEGE PA
516 PM EST SAT FEB 17 2018


...................................

...THE JOHNSTOWN CLIMATE SUMMARY FOR FEBRUARY 17 2018...
VALID TODAY AS OF 0500 PM LOCAL TIME.

CLIMATE NORMAL PERIOD 1981 TO 2010
CLIMATE RECORD PERIOD 1892 TO 2018


WEATHER ITEM   OBSERVED TIME   RECORD YEAR NORMAL DEPARTURE LAST
                VALUE   (LST)  VALUE       VALUE  FROM      YEAR
                                                  NORMAL
..................................................................
TEMPERATURE (F)
 TODAY
  MAXIMUM         30   1142 AM  75    1954  34     -4       47
  MINIMUM         20    754 AM  -6    1958  20      0       14
  AVERAGE         25                        27     -2       31

PRECIPITATION (IN)
  TODAY            0.15          1.18 1980   0.08   0.07     0.00
  MONTH TO DATE    4.81                      1.41   3.40     1.90
  SINCE DEC 1      8.37                      6.86   1.51     9.27
  SINCE JAN 1      7.27                      4.29   2.98     5.09

DEGREE DAYS
 HEATING
  TODAY           40                        38      2       34
  MONTH TO DATE  586                       663    -77      574
  SINCE DEC 1   3017                      3022     -5     2660
  SINCE JUL 1   4230                      4485   -255     3729

 COOLING
  TODAY            0                         0      0        0
  MONTH TO DATE    0                         0      0        0
  SINCE DEC 1      0                         0      0        0
  SINCE JAN 1      0                         0      0        0
..................................................................


WIND (MPH)
  HIGHEST WIND SPEED    18   HIGHEST WIND DIRECTION     S (170)
  HIGHEST GUST SPEED    24   HIGHEST GUST DIRECTION    SE (150)
  AVERAGE WIND SPEED     7.4


SKY COVER
  POSSIBLE SUNSHINE  MM
  AVERAGE SKY COVER 0.7


WEATHER CONDITIONS
 THE FOLLOWING WEATHER WAS RECORDED TODAY.
  HEAVY SNOW
  SNOW
  LIGHT SNOW
  FOG
  FOG W/VISIBILITY <= 1/4 MILE


RELATIVE HUMIDITY (PERCENT)
 HIGHEST    92           400 PM
 LOWEST     74          1200 AM
 AVERAGE    83

..........................................................


THE JOHNSTOWN CLIMATE NORMALS FOR TOMORROW
                         NORMAL    RECORD    YEAR
 MAXIMUM TEMPERATURE (F)   35        70      1981
 MINIMUM TEMPERATURE (F)   20        -8      1958


SUNRISE AND SUNSET
FEBRUARY 17 2018......SUNRISE   706 AM EST   SUNSET   553 PM EST
FEBRUARY 18 2018......SUNRISE   705 AM EST   SUNSET   554 PM EST


-  INDICATES NEGATIVE NUMBERS.
R  INDICATES RECORD WAS SET OR TIED.
MM INDICATES DATA IS MISSING.
T  INDICATES TRACE AMOUNT.




$$
