000
CDUS41 KCTP 270631
CLIJST


CLIMATE REPORT
NATIONAL WEATHER SERVICE STATE COLLEGE PA
130 AM EST MON FEB 27 2017


...................................

...THE JOHNSTOWN CLIMATE SUMMARY FOR FEBRUARY 26 2017...

CLIMATE NORMAL PERIOD 1981 TO 2010
CLIMATE RECORD PERIOD 1892 TO 2017


WEATHER ITEM   OBSERVED TIME   RECORD YEAR NORMAL DEPARTURE LAST
                VALUE   (LST)  VALUE       VALUE  FROM      YEAR
                                                  NORMAL
..................................................................
TEMPERATURE (F)
 YESTERDAY
  MAXIMUM         32    530 PM  67    1917  37     -5       24
  MINIMUM         21    633 AM  -7    1900  22     -1       18
  AVERAGE         27                        30     -3       21

PRECIPITATION (IN)
  YESTERDAY        T             1.39 1912   0.08  -0.08      T
  MONTH TO DATE    2.33                      2.17   0.16     1.89
  SINCE DEC 1      9.70                      7.62   2.08     6.49
  SINCE JAN 1      5.52                      5.05   0.47     2.76

DEGREE DAYS
 HEATING
  YESTERDAY       38                        36      2       44
  MONTH TO DATE  719                       992   -273      934
  SINCE DEC 1   2805                      3351   -546     2868
  SINCE JUL 1   3874                      4809   -935     3986

 COOLING
  YESTERDAY        0                         0      0        0
  MONTH TO DATE    0                         0      0        0
  SINCE DEC 1      0                         0      0        0
  SINCE JAN 1      0                         0      0        0
..................................................................


WIND (MPH)
  HIGHEST WIND SPEED    25   HIGHEST WIND DIRECTION     W (290)
  HIGHEST GUST SPEED    31   HIGHEST GUST DIRECTION     W (280)
  AVERAGE WIND SPEED    12.0


SKY COVER
  POSSIBLE SUNSHINE  MM
  AVERAGE SKY COVER 0.7


WEATHER CONDITIONS
 THE FOLLOWING WEATHER WAS RECORDED YESTERDAY.
  LIGHT SNOW
  FOG


RELATIVE HUMIDITY (PERCENT)
 HIGHEST    92           900 AM
 LOWEST     43          1100 PM
 AVERAGE    68

..........................................................


THE JOHNSTOWN CLIMATE NORMALS FOR TODAY
                         NORMAL    RECORD    YEAR
 MAXIMUM TEMPERATURE (F)   37        72      1951
 MINIMUM TEMPERATURE (F)   22        -8      1963


SUNRISE AND SUNSET
FEBRUARY 27 2017......SUNRISE   651 AM EST   SUNSET   605 PM EST
FEBRUARY 28 2017......SUNRISE   650 AM EST   SUNSET   606 PM EST


-  INDICATES NEGATIVE NUMBERS.
R  INDICATES RECORD WAS SET OR TIED.
MM INDICATES DATA IS MISSING.
T  INDICATES TRACE AMOUNT.




$$
