000
CDUS41 KCTP 250634
CLIJST


CLIMATE REPORT
NATIONAL WEATHER SERVICE STATE COLLEGE PA
234 AM EDT WED MAY 25 2016


...................................

...THE JOHNSTOWN CLIMATE SUMMARY FOR MAY 24 2016...

CLIMATE NORMAL PERIOD 1981 TO 2010
CLIMATE RECORD PERIOD 1892 TO 2016


WEATHER ITEM   OBSERVED TIME   RECORD YEAR NORMAL DEPARTURE LAST
                VALUE   (LST)  VALUE       VALUE  FROM      YEAR
                                                  NORMAL
..................................................................
TEMPERATURE (F)
 YESTERDAY
  MAXIMUM         73    523 PM  93    1908  68      5       77
  MINIMUM         50    530 AM  31    1963  50      0       47
  AVERAGE         62                        59      3       62

PRECIPITATION (IN)
  YESTERDAY        0.00          1.96 1979   0.17  -0.17     0.00
  MONTH TO DATE    3.91                      3.42   0.49     2.00
  SINCE MAR 1      7.71                     10.30  -2.59    10.46
  SINCE JAN 1     10.56                     15.53  -4.97    13.86

DEGREE DAYS
 HEATING
  YESTERDAY        3                         7     -4        3
  MONTH TO DATE  278                       233     45      132
  SINCE MAR 1   1424                      1684   -260     1588
  SINCE JUL 1   5487                      6564  -1077     6777

 COOLING
  YESTERDAY        0                         1     -1        0
  MONTH TO DATE    0                        11    -11       43
  SINCE MAR 1      0                        16    -16       43
  SINCE JAN 1      0                        16    -16       43
..................................................................


WIND (MPH)
  HIGHEST WIND SPEED    22   HIGHEST WIND DIRECTION    NW (310)
  HIGHEST GUST SPEED    28   HIGHEST GUST DIRECTION    NW (300)
  AVERAGE WIND SPEED     8.6


SKY COVER
  POSSIBLE SUNSHINE  MM
  AVERAGE SKY COVER 0.1


WEATHER CONDITIONS
 THE FOLLOWING WEATHER WAS RECORDED YESTERDAY.
  NO SIGNIFICANT WEATHER WAS OBSERVED.


RELATIVE HUMIDITY (PERCENT)
 HIGHEST    77           400 AM
 LOWEST     33           500 PM
 AVERAGE    55

..........................................................


THE JOHNSTOWN CLIMATE NORMALS FOR TODAY
                         NORMAL    RECORD    YEAR
 MAXIMUM TEMPERATURE (F)   68        95      1904
 MINIMUM TEMPERATURE (F)   50        31      1956


SUNRISE AND SUNSET
MAY 25 2016...........SUNRISE   551 AM EDT   SUNSET   834 PM EDT
MAY 26 2016...........SUNRISE   550 AM EDT   SUNSET   835 PM EDT


-  INDICATES NEGATIVE NUMBERS.
R  INDICATES RECORD WAS SET OR TIED.
MM INDICATES DATA IS MISSING.
T  INDICATES TRACE AMOUNT.




$$
