000
CDUS41 KCTP 262223
CLIJST


CLIMATE REPORT
NATIONAL WEATHER SERVICE STATE COLLEGE PA
523 PM EST FRI DEC 26 2014


...................................

...THE JOHNSTOWN CLIMATE SUMMARY FOR DECEMBER 26 2014...
VALID TODAY AS OF 0500 PM LOCAL TIME.

CLIMATE NORMAL PERIOD 1981 TO 2010
CLIMATE RECORD PERIOD 2000 TO 2014


WEATHER ITEM   OBSERVED TIME   RECORD YEAR NORMAL DEPARTURE LAST
                VALUE   (LST)  VALUE       VALUE  FROM      YEAR
                                                  NORMAL
..................................................................
TEMPERATURE (F)
 TODAY
  MAXIMUM         47    340 PM  65    1982  34     13       29
  MINIMUM         32    909 AM -15    1983  20     12       20
  AVERAGE         40                        27     13       25

PRECIPITATION (IN)
  TODAY            0.00          1.23 1957   0.09  -0.09     0.02
  MONTH TO DATE    2.32                      2.18   0.14     2.31
  SINCE DEC 1      2.32                      2.18   0.14     2.31
  SINCE JAN 1     33.94                     33.23   0.71    36.30

DEGREE DAYS
 HEATING
  TODAY           25                        38    -13       40
  MONTH TO DATE  838                       932    -94      888
  SINCE DEC 1    838                       932    -94      888
  SINCE JUL 1   2349                      2389    -40     2519

 COOLING
  TODAY            0                         0      0        0
  MONTH TO DATE    0                         0      0        0
  SINCE DEC 1      0                         0      0        0
  SINCE JAN 1    341                       382    -41      393
..................................................................


WIND (MPH)
  HIGHEST WIND SPEED    16   HIGHEST WIND DIRECTION     W (260)
  HIGHEST GUST SPEED    21   HIGHEST GUST DIRECTION     W (270)
  AVERAGE WIND SPEED    10.4


SKY COVER
  POSSIBLE SUNSHINE  MM
  AVERAGE SKY COVER 0.6


WEATHER CONDITIONS
 THE FOLLOWING WEATHER WAS RECORDED TODAY.
  NO SIGNIFICANT WEATHER WAS OBSERVED.


RELATIVE HUMIDITY (PERCENT)
 HIGHEST    78           500 AM
 LOWEST     41           500 PM
 AVERAGE    60

..........................................................


THE JOHNSTOWN CLIMATE NORMALS FOR TOMORROW
                         NORMAL    RECORD    YEAR
 MAXIMUM TEMPERATURE (F)   33        64      2008
 MINIMUM TEMPERATURE (F)   19        -3      1914


SUNRISE AND SUNSET
DECEMBER 26 2014......SUNRISE   737 AM EST   SUNSET   455 PM EST
DECEMBER 27 2014......SUNRISE   737 AM EST   SUNSET   456 PM EST


-  INDICATES NEGATIVE NUMBERS.
R  INDICATES RECORD WAS SET OR TIED.
MM INDICATES DATA IS MISSING.
T  INDICATES TRACE AMOUNT.




$$
