000
CDUS41 KCTP 262130
CLIJST


CLIMATE REPORT
NATIONAL WEATHER SERVICE STATE COLLEGE PA
529 PM EDT FRI MAY 26 2017


...................................

...THE JOHNSTOWN CLIMATE SUMMARY FOR MAY 26 2017...
VALID TODAY AS OF 0500 PM LOCAL TIME.

CLIMATE NORMAL PERIOD 1981 TO 2010
CLIMATE RECORD PERIOD 1892 TO 2017


WEATHER ITEM   OBSERVED TIME   RECORD YEAR NORMAL DEPARTURE LAST
                VALUE   (LST)  VALUE       VALUE  FROM      YEAR
                                                  NORMAL
..................................................................
TEMPERATURE (F)
 TODAY
  MAXIMUM         59    326 PM  94    1914  68     -9       77
  MINIMUM         53    429 AM  33    1917  50      3       62
  AVERAGE         56                        59     -3       70

PRECIPITATION (IN)
  TODAY            0.19          2.37 1950   0.16   0.03      T
  MONTH TO DATE    5.32                      3.74   1.58     3.91
  SINCE MAR 1     13.00                     10.62   2.38     7.71
  SINCE JAN 1     18.66                     15.85   2.81    10.56

DEGREE DAYS
 HEATING
  TODAY            9                         7      2        0
  MONTH TO DATE  282                       247     35      278
  SINCE MAR 1   1530                      1698   -168     1424
  SINCE JUL 1   5450                      6578  -1128     5487

 COOLING
  TODAY            0                         1     -1        5
  MONTH TO DATE   26                        13     13        7
  SINCE MAR 1     29                        18     11        7
  SINCE JAN 1     29                        18     11        7
..................................................................


WIND (MPH)
  HIGHEST WIND SPEED    24   HIGHEST WIND DIRECTION     W (290)
  HIGHEST GUST SPEED    35   HIGHEST GUST DIRECTION     W (270)
  AVERAGE WIND SPEED    15.4


SKY COVER
  POSSIBLE SUNSHINE  MM
  AVERAGE SKY COVER 0.8


WEATHER CONDITIONS
 THE FOLLOWING WEATHER WAS RECORDED TODAY.
  RAIN
  LIGHT RAIN
  FOG
  FOG W/VISIBILITY <= 1/4 MILE


RELATIVE HUMIDITY (PERCENT)
 HIGHEST   100           400 AM
 LOWEST     86           300 PM
 AVERAGE    93

..........................................................


THE JOHNSTOWN CLIMATE NORMALS FOR TOMORROW
                         NORMAL    RECORD    YEAR
 MAXIMUM TEMPERATURE (F)   69        91      1918
 MINIMUM TEMPERATURE (F)   51        32      1915


SUNRISE AND SUNSET
MAY 26 2017...........SUNRISE   551 AM EDT   SUNSET   835 PM EDT
MAY 27 2017...........SUNRISE   550 AM EDT   SUNSET   835 PM EDT


-  INDICATES NEGATIVE NUMBERS.
R  INDICATES RECORD WAS SET OR TIED.
MM INDICATES DATA IS MISSING.
T  INDICATES TRACE AMOUNT.




$$
