000
CDUS41 KCTP 270616
CLIJST


CLIMATE REPORT
NATIONAL WEATHER SERVICE STATE COLLEGE PA
216 AM EDT SAT AUG 27 2016


...................................

...THE JOHNSTOWN CLIMATE SUMMARY FOR AUGUST 26 2016...

CLIMATE NORMAL PERIOD 1981 TO 2010
CLIMATE RECORD PERIOD 1892 TO 2016


WEATHER ITEM   OBSERVED TIME   RECORD YEAR NORMAL DEPARTURE LAST
                VALUE   (LST)  VALUE       VALUE  FROM      YEAR
                                                  NORMAL
..................................................................
TEMPERATURE (F)
 YESTERDAY
  MAXIMUM         82    257 PM  95    1948  75      7       65
  MINIMUM         66   1123 PM  40    1944  59      7       54
  AVERAGE         74                        67      7       60

PRECIPITATION (IN)
  YESTERDAY        0.38          2.32 2003   0.11   0.27      T
  MONTH TO DATE    3.67                      3.25   0.42     2.70
  SINCE JUN 1     12.87                      7.10   5.77    19.25
  SINCE JAN 1     23.67                     23.74  -0.07    33.65

DEGREE DAYS
 HEATING
  YESTERDAY        0                         1     -1        5
  MONTH TO DATE    0                        22    -22       16
  SINCE JUN 1     54                       109    -55       84
  SINCE JUL 1     11                        35    -24       23

 COOLING
  YESTERDAY        9                         3      6        0
  MONTH TO DATE  204                       105     99      101
  SINCE JUN 1    530                       330    200      347
  SINCE JAN 1    568                       348    220      431
..................................................................


WIND (MPH)
  HIGHEST WIND SPEED    21   HIGHEST WIND DIRECTION    NW (310)
  HIGHEST GUST SPEED    25   HIGHEST GUST DIRECTION    NW (310)
  AVERAGE WIND SPEED     7.4


SKY COVER
  POSSIBLE SUNSHINE  MM
  AVERAGE SKY COVER 0.3


WEATHER CONDITIONS
 THE FOLLOWING WEATHER WAS RECORDED YESTERDAY.
  THUNDERSTORM
  HEAVY RAIN
  LIGHT RAIN
  FOG


RELATIVE HUMIDITY (PERCENT)
 HIGHEST   100           200 AM
 LOWEST     51           500 PM
 AVERAGE    76

..........................................................


THE JOHNSTOWN CLIMATE NORMALS FOR TODAY
                         NORMAL    RECORD    YEAR
 MAXIMUM TEMPERATURE (F)   74       101      1948
 MINIMUM TEMPERATURE (F)   58        41      1944


SUNRISE AND SUNSET
AUGUST 27 2016........SUNRISE   638 AM EDT   SUNSET   754 PM EDT
AUGUST 28 2016........SUNRISE   639 AM EDT   SUNSET   753 PM EDT


-  INDICATES NEGATIVE NUMBERS.
R  INDICATES RECORD WAS SET OR TIED.
MM INDICATES DATA IS MISSING.
T  INDICATES TRACE AMOUNT.




$$
