000
CDUS41 KCTP 252117
CLIJST


CLIMATE REPORT
NATIONAL WEATHER SERVICE STATE COLLEGE PA
516 PM EDT SAT OCT 25 2014


...................................

...THE JOHNSTOWN CLIMATE SUMMARY FOR OCTOBER 25 2014...
VALID TODAY AS OF 0500 PM LOCAL TIME.

CLIMATE NORMAL PERIOD 1981 TO 2010
CLIMATE RECORD PERIOD 2000 TO 2014


WEATHER ITEM   OBSERVED TIME   RECORD YEAR NORMAL DEPARTURE LAST
                VALUE   (LST)  VALUE       VALUE  FROM      YEAR
                                                  NORMAL
..................................................................
TEMPERATURE (F)
 TODAY
  MAXIMUM         61    325 PM  86    1963  55      6       40
  MINIMUM         43    220 AM  23    1969  40      3       30
  AVERAGE         52                        47      5       35

PRECIPITATION (IN)
  TODAY            0.00          2.00 1980   0.09  -0.09      T
  MONTH TO DATE    2.64                      2.51   0.13     2.35
  SINCE SEP 1      3.84                      2.51   1.33     6.42
  SINCE JAN 1     29.74                     26.80   2.94    31.37

DEGREE DAYS
 HEATING
  TODAY           13                        18     -5       30
  MONTH TO DATE  314                       364    -50      306
  SINCE SEP 1    464                       544    -80      523
  SINCE JUL 1    547                       582    -35      594

 COOLING
  TODAY            0                         0      0        0
  MONTH TO DATE    0                         0      0       16
  SINCE SEP 1     46                        22     24       47
  SINCE JAN 1    341                       382    -41      393
..................................................................


WIND (MPH)
  HIGHEST WIND SPEED    23   HIGHEST WIND DIRECTION     W (270)
  HIGHEST GUST SPEED    32   HIGHEST GUST DIRECTION     W (270)
  AVERAGE WIND SPEED    12.9


SKY COVER
  POSSIBLE SUNSHINE  MM
  AVERAGE SKY COVER 0.6


WEATHER CONDITIONS
 THE FOLLOWING WEATHER WAS RECORDED TODAY.
  NO SIGNIFICANT WEATHER WAS OBSERVED.


RELATIVE HUMIDITY (PERCENT)
 HIGHEST    71           100 AM
 LOWEST     55           300 PM
 AVERAGE    63

..........................................................


THE JOHNSTOWN CLIMATE NORMALS FOR TOMORROW
                         NORMAL    RECORD    YEAR
 MAXIMUM TEMPERATURE (F)   55        85      1963
 MINIMUM TEMPERATURE (F)   39        23      1933


SUNRISE AND SUNSET
OCTOBER 25 2014.......SUNRISE   737 AM EDT   SUNSET   621 PM EDT
OCTOBER 26 2014.......SUNRISE   738 AM EDT   SUNSET   620 PM EDT


-  INDICATES NEGATIVE NUMBERS.
R  INDICATES RECORD WAS SET OR TIED.
MM INDICATES DATA IS MISSING.
T  INDICATES TRACE AMOUNT.




$$
