000
CDUS41 KCTP 210638
CLIJST


CLIMATE REPORT
NATIONAL WEATHER SERVICE STATE COLLEGE PA
238 AM EDT FRI JUL 21 2017


...................................

...THE JOHNSTOWN CLIMATE SUMMARY FOR JULY 20 2017...

CLIMATE NORMAL PERIOD 1981 TO 2010
CLIMATE RECORD PERIOD 1892 TO 2017


WEATHER ITEM   OBSERVED TIME   RECORD YEAR NORMAL DEPARTURE LAST
                VALUE   (LST)  VALUE       VALUE  FROM      YEAR
                                                  NORMAL
..................................................................
TEMPERATURE (F)
 YESTERDAY
  MAXIMUM         83    309 PM 101    1930  79      4       80
  MINIMUM         67    509 AM  44    1929  60      7       57
  AVERAGE         75                        70      5       69

PRECIPITATION (IN)
  YESTERDAY        0.25          8.75 1977   0.13   0.12     0.00
  MONTH TO DATE    2.14                      2.39  -0.25     1.42
  SINCE JUN 1      9.95                      2.39   7.56     6.10
  SINCE JAN 1     29.84                     19.03  10.81    16.90

DEGREE DAYS
 HEATING
  YESTERDAY        0                         0      0        0
  MONTH TO DATE    1                         8     -7       11
  SINCE JUN 1     60                        87    -27       54
  SINCE JUL 1      1                         8     -7       11

 COOLING
  YESTERDAY       10                         5      5        4
  MONTH TO DATE  125                        95     30      125
  SINCE JUN 1    231                       170     61      219
  SINCE JAN 1    260                       188     72      257
..................................................................


WIND (MPH)
  HIGHEST WIND SPEED    23   HIGHEST WIND DIRECTION    NW (320)
  HIGHEST GUST SPEED    30   HIGHEST GUST DIRECTION    NW (300)
  AVERAGE WIND SPEED     9.1


SKY COVER
  POSSIBLE SUNSHINE  MM
  AVERAGE SKY COVER 0.2


WEATHER CONDITIONS
 THE FOLLOWING WEATHER WAS RECORDED YESTERDAY.
  HEAVY RAIN
  RAIN
  LIGHT RAIN
  FOG
  HAZE


RELATIVE HUMIDITY (PERCENT)
 HIGHEST    97           100 AM
 LOWEST     55           100 PM
 AVERAGE    76

..........................................................


THE JOHNSTOWN CLIMATE NORMALS FOR TODAY
                         NORMAL    RECORD    YEAR
 MAXIMUM TEMPERATURE (F)   79       101      1926
 MINIMUM TEMPERATURE (F)   60        46      1929


SUNRISE AND SUNSET
JULY 21 2017..........SUNRISE   603 AM EDT   SUNSET   840 PM EDT
JULY 22 2017..........SUNRISE   604 AM EDT   SUNSET   839 PM EDT


-  INDICATES NEGATIVE NUMBERS.
R  INDICATES RECORD WAS SET OR TIED.
MM INDICATES DATA IS MISSING.
T  INDICATES TRACE AMOUNT.




$$
