000
CDUS41 KCTP 222117
CLIJST


CLIMATE REPORT
NATIONAL WEATHER SERVICE STATE COLLEGE PA
517 PM EDT MON SEP 22 2014


...................................

...THE JOHNSTOWN CLIMATE SUMMARY FOR SEPTEMBER 22 2014...
VALID TODAY AS OF 0500 PM LOCAL TIME.

CLIMATE NORMAL PERIOD 1981 TO 2010
CLIMATE RECORD PERIOD 2000 TO 2014


WEATHER ITEM   OBSERVED TIME   RECORD YEAR NORMAL DEPARTURE LAST
                VALUE   (LST)  VALUE       VALUE  FROM      YEAR
                                                  NORMAL
..................................................................
TEMPERATURE (F)
 TODAY
  MAXIMUM         54    242 PM  95    1914  66    -12       57
  MINIMUM         47    948 AM  31    1904  49     -2       47
  AVERAGE         51                        57     -6       52

PRECIPITATION (IN)
  TODAY            0.03          1.06 1950   0.12  -0.09     0.01
  MONTH TO DATE    1.20                      2.51  -1.31     4.07
  SINCE SEP 1      1.20                      2.51  -1.31     4.07
  SINCE JAN 1     27.10                     26.80   0.30    29.02

DEGREE DAYS
 HEATING
  TODAY           14                         8      6       13
  MONTH TO DATE  112                       103      9      133
  SINCE SEP 1    112                       103      9      133
  SINCE JUL 1    195                       145     50      204

 COOLING
  TODAY            0                         0      0        0
  MONTH TO DATE   46                        22     24       31
  SINCE SEP 1     46                        22     24       31
  SINCE JAN 1    341                       382    -41      377
..................................................................


WIND (MPH)
  HIGHEST WIND SPEED    24   HIGHEST WIND DIRECTION    NW (300)
  HIGHEST GUST SPEED    31   HIGHEST GUST DIRECTION    NW (300)
  AVERAGE WIND SPEED    15.6


SKY COVER
  POSSIBLE SUNSHINE  MM
  AVERAGE SKY COVER 0.9


WEATHER CONDITIONS
 THE FOLLOWING WEATHER WAS RECORDED TODAY.
  LIGHT RAIN
  FOG


RELATIVE HUMIDITY (PERCENT)
 HIGHEST    93           400 AM
 LOWEST     63           400 PM
 AVERAGE    78

..........................................................


THE JOHNSTOWN CLIMATE NORMALS FOR TOMORROW
                         NORMAL    RECORD    YEAR
 MAXIMUM TEMPERATURE (F)   66        94      1908
 MINIMUM TEMPERATURE (F)   48        32      1904


SUNRISE AND SUNSET
SEPTEMBER 22 2014.....SUNRISE   703 AM EDT   SUNSET   712 PM EDT
SEPTEMBER 23 2014.....SUNRISE   704 AM EDT   SUNSET   711 PM EDT


-  INDICATES NEGATIVE NUMBERS.
R  INDICATES RECORD WAS SET OR TIED.
MM INDICATES DATA IS MISSING.
T  INDICATES TRACE AMOUNT.




$$
