000
CDUS43 KGRR 211424
CLIJXN


CLIMATE REPORT
NATIONAL WEATHER SERVICE GRAND RAPIDS, MI
924 AM EST TUE NOV 21 2017


...................................

...THE JACKSON MI CLIMATE SUMMARY FOR NOVEMBER 21 2017...
VALID AS OF 0900 AM LOCAL TIME.

CLIMATE NORMAL PERIOD 1981 TO 2010
CLIMATE RECORD PERIOD 1944 TO 9999


WEATHER ITEM   OBSERVED TIME   NORMAL DEPARTURE LAST
                VALUE   (LST)  VALUE  FROM      YEAR
                                      NORMAL
......................................................
TEMPERATURE (F)
 TODAY
  MAXIMUM         42    859 AM  45     -3       37
  MINIMUM         40    557 AM  30     10       23
  AVERAGE         41            38      3       30

PRECIPITATION (IN)
  TODAY            0.00          0.09  -0.09     0.00
  MONTH TO DATE    4.41          1.87   2.54     1.18
  SINCE SEP 1     12.76          7.98   4.78     8.75
  SINCE JAN 1     35.82         28.90   6.92    35.06

DEGREE DAYS
 HEATING
  TODAY           24            27     -3       35
  MONTH TO DATE  562           490     72      362
  SINCE SEP 1    991          1103   -112      738
  SINCE JUL 1   1018          1138   -120      742

 COOLING
  TODAY            0             0      0        0
  MONTH TO DATE    0             0      0        0
  SINCE SEP 1    130            63     67      101
  SINCE JAN 1    657           592     65      829
......................................................


WIND (MPH)
  RESULTANT WIND SPEED  18   RESULTANT WIND DIRECTION   S (200)
  HIGHEST WIND SPEED    23   HIGHEST WIND DIRECTION     S (190)
  HIGHEST GUST SPEED    31   HIGHEST GUST DIRECTION     S (180)
  AVERAGE WIND SPEED    17.7


SKY COVER
  AVERAGE SKY COVER 0.0


WEATHER CONDITIONS
 THE FOLLOWING WEATHER WAS RECORDED TODAY.
  NO SIGNIFICANT WEATHER WAS OBSERVED.


RELATIVE HUMIDITY (PERCENT)
 HIGHEST    57           900 AM
 LOWEST     46           100 AM
 AVERAGE    52

..........................................................


THE JACKSON MI CLIMATE NORMALS FOR TOMORROW
                         NORMAL
 MAXIMUM TEMPERATURE (F)   45
 MINIMUM TEMPERATURE (F)   30


SUNRISE AND SUNSET
NOVEMBER 21 2017......SUNRISE   736 AM EST   SUNSET   511 PM EST
NOVEMBER 22 2017......SUNRISE   737 AM EST   SUNSET   511 PM EST


-  INDICATES NEGATIVE NUMBERS.
R  INDICATES RECORD WAS SET OR TIED.
MM INDICATES DATA IS MISSING.
T  INDICATES TRACE AMOUNT.




$$
