000
CDUS43 KGRR 251351
CLIJXN


CLIMATE REPORT
NATIONAL WEATHER SERVICE GRAND RAPIDS, MI
949 AM EDT MON SEP 25 2017


...................................

...THE JACKSON MI CLIMATE SUMMARY FOR SEPTEMBER 25 2017...
VALID AS OF 0900 AM LOCAL TIME.

CLIMATE NORMAL PERIOD 1981 TO 2010
CLIMATE RECORD PERIOD 1944 TO 9999


WEATHER ITEM   OBSERVED TIME   NORMAL DEPARTURE LAST
                VALUE   (LST)  VALUE  FROM      YEAR
                                      NORMAL
......................................................
TEMPERATURE (F)
 TODAY
  MAXIMUM         71   1227 AM  69      2       74
  MINIMUM         62    517 AM  47     15       50
  AVERAGE         67            58      9       62

PRECIPITATION (IN)
  TODAY            0.00          0.12  -0.12      T
  MONTH TO DATE    0.64          2.92  -2.28     1.72
  SINCE SEP 1      0.64          2.92  -2.28     1.72
  SINCE JAN 1     23.70         23.84  -0.14    28.03

DEGREE DAYS
 HEATING
  TODAY            0             8     -8        3
  MONTH TO DATE   82           109    -27       16
  SINCE SEP 1     82           109    -27       16
  SINCE JUL 1    109           144    -35       20

 COOLING
  TODAY            2             1      1        0
  MONTH TO DATE   94            54     40       87
  SINCE SEP 1     94            54     40       87
  SINCE JAN 1    621           583     38      815
......................................................


WIND (MPH)
  RESULTANT WIND SPEED   1   RESULTANT WIND DIRECTION  SE (140)
  HIGHEST WIND SPEED     3   HIGHEST WIND DIRECTION    SW (230)
  HIGHEST GUST SPEED     4   HIGHEST GUST DIRECTION    SE (140)
  AVERAGE WIND SPEED     0.5


SKY COVER
  AVERAGE SKY COVER 0.0


WEATHER CONDITIONS
 THE FOLLOWING WEATHER WAS RECORDED TODAY.
  FOG


RELATIVE HUMIDITY (PERCENT)
 HIGHEST    93           400 AM
 LOWEST     73          1200 AM
 AVERAGE    83

..........................................................


THE JACKSON MI CLIMATE NORMALS FOR TOMORROW
                         NORMAL
 MAXIMUM TEMPERATURE (F)   68
 MINIMUM TEMPERATURE (F)   47


SUNRISE AND SUNSET
SEPTEMBER 25 2017.....SUNRISE   729 AM EDT   SUNSET   729 PM EDT
SEPTEMBER 26 2017.....SUNRISE   730 AM EDT   SUNSET   728 PM EDT


-  INDICATES NEGATIVE NUMBERS.
R  INDICATES RECORD WAS SET OR TIED.
MM INDICATES DATA IS MISSING.
T  INDICATES TRACE AMOUNT.




$$

63
