000
CDUS43 KGRR 251334
CLIJXN


CLIMATE REPORT
NATIONAL WEATHER SERVICE GRAND RAPIDS, MI
932 AM EDT THU AUG 25 2016


...................................

...THE JACKSON MI CLIMATE SUMMARY FOR AUGUST 25 2016...
VALID AS OF 0900 AM LOCAL TIME.

CLIMATE NORMAL PERIOD 1981 TO 2010
CLIMATE RECORD PERIOD 1944 TO 9999


WEATHER ITEM   OBSERVED TIME   NORMAL DEPARTURE LAST
                VALUE   (LST)  VALUE  FROM      YEAR
                                      NORMAL
......................................................
TEMPERATURE (F)
 TODAY
  MAXIMUM         73    759 AM  79     -6       62
  MINIMUM         71    530 AM  58     13       53
  AVERAGE         72            69      3       58

PRECIPITATION (IN)
  TODAY            0.00          0.10  -0.10     0.01
  MONTH TO DATE    9.21          2.81   6.40     3.12
  SINCE JUN 1     16.51          9.66   6.85    12.95
  SINCE JAN 1     26.01         20.26   5.75    23.58

DEGREE DAYS
 HEATING
  TODAY            0             1     -1        7
  MONTH TO DATE    0            21    -21       11
  SINCE JUN 1     34            87    -53       56
  SINCE JUL 1      4            32    -28       24

 COOLING
  TODAY            7             5      2        0
  MONTH TO DATE  219           140     79      118
  SINCE JUN 1    628           468    160      357
  SINCE JAN 1    681           505    176      412
......................................................


WIND (MPH)
  RESULTANT WIND SPEED   7   RESULTANT WIND DIRECTION  SW (230)
  HIGHEST WIND SPEED    10   HIGHEST WIND DIRECTION    SW (220)
  HIGHEST GUST SPEED    12   HIGHEST GUST DIRECTION    SW (230)
  AVERAGE WIND SPEED     7.2


SKY COVER
  AVERAGE SKY COVER 0.4


WEATHER CONDITIONS
 THE FOLLOWING WEATHER WAS RECORDED TODAY.
  NO SIGNIFICANT WEATHER WAS OBSERVED.


RELATIVE HUMIDITY (PERCENT)
 HIGHEST   100          1200 AM
 LOWEST     93           800 AM
 AVERAGE    97

..........................................................


THE JACKSON MI CLIMATE NORMALS FOR TOMORROW
                         NORMAL
 MAXIMUM TEMPERATURE (F)   79
 MINIMUM TEMPERATURE (F)   58


SUNRISE AND SUNSET
AUGUST 25 2016........SUNRISE   656 AM EDT   SUNSET   822 PM EDT
AUGUST 26 2016........SUNRISE   657 AM EDT   SUNSET   821 PM EDT


-  INDICATES NEGATIVE NUMBERS.
R  INDICATES RECORD WAS SET OR TIED.
MM INDICATES DATA IS MISSING.
T  INDICATES TRACE AMOUNT.




$$

63
