000
CDUS43 KGRR 210516
CLIJXN


CLIMATE REPORT
NATIONAL WEATHER SERVICE GRAND RAPIDS, MI
115 AM EDT TUE OCT 21 2014


...................................

...THE JACKSON MI CLIMATE SUMMARY FOR OCTOBER 20 2014...

CLIMATE NORMAL PERIOD 1981 TO 2010
CLIMATE RECORD PERIOD 1944 TO 9999


WEATHER ITEM   OBSERVED TIME   NORMAL DEPARTURE LAST
                VALUE   (LST)  VALUE  FROM      YEAR
                                      NORMAL
......................................................
TEMPERATURE (F)
 YESTERDAY
  MAXIMUM         56    451 PM  59     -3       59
  MINIMUM         46    730 AM  39      7       39
  AVERAGE         51            49      2       49

PRECIPITATION (IN)
  YESTERDAY        0.14          0.08   0.06     0.01
  MONTH TO DATE    1.07          1.78  -0.71     1.01
  SINCE SEP 1      3.17          5.26  -2.09     3.56
  SINCE JAN 1     26.18         26.18   0.00    28.11

DEGREE DAYS
 HEATING
  YESTERDAY       14            16     -2       16
  MONTH TO DATE  267           265      2      180
  SINCE SEP 1    430           418     12      340
  SINCE JUL 1    472           453     19      388

 COOLING
  YESTERDAY        0             0      0        0
  MONTH TO DATE    0             3     -3       12
  SINCE SEP 1     50            60    -10       76
  SINCE JAN 1    496           589    -93      616
......................................................


WIND (MPH)
  RESULTANT WIND SPEED   7   RESULTANT WIND DIRECTION  SW (240)
  HIGHEST WIND SPEED    15   HIGHEST WIND DIRECTION    SW (220)
  HIGHEST GUST SPEED    21   HIGHEST GUST DIRECTION    SW (230)
  AVERAGE WIND SPEED     8.3


SKY COVER
  AVERAGE SKY COVER 0.9


WEATHER CONDITIONS
 THE FOLLOWING WEATHER WAS RECORDED YESTERDAY.
  HEAVY RAIN
  LIGHT RAIN
  FOG


RELATIVE HUMIDITY (PERCENT)
 HIGHEST    96           800 PM
 LOWEST     66          1200 AM
 AVERAGE    81

..........................................................


THE JACKSON MI CLIMATE NORMALS FOR TODAY
                         NORMAL
 MAXIMUM TEMPERATURE (F)   59
 MINIMUM TEMPERATURE (F)   39


SUNRISE AND SUNSET
OCTOBER 21 2014.......SUNRISE   758 AM EDT   SUNSET   647 PM EDT
OCTOBER 22 2014.......SUNRISE   759 AM EDT   SUNSET   645 PM EDT


-  INDICATES NEGATIVE NUMBERS.
R  INDICATES RECORD WAS SET OR TIED.
MM INDICATES DATA IS MISSING.
T  INDICATES TRACE AMOUNT.




$$
