000
CDUS43 KGRR 062226
CLIJXN


CLIMATE REPORT
NATIONAL WEATHER SERVICE GRAND RAPIDS, MI
525 PM EST FRI MAR 6 2015


...................................

...THE JACKSON MI CLIMATE SUMMARY FOR MARCH 6 2015...
VALID TODAY AS OF 0500 PM LOCAL TIME.

CLIMATE NORMAL PERIOD 1981 TO 2010
CLIMATE RECORD PERIOD 1944 TO 9999


WEATHER ITEM   OBSERVED TIME   NORMAL DEPARTURE LAST
                VALUE   (LST)  VALUE  FROM      YEAR
                                      NORMAL
......................................................
TEMPERATURE (F)
 TODAY
  MAXIMUM         23    459 PM  41    -18       30
  MINIMUM         -3    237 AM  23    -26        5
  AVERAGE         10            32    -22       18

PRECIPITATION (IN)
  TODAY            0.00          0.06  -0.06     0.00
  MONTH TO DATE    0.10          0.34  -0.24     0.37
  SINCE MAR 1      0.10          0.34  -0.24     0.37
  SINCE JAN 1      2.18          3.12  -0.94     4.65

DEGREE DAYS
 HEATING
  TODAY           55            33     22       47
  MONTH TO DATE  279           205     74      309
  SINCE MAR 1    279           205     74      309
  SINCE JUL 1   5783          5119    664     5873

 COOLING
  TODAY            0             0      0        0
  MONTH TO DATE    0             0      0        0
  SINCE MAR 1      0             0      0        0
  SINCE JAN 1      0             0      0        0
......................................................


WIND (MPH)
  RESULTANT WIND SPEED   9   RESULTANT WIND DIRECTION  SW (220)
  HIGHEST WIND SPEED    21   HIGHEST WIND DIRECTION    SW (210)
  HIGHEST GUST SPEED    25   HIGHEST GUST DIRECTION     S (200)
  AVERAGE WIND SPEED     9.3


SKY COVER
  AVERAGE SKY COVER 0.0


WEATHER CONDITIONS
 THE FOLLOWING WEATHER WAS RECORDED TODAY.
  FOG
  HAZE


RELATIVE HUMIDITY (PERCENT)
 HIGHEST    87          1200 AM
 LOWEST     41           300 PM
 AVERAGE    64

..........................................................


THE JACKSON MI CLIMATE NORMALS FOR TOMORROW
                         NORMAL
 MAXIMUM TEMPERATURE (F)   41
 MINIMUM TEMPERATURE (F)   23


SUNRISE AND SUNSET
MARCH  6 2015.........SUNRISE   705 AM EST   SUNSET   634 PM EST
MARCH  7 2015.........SUNRISE   704 AM EST   SUNSET   635 PM EST


-  INDICATES NEGATIVE NUMBERS.
R  INDICATES RECORD WAS SET OR TIED.
MM INDICATES DATA IS MISSING.
T  INDICATES TRACE AMOUNT.




$$

CAS
