000
CDUS43 KGRR 302131
CLIJXN


CLIMATE REPORT
NATIONAL WEATHER SERVICE GRAND RAPIDS, MI
529 PM EDT SAT JUL 30 2016


...................................

...THE JACKSON MI CLIMATE SUMMARY FOR JULY 30 2016...
VALID TODAY AS OF 0500 PM LOCAL TIME.

CLIMATE NORMAL PERIOD 1981 TO 2010
CLIMATE RECORD PERIOD 1944 TO 9999


WEATHER ITEM   OBSERVED TIME   NORMAL DEPARTURE LAST
                VALUE   (LST)  VALUE  FROM      YEAR
                                      NORMAL
......................................................
TEMPERATURE (F)
 TODAY
  MAXIMUM         76    336 PM  81     -5       82
  MINIMUM         62    418 AM  60      2       60
  AVERAGE         69            71     -2       71

PRECIPITATION (IN)
  TODAY            0.76          0.13   0.63     0.00
  MONTH TO DATE    6.27          3.46   2.81     2.60
  SINCE JUN 1      7.30          6.73   0.57     9.83
  SINCE JAN 1     16.80         17.33  -0.53    20.46

DEGREE DAYS
 HEATING
  TODAY            0             0      0        0
  MONTH TO DATE    4             1      3       13
  SINCE JUN 1     34            56    -22       45
  SINCE JUL 1      4             1      3       13

 COOLING
  TODAY            4             6     -2        6
  MONTH TO DATE  250           198     52      146
  SINCE JUN 1    402           324     78      232
  SINCE JAN 1    455           361     94      287
......................................................


WIND (MPH)
  RESULTANT WIND SPEED   5   RESULTANT WIND DIRECTION  NE (50)
  HIGHEST WIND SPEED    14   HIGHEST WIND DIRECTION     E (80)
  HIGHEST GUST SPEED    18   HIGHEST GUST DIRECTION     E (80)
  AVERAGE WIND SPEED     5.6


SKY COVER
  AVERAGE SKY COVER 0.8


WEATHER CONDITIONS
 THE FOLLOWING WEATHER WAS RECORDED TODAY.
  THUNDERSTORM
  HEAVY RAIN
  RAIN
  LIGHT RAIN
  FOG


RELATIVE HUMIDITY (PERCENT)
 HIGHEST   100           900 AM
 LOWEST     82           300 PM
 AVERAGE    91

..........................................................


THE JACKSON MI CLIMATE NORMALS FOR TOMORROW
                         NORMAL
 MAXIMUM TEMPERATURE (F)   81
 MINIMUM TEMPERATURE (F)   60


SUNRISE AND SUNSET
JULY 30 2016..........SUNRISE   629 AM EDT   SUNSET   859 PM EDT
JULY 31 2016..........SUNRISE   630 AM EDT   SUNSET   858 PM EDT


-  INDICATES NEGATIVE NUMBERS.
R  INDICATES RECORD WAS SET OR TIED.
MM INDICATES DATA IS MISSING.
T  INDICATES TRACE AMOUNT.




$$

63
