000
CDUS43 KGRR 040527
CLIJXN


CLIMATE REPORT
NATIONAL WEATHER SERVICE GRAND RAPIDS, MI
1226 AM EST SUN DEC 4 2016


...................................

...THE JACKSON MI CLIMATE SUMMARY FOR DECEMBER 3 2016...

CLIMATE NORMAL PERIOD 1981 TO 2010
CLIMATE RECORD PERIOD 1944 TO 9999


WEATHER ITEM   OBSERVED TIME   NORMAL DEPARTURE LAST
                VALUE   (LST)  VALUE  FROM      YEAR
                                      NORMAL
......................................................
TEMPERATURE (F)
 YESTERDAY
  MAXIMUM         36    535 PM  39     -3       42
  MINIMUM         34   1159 PM  26      8       32
  AVERAGE         35            32      3       37

PRECIPITATION (IN)
  YESTERDAY        0.00          0.07  -0.07     0.00
  MONTH TO DATE    0.17          0.21  -0.04     0.09
  SINCE DEC 1      0.17          0.21  -0.04     0.09
  SINCE JAN 1     36.26         29.84   6.42    28.41

DEGREE DAYS
 HEATING
  YESTERDAY       30            33     -3       28
  MONTH TO DATE   87            97    -10       85
  SINCE DEC 1     87            97    -10       85
  SINCE JUL 1   1057          1501   -444     1206

 COOLING
  YESTERDAY        0             0      0        0
  MONTH TO DATE    0             0      0        0
  SINCE DEC 1      0             0      0        0
  SINCE JAN 1    829           592    237      540
......................................................


WIND (MPH)
  RESULTANT WIND SPEED   5   RESULTANT WIND DIRECTION   W (270)
  HIGHEST WIND SPEED    12   HIGHEST WIND DIRECTION     W (280)
  HIGHEST GUST SPEED    15   HIGHEST GUST DIRECTION     W (280)
  AVERAGE WIND SPEED     5.7


SKY COVER
  AVERAGE SKY COVER 1.0


WEATHER CONDITIONS
 THE FOLLOWING WEATHER WAS RECORDED YESTERDAY.
  NO SIGNIFICANT WEATHER WAS OBSERVED.


RELATIVE HUMIDITY (PERCENT)
 HIGHEST    82           400 AM
 LOWEST     69          1100 PM
 AVERAGE    76

..........................................................


THE JACKSON MI CLIMATE NORMALS FOR TODAY
                         NORMAL
 MAXIMUM TEMPERATURE (F)   39
 MINIMUM TEMPERATURE (F)   25


SUNRISE AND SUNSET
DECEMBER  4 2016......SUNRISE   751 AM EST   SUNSET   506 PM EST
DECEMBER  5 2016......SUNRISE   752 AM EST   SUNSET   506 PM EST


-  INDICATES NEGATIVE NUMBERS.
R  INDICATES RECORD WAS SET OR TIED.
MM INDICATES DATA IS MISSING.
T  INDICATES TRACE AMOUNT.




$$
