000
CDUS43 KGRR 290516
CLIJXN


CLIMATE REPORT
NATIONAL WEATHER SERVICE GRAND RAPIDS, MI
116 AM EDT MON MAY 29 2017


...................................

...THE JACKSON MI CLIMATE SUMMARY FOR MAY 28 2017...

CLIMATE NORMAL PERIOD 1981 TO 2010
CLIMATE RECORD PERIOD 1944 TO 9999


WEATHER ITEM   OBSERVED TIME   NORMAL DEPARTURE LAST
                VALUE   (LST)  VALUE  FROM      YEAR
                                      NORMAL
......................................................
TEMPERATURE (F)
 YESTERDAY
  MAXIMUM         78    137 PM  73      5       85
  MINIMUM         56    524 AM  50      6       67
  AVERAGE         67            62      5       76

PRECIPITATION (IN)
  YESTERDAY        0.02          0.11  -0.09     0.02
  MONTH TO DATE    4.13          2.98   1.15     1.69
  SINCE MAR 1     12.95          7.49   5.46     7.61
  SINCE JAN 1     17.89         10.27   7.62     9.48

DEGREE DAYS
 HEATING
  YESTERDAY        0             5     -5        0
  MONTH TO DATE  241           243     -2      252
  SINCE MAR 1   1511          1675   -164     1518
  SINCE JUL 1   5519          6589  -1070     5640

 COOLING
  YESTERDAY        2             2      0       11
  MONTH TO DATE   28            26      2       37
  SINCE MAR 1     35            32      3       37
  SINCE JAN 1     35            32      3       37
......................................................


WIND (MPH)
  RESULTANT WIND SPEED   3   RESULTANT WIND DIRECTION   S (190)
  HIGHEST WIND SPEED    15   HIGHEST WIND DIRECTION     S (200)
  HIGHEST GUST SPEED    19   HIGHEST GUST DIRECTION    SW (210)
  AVERAGE WIND SPEED     6.4


SKY COVER
  AVERAGE SKY COVER 0.5


WEATHER CONDITIONS
 THE FOLLOWING WEATHER WAS RECORDED YESTERDAY.
  THUNDERSTORM
  LIGHT RAIN
  FOG


RELATIVE HUMIDITY (PERCENT)
 HIGHEST    93           200 AM
 LOWEST     64          1200 PM
 AVERAGE    79

..........................................................


THE JACKSON MI CLIMATE NORMALS FOR TODAY
                         NORMAL
 MAXIMUM TEMPERATURE (F)   73
 MINIMUM TEMPERATURE (F)   51


SUNRISE AND SUNSET
MAY 29 2017...........SUNRISE   605 AM EDT   SUNSET   906 PM EDT
MAY 30 2017...........SUNRISE   605 AM EDT   SUNSET   907 PM EDT


-  INDICATES NEGATIVE NUMBERS.
R  INDICATES RECORD WAS SET OR TIED.
MM INDICATES DATA IS MISSING.
T  INDICATES TRACE AMOUNT.




$$
