000
CDUS43 KGRR 230524
CLIJXN


CLIMATE REPORT
NATIONAL WEATHER SERVICE GRAND RAPIDS, MI
124 AM EDT SAT AUG 23 2014


...................................

...THE JACKSON MI CLIMATE SUMMARY FOR AUGUST 22 2014...

CLIMATE NORMAL PERIOD 1981 TO 2010
CLIMATE RECORD PERIOD 9999 TO 9999


WEATHER ITEM   OBSERVED TIME   NORMAL DEPARTURE LAST
                VALUE   (LST)  VALUE  FROM      YEAR
                                      NORMAL
......................................................
TEMPERATURE (F)
 YESTERDAY
  MAXIMUM         82    325 PM  80      2       78
  MINIMUM         66    350 AM  59      7       65
  AVERAGE         74            69      5       72

PRECIPITATION (IN)
  YESTERDAY        0.00          0.11  -0.11     0.33
  MONTH TO DATE    2.06          2.50  -0.44     3.14
  SINCE JUN 1      9.96          9.35   0.61     9.74
  SINCE JAN 1     22.29         19.95   2.34    22.36

DEGREE DAYS
 HEATING
  YESTERDAY        0             1     -1        0
  MONTH TO DATE   12            18     -6       27
  SINCE JUN 1     73            84    -11      105
  SINCE JUL 1     42            29     13       48

 COOLING
  YESTERDAY        9             5      4        7
  MONTH TO DATE   95           125    -30       66
  SINCE JUN 1    334           453   -119      398
  SINCE JAN 1    368           490   -122      465
......................................................


WIND (MPH)
  RESULTANT WIND SPEED   1   RESULTANT WIND DIRECTION  SE (140)
  HIGHEST WIND SPEED    10   HIGHEST WIND DIRECTION    SE (120)
  HIGHEST GUST SPEED    MM   HIGHEST GUST DIRECTION    MM
  AVERAGE WIND SPEED     2.6


SKY COVER
  AVERAGE SKY COVER 0.8


WEATHER CONDITIONS
 THE FOLLOWING WEATHER WAS RECORDED YESTERDAY.
  FOG
  FOG W/VISIBILITY <= 1/4 MILE


RELATIVE HUMIDITY (PERCENT)
 HIGHEST   100          1200 AM
 LOWEST     74          1200 PM
 AVERAGE    87

..........................................................


THE JACKSON MI CLIMATE NORMALS FOR TODAY
                         NORMAL
 MAXIMUM TEMPERATURE (F)   80
 MINIMUM TEMPERATURE (F)   58


SUNRISE AND SUNSET
AUGUST 23 2014........SUNRISE   654 AM EDT   SUNSET   827 PM EDT
AUGUST 24 2014........SUNRISE   655 AM EDT   SUNSET   825 PM EDT


-  INDICATES NEGATIVE NUMBERS.
R  INDICATES RECORD WAS SET OR TIED.
MM INDICATES DATA IS MISSING.
T  INDICATES TRACE AMOUNT.




$$
