000
CDUS43 KIND 220553
CLILAF


CLIMATE REPORT
NATIONAL WEATHER SERVICE INDIANAPOLIS IN
153 AM EDT THU JUN 22 2017


...................................

...THE LAFAYETTE IN CLIMATE SUMMARY FOR JUNE 21 2017...

CLIMATE NORMAL PERIOD 1981 TO 2010
CLIMATE RECORD PERIOD 9999 TO 9999


WEATHER ITEM   OBSERVED TIME   NORMAL DEPARTURE LAST
                VALUE   (LST)  VALUE  FROM      YEAR
                                      NORMAL
......................................................
TEMPERATURE (F)
 YESTERDAY
  MAXIMUM         84    518 PM  84      0       85
  MINIMUM         60    502 AM  62     -2       64
  AVERAGE         72            73     -1       75

PRECIPITATION (IN)
  YESTERDAY        0.05          0.13  -0.08     0.00
  MONTH TO DATE    2.55          2.88  -0.33     2.48
  SINCE JUN 1      2.55          2.88  -0.33     2.48
  SINCE JAN 1     22.96         16.90   6.06    14.59

DEGREE DAYS
 HEATING
  YESTERDAY        0             0      0        0
  MONTH TO DATE    6            22    -16        6
  SINCE JUN 1      6            22    -16        6
  SINCE JUL 1   4910          5672   -762     5025

 COOLING
  YESTERDAY        7             9     -2       10
  MONTH TO DATE  154           134     20      165
  SINCE JUN 1    154           134     20      165
  SINCE JAN 1    211           211      0      233
......................................................


WIND (MPH)
  HIGHEST WIND SPEED    10   HIGHEST WIND DIRECTION    NE (60)
  HIGHEST GUST SPEED    12   HIGHEST GUST DIRECTION     E (70)
  AVERAGE WIND SPEED     3.4


SKY COVER
  AVERAGE SKY COVER 0.2


WEATHER CONDITIONS
 THE FOLLOWING WEATHER WAS RECORDED YESTERDAY.
  LIGHT RAIN
  FOG


RELATIVE HUMIDITY (PERCENT)
 HIGHEST   100           200 AM
 LOWEST     51           300 PM
 AVERAGE    76

..........................................................


THE LAFAYETTE IN CLIMATE NORMALS FOR TODAY
                         NORMAL
 MAXIMUM TEMPERATURE (F)   84
 MINIMUM TEMPERATURE (F)   62


SUNRISE AND SUNSET
JUNE 22 2017..........SUNRISE   618 AM EDT   SUNSET   922 PM EDT
JUNE 23 2017..........SUNRISE   618 AM EDT   SUNSET   922 PM EDT


-  INDICATES NEGATIVE NUMBERS.
R  INDICATES RECORD WAS SET OR TIED.
MM INDICATES DATA IS MISSING.
T  INDICATES TRACE AMOUNT.




$$
