000
CDUS43 KIND 310533
CLILAF


CLIMATE REPORT
NATIONAL WEATHER SERVICE INDIANAPOLIS IN
133 AM EDT TUE MAY 31 2016


...................................

...THE LAFAYETTE IN CLIMATE SUMMARY FOR MAY 30 2016...

CLIMATE NORMAL PERIOD 1981 TO 2010
CLIMATE RECORD PERIOD 9999 TO 9999


WEATHER ITEM   OBSERVED TIME   NORMAL DEPARTURE LAST
                VALUE   (LST)  VALUE  FROM      YEAR
                                      NORMAL
......................................................
TEMPERATURE (F)
 YESTERDAY
  MAXIMUM         87    247 PM  78      9       78
  MINIMUM         57    535 AM  56      1       54
  AVERAGE         72            67      5       66

PRECIPITATION (IN)
  YESTERDAY        0.00          0.14  -0.14     0.97
  MONTH TO DATE    1.95          4.04  -2.09     4.11
  SINCE MAR 1      9.38         10.25  -0.87     7.19
  SINCE JAN 1     12.11         13.87  -1.76     8.92

DEGREE DAYS
 HEATING
  YESTERDAY        0             2     -2        0
  MONTH TO DATE  208           157     51      109
  SINCE MAR 1   1211          1313   -102     1396
  SINCE JUL 1   5019          5647   -628     6474

 COOLING
  YESTERDAY        7             4      3        1
  MONTH TO DATE   57            62     -5       87
  SINCE MAR 1     59            75    -16       89
  SINCE JAN 1     59            75    -16       89
......................................................


WIND (MPH)
  HIGHEST WIND SPEED    12   HIGHEST WIND DIRECTION     W (260)
  HIGHEST GUST SPEED    17   HIGHEST GUST DIRECTION     W (270)
  AVERAGE WIND SPEED     3.1


SKY COVER
  AVERAGE SKY COVER 0.1


WEATHER CONDITIONS
 THE FOLLOWING WEATHER WAS RECORDED YESTERDAY.
  HAZE


RELATIVE HUMIDITY (PERCENT)
 HIGHEST    93           400 AM
 LOWEST     34           100 PM
 AVERAGE    64

..........................................................


THE LAFAYETTE IN CLIMATE NORMALS FOR TODAY
                         NORMAL
 MAXIMUM TEMPERATURE (F)   78
 MINIMUM TEMPERATURE (F)   56


SUNRISE AND SUNSET
MAY 31 2016...........SUNRISE   620 AM EDT   SUNSET   911 PM EDT
JUNE  1 2016..........SUNRISE   620 AM EDT   SUNSET   912 PM EDT


-  INDICATES NEGATIVE NUMBERS.
R  INDICATES RECORD WAS SET OR TIED.
MM INDICATES DATA IS MISSING.
T  INDICATES TRACE AMOUNT.




$$
