000
CDUS43 KIND 100533
CLILAF


CLIMATE REPORT
NATIONAL WEATHER SERVICE INDIANAPOLIS IN
1233 AM EST SAT DEC 10 2016


...................................

...THE LAFAYETTE IN CLIMATE SUMMARY FOR DECEMBER 9 2016...

CLIMATE NORMAL PERIOD 1981 TO 2010
CLIMATE RECORD PERIOD 9999 TO 9999


WEATHER ITEM   OBSERVED TIME   NORMAL DEPARTURE LAST
                VALUE   (LST)  VALUE  FROM      YEAR
                                      NORMAL
......................................................
TEMPERATURE (F)
 YESTERDAY
  MAXIMUM         27        MM  40    -13       55
  MINIMUM         21        MM  25     -4       41
  AVERAGE         24            32     -8       48

PRECIPITATION (IN)
  YESTERDAY        T             0.08  -0.08     0.00
  MONTH TO DATE    0.32          0.84  -0.52     0.08
  SINCE DEC 1      0.32          0.84  -0.52     0.08
  SINCE JAN 1     34.63         34.91  -0.28    31.49

DEGREE DAYS
 HEATING
  YESTERDAY       41            33      8       17
  MONTH TO DATE  293           280     13      244
  SINCE DEC 1    293           280     13      244
  SINCE JUL 1   1139          1381   -242     1193

 COOLING
  YESTERDAY        0             0      0        0
  MONTH TO DATE    0             0      0        0
  SINCE DEC 1      0             0      0        0
  SINCE JAN 1   1102           983    119      816
......................................................


WIND (MPH)
  HIGHEST WIND SPEED    12   HIGHEST WIND DIRECTION     W (270)
  HIGHEST GUST SPEED    MM   HIGHEST GUST DIRECTION    MM
  AVERAGE WIND SPEED     8.0


SKY COVER
  AVERAGE SKY COVER 1.0


WEATHER CONDITIONS
 THE FOLLOWING WEATHER WAS RECORDED YESTERDAY.
  LIGHT SNOW
  FOG


RELATIVE HUMIDITY (PERCENT)
 HIGHEST    84           100 AM
 LOWEST     63           300 PM
 AVERAGE    74

..........................................................


THE LAFAYETTE IN CLIMATE NORMALS FOR TODAY
                         NORMAL
 MAXIMUM TEMPERATURE (F)   39
 MINIMUM TEMPERATURE (F)   25


SUNRISE AND SUNSET
DECEMBER 10 2016......SUNRISE   800 AM EST   SUNSET   521 PM EST
DECEMBER 11 2016......SUNRISE   801 AM EST   SUNSET   521 PM EST


-  INDICATES NEGATIVE NUMBERS.
R  INDICATES RECORD WAS SET OR TIED.
MM INDICATES DATA IS MISSING.
T  INDICATES TRACE AMOUNT.




$$
