000
CDUS43 KIND 210532
CLILAF


CLIMATE REPORT
NATIONAL WEATHER SERVICE INDIANAPOLIS IN
131 AM EDT SUN SEP 21 2014


...................................

...THE LAFAYETTE IN CLIMATE SUMMARY FOR SEPTEMBER 20 2014...

CLIMATE NORMAL PERIOD 1981 TO 2010
CLIMATE RECORD PERIOD 9999 TO 9999


WEATHER ITEM   OBSERVED TIME   NORMAL DEPARTURE LAST
                VALUE   (LST)  VALUE  FROM      YEAR
                                      NORMAL
......................................................
TEMPERATURE (F)
 YESTERDAY
  MAXIMUM         81    429 PM  76      5       75
  MINIMUM         51    533 AM  53     -2       59
  AVERAGE         66            64      2       67

PRECIPITATION (IN)
  YESTERDAY        1.72          0.08   1.64     0.34
  MONTH TO DATE    4.80          1.77   3.03     3.66
  SINCE SEP 1      4.80          1.77   3.03     3.66
  SINCE JAN 1     30.12         27.32   2.80    31.29

DEGREE DAYS
 HEATING
  YESTERDAY        0             3     -3        0
  MONTH TO DATE   91            30     61       30
  SINCE SEP 1     91            30     61       30
  SINCE JUL 1    115            36     79       50

 COOLING
  YESTERDAY        1             3     -2        2
  MONTH TO DATE   57            93    -36      126
  SINCE SEP 1     57            93    -36      126
  SINCE JAN 1    733           945   -212      852
......................................................


WIND (MPH)
  HIGHEST WIND SPEED    25   HIGHEST WIND DIRECTION     W (250)
  HIGHEST GUST SPEED    33   HIGHEST GUST DIRECTION    SW (240)
  AVERAGE WIND SPEED     6.1


SKY COVER
  AVERAGE SKY COVER 0.3


WEATHER CONDITIONS
 THE FOLLOWING WEATHER WAS RECORDED YESTERDAY.
  THUNDERSTORM
  HEAVY RAIN
  RAIN
  LIGHT RAIN
  FOG
  HAZE


RELATIVE HUMIDITY (PERCENT)
 HIGHEST   100          1000 PM
 LOWEST     58           300 PM
 AVERAGE    79

..........................................................


THE LAFAYETTE IN CLIMATE NORMALS FOR TODAY
                         NORMAL
 MAXIMUM TEMPERATURE (F)   76
 MINIMUM TEMPERATURE (F)   52


SUNRISE AND SUNSET
SEPTEMBER 21 2014.....SUNRISE   734 AM EDT   SUNSET   747 PM EDT
SEPTEMBER 22 2014.....SUNRISE   735 AM EDT   SUNSET   745 PM EDT


-  INDICATES NEGATIVE NUMBERS.
R  INDICATES RECORD WAS SET OR TIED.
MM INDICATES DATA IS MISSING.
T  INDICATES TRACE AMOUNT.




$$
