000
CDUS43 KIND 300532
CLILAF


CLIMATE REPORT
NATIONAL WEATHER SERVICE INDIANAPOLIS IN
132 AM EDT WED JUL 30 2014


...................................

...THE LAFAYETTE IN CLIMATE SUMMARY FOR JULY 29 2014...

CLIMATE NORMAL PERIOD 1981 TO 2010
CLIMATE RECORD PERIOD 9999 TO 9999


WEATHER ITEM   OBSERVED TIME   NORMAL DEPARTURE LAST
                VALUE   (LST)  VALUE  FROM      YEAR
                                      NORMAL
......................................................
TEMPERATURE (F)
 YESTERDAY
  MAXIMUM         78    421 PM  84     -6       78
  MINIMUM         50    211 AM  64    -14       49
  AVERAGE         64            74    -10       64

PRECIPITATION (IN)
  YESTERDAY        0.75          0.10   0.65     0.00
  MONTH TO DATE    3.99          3.75   0.24     2.43
  SINCE JUN 1      8.46          7.85   0.61     6.70
  SINCE JAN 1     21.29         21.87  -0.58    25.32

DEGREE DAYS
 HEATING
  YESTERDAY        1             0      1        1
  MONTH TO DATE   18             0     18        8
  SINCE JUN 1     24            22      2       26
  SINCE JUL 1     18             0     18        8

 COOLING
  YESTERDAY        0             9     -9        0
  MONTH TO DATE  120           281   -161      219
  SINCE JUN 1    345           498   -153      397
  SINCE JAN 1    442           575   -133      498
......................................................


WIND (MPH)
  HIGHEST WIND SPEED    18   HIGHEST WIND DIRECTION     W (280)
  HIGHEST GUST SPEED    27   HIGHEST GUST DIRECTION     W (290)
  AVERAGE WIND SPEED     4.7


SKY COVER
  AVERAGE SKY COVER 0.4


WEATHER CONDITIONS
 THE FOLLOWING WEATHER WAS RECORDED YESTERDAY.
  THUNDERSTORM
  HEAVY RAIN
  RAIN
  FOG
  FOG W/VISIBILITY <= 1/4 MILE


RELATIVE HUMIDITY (PERCENT)
 HIGHEST   100           300 AM
 LOWEST     47           200 PM
 AVERAGE    74

..........................................................


THE LAFAYETTE IN CLIMATE NORMALS FOR TODAY
                         NORMAL
 MAXIMUM TEMPERATURE (F)   84
 MINIMUM TEMPERATURE (F)   64


SUNRISE AND SUNSET
JULY 30 2014..........SUNRISE   643 AM EDT   SUNSET   904 PM EDT
JULY 31 2014..........SUNRISE   644 AM EDT   SUNSET   903 PM EDT


-  INDICATES NEGATIVE NUMBERS.
R  INDICATES RECORD WAS SET OR TIED.
MM INDICATES DATA IS MISSING.
T  INDICATES TRACE AMOUNT.




$$
