000
CDUS43 KIND 010530
CLILAF


CLIMATE REPORT
NATIONAL WEATHER SERVICE INDIANAPOLIS IN
130 AM EDT SUN MAY 1 2016


...................................

...THE LAFAYETTE IN CLIMATE SUMMARY FOR APRIL 30 2016...

CLIMATE NORMAL PERIOD 1981 TO 2010
CLIMATE RECORD PERIOD 9999 TO 9999


WEATHER ITEM   OBSERVED TIME   NORMAL DEPARTURE LAST
                VALUE   (LST)  VALUE  FROM      YEAR
                                      NORMAL
......................................................
TEMPERATURE (F)
 YESTERDAY
  MAXIMUM         56   1159 PM  68    -12       55
  MINIMUM         48   1052 AM  45      3       38
  AVERAGE         52            57     -5       47

PRECIPITATION (IN)
  YESTERDAY        0.71          0.13   0.58     0.00
  MONTH TO DATE    3.14          3.54  -0.40     2.30
  SINCE MAR 1      7.43          6.21   1.22     3.08
  SINCE JAN 1     10.16          9.83   0.33     4.81

DEGREE DAYS
 HEATING
  YESTERDAY       13             9      4       18
  MONTH TO DATE  431           406     25      402
  SINCE MAR 1   1003          1156   -153     1287
  SINCE JUL 1   4811          5490   -679     6365

 COOLING
  YESTERDAY        0             1     -1        0
  MONTH TO DATE    2            12    -10        2
  SINCE MAR 1      2            13    -11        2
  SINCE JAN 1      2            13    -11        2
......................................................


WIND (MPH)
  HIGHEST WIND SPEED    21   HIGHEST WIND DIRECTION     E (80)
  HIGHEST GUST SPEED    24   HIGHEST GUST DIRECTION    NE (60)
  AVERAGE WIND SPEED     9.9


SKY COVER
  AVERAGE SKY COVER 0.8


WEATHER CONDITIONS
 THE FOLLOWING WEATHER WAS RECORDED YESTERDAY.
  RAIN
  LIGHT RAIN
  FOG


RELATIVE HUMIDITY (PERCENT)
 HIGHEST   100           300 PM
 LOWEST     80           300 AM
 AVERAGE    90

..........................................................


THE LAFAYETTE IN CLIMATE NORMALS FOR TODAY
                         NORMAL
 MAXIMUM TEMPERATURE (F)   68
 MINIMUM TEMPERATURE (F)   46


SUNRISE AND SUNSET
MAY  1 2016...........SUNRISE   646 AM EDT   SUNSET   844 PM EDT
MAY  2 2016...........SUNRISE   645 AM EDT   SUNSET   845 PM EDT


-  INDICATES NEGATIVE NUMBERS.
R  INDICATES RECORD WAS SET OR TIED.
MM INDICATES DATA IS MISSING.
T  INDICATES TRACE AMOUNT.




$$
