000
CDUS45 KCYS 020816
CLILAR


CLIMATE REPORT
NATIONAL WEATHER SERVICE CHEYENNE WY
216 AM MDT THU JUL 2 2015


...................................

...THE LARAMIE WY AIRPORT CLIMATE SUMMARY FOR JULY 1 2015...

CLIMATE NORMAL PERIOD 1981 TO 2010
CLIMATE RECORD PERIOD 1948 TO 2015


WEATHER ITEM   OBSERVED TIME   RECORD YEAR NORMAL DEPARTURE LAST
                VALUE   (LST)  VALUE       VALUE  FROM      YEAR
                                                  NORMAL
..................................................................
TEMPERATURE (F)
 YESTERDAY
  MAXIMUM         83    126 PM  93    2002  78      5       70
  MINIMUM         50    452 AM  30    1968  46      4       36
  AVERAGE         67                        62      5       53

PRECIPITATION (IN)
  YESTERDAY        0.04          0.27 1966   0.04   0.00     0.00
  MONTH TO DATE    0.04                      0.04   0.00     0.00
  SINCE JAN 1      6.21                      5.53   0.68     5.84

DEGREE DAYS
 HEATING
  YESTERDAY        0                         4     -4       12
  MONTH TO DATE    0                         4     -4       12
  SINCE JUN 1    120                       245   -125      254
  SINCE JUL 1      0                         4     -4       12

 COOLING
  YESTERDAY        2                         1      1        0
  MONTH TO DATE    2                         1      1        0
  SINCE JUN 1     16                         8      8        3
  SINCE JAN 1     16                         8      8        3
..................................................................


WIND (MPH)
  HIGHEST WIND SPEED    23   HIGHEST WIND DIRECTION    SW (220)
  HIGHEST GUST SPEED    30   HIGHEST GUST DIRECTION     S (190)
  AVERAGE WIND SPEED     6.6


SKY COVER
  AVERAGE SKY COVER 0.1


WEATHER CONDITIONS
 THE FOLLOWING WEATHER WAS RECORDED YESTERDAY.
  THUNDERSTORM
  LIGHT RAIN


RELATIVE HUMIDITY (PERCENT)
 HIGHEST    96           300 AM
 LOWEST     30           100 PM
 AVERAGE    63

..........................................................


THE LARAMIE WY AIRPORT CLIMATE NORMALS FOR TODAY
                         NORMAL    RECORD    YEAR
 MAXIMUM TEMPERATURE (F)   78        91      2002
 MINIMUM TEMPERATURE (F)   46        34      1997


SUNRISE AND SUNSET
JULY  2 2015..........SUNRISE   534 AM MDT   SUNSET   840 PM MDT
JULY  3 2015..........SUNRISE   534 AM MDT   SUNSET   839 PM MDT


-  INDICATES NEGATIVE NUMBERS.
R  INDICATES RECORD WAS SET OR TIED.
MM INDICATES DATA IS MISSING.
T  INDICATES TRACE AMOUNT.




$$
