000
CDUS45 KCYS 280730
CLILAR


CLIMATE REPORT
NATIONAL WEATHER SERVICE CHEYENNE WY
129 AM MDT SAT MAR 28 2015


...................................

...THE LARAMIE WY AIRPORT CLIMATE SUMMARY FOR MARCH 27 2015...

CLIMATE NORMAL PERIOD 1981 TO 2010
CLIMATE RECORD PERIOD 1948 TO 2015


WEATHER ITEM   OBSERVED TIME   RECORD YEAR NORMAL DEPARTURE LAST
                VALUE   (LST)  VALUE       VALUE  FROM      YEAR
                                                  NORMAL
..................................................................
TEMPERATURE (F)
 YESTERDAY
  MAXIMUM         62    325 PM  67    1986  46     16       44
  MINIMUM         31    642 AM  -5    1975  21     10       24
  AVERAGE         47                        33     14       34

PRECIPITATION (IN)
  YESTERDAY        0.00          0.50 1961   0.02  -0.02     0.02
  MONTH TO DATE    0.15                      0.49  -0.34     0.51
  SINCE JAN 1      0.94                      1.10  -0.16     1.70

DEGREE DAYS
 HEATING
  YESTERDAY       18                        32    -14       31
  MONTH TO DATE  795                       934   -139      885
  SINCE MAR 1    795                       934   -139      885
  SINCE JUL 1   6472                      7110   -638     6929

 COOLING
  YESTERDAY        0                         0      0        0
  MONTH TO DATE    0                         0      0        0
  SINCE MAR 1      0                         0      0        0
  SINCE JAN 1      0                         0      0        0
..................................................................


WIND (MPH)
  HIGHEST WIND SPEED    33   HIGHEST WIND DIRECTION     W (290)
  HIGHEST GUST SPEED    40   HIGHEST GUST DIRECTION    NW (310)
  AVERAGE WIND SPEED    13.8


SKY COVER
  AVERAGE SKY COVER 0.4


WEATHER CONDITIONS
 THE FOLLOWING WEATHER WAS RECORDED YESTERDAY.
  NO SIGNIFICANT WEATHER WAS OBSERVED.


RELATIVE HUMIDITY (PERCENT)
 HIGHEST    78           600 AM
 LOWEST     23           300 PM
 AVERAGE    51

..........................................................


THE LARAMIE WY AIRPORT CLIMATE NORMALS FOR TODAY
                         NORMAL    RECORD    YEAR
 MAXIMUM TEMPERATURE (F)   46        67      1986
                                             1953
 MINIMUM TEMPERATURE (F)   21       -12      1975


SUNRISE AND SUNSET
MARCH 28 2015.........SUNRISE   653 AM MDT   SUNSET   723 PM MDT
MARCH 29 2015.........SUNRISE   651 AM MDT   SUNSET   724 PM MDT


-  INDICATES NEGATIVE NUMBERS.
R  INDICATES RECORD WAS SET OR TIED.
MM INDICATES DATA IS MISSING.
T  INDICATES TRACE AMOUNT.




$$
