000
CDUS45 KCYS 070426
CLILAR


CLIMATE REPORT
NATIONAL WEATHER SERVICE CHEYENNE WY
925 PM MST FRI MAR 6 2015


...................................

...THE LARAMIE WY AIRPORT CLIMATE SUMMARY FOR MARCH 6 2015...
VALID TODAY AS OF 0900 PM LOCAL TIME.

CLIMATE NORMAL PERIOD 1981 TO 2010
CLIMATE RECORD PERIOD 1948 TO 2015


WEATHER ITEM   OBSERVED TIME   RECORD YEAR NORMAL DEPARTURE LAST
                VALUE   (LST)  VALUE       VALUE  FROM      YEAR
                                                  NORMAL
..................................................................
TEMPERATURE (F)
 TODAY
  MAXIMUM         41    417 PM  65    1987  40      1       54
  MINIMUM         22    351 AM  -7    1957  17      5       32
  AVERAGE         32                        28      4       43

PRECIPITATION (IN)
  TODAY            0.00          0.75 1990   0.02  -0.02     0.00
  MONTH TO DATE    0.11                      0.09   0.02     0.11
  SINCE JAN 1      0.90                      0.70   0.20     1.30

DEGREE DAYS
 HEATING
  TODAY           33                        37     -4       22
  MONTH TO DATE  278                       224     54      184
  SINCE MAR 1    278                       224     54      184
  SINCE JUL 1   5955                      6400   -445     6228

 COOLING
  TODAY            0                         0      0        0
  MONTH TO DATE    0                         0      0        0
  SINCE MAR 1      0                         0      0        0
  SINCE JAN 1      0                         0      0        0
..................................................................


WIND (MPH)
  HIGHEST WIND SPEED    23   HIGHEST WIND DIRECTION     W (260)
  HIGHEST GUST SPEED    29   HIGHEST GUST DIRECTION     W (260)
  AVERAGE WIND SPEED    11.7


SKY COVER
  AVERAGE SKY COVER 0.1


WEATHER CONDITIONS
 THE FOLLOWING WEATHER WAS RECORDED TODAY.
  NO SIGNIFICANT WEATHER WAS OBSERVED.


RELATIVE HUMIDITY (PERCENT)
 HIGHEST    69           700 PM
 LOWEST     37          1100 AM
 AVERAGE    53

..........................................................


THE LARAMIE WY AIRPORT CLIMATE NORMALS FOR TOMORROW
                         NORMAL    RECORD    YEAR
 MAXIMUM TEMPERATURE (F)   41        55      1986
 MINIMUM TEMPERATURE (F)   17       -18      1998


SUNRISE AND SUNSET
MARCH  6 2015.........SUNRISE   629 AM MST   SUNSET   559 PM MST
MARCH  7 2015.........SUNRISE   628 AM MST   SUNSET   600 PM MST


-  INDICATES NEGATIVE NUMBERS.
R  INDICATES RECORD WAS SET OR TIED.
MM INDICATES DATA IS MISSING.
T  INDICATES TRACE AMOUNT.




$$
