000
CDUS45 KVEF 230827
CLILAS


CLIMATE REPORT
NATIONAL WEATHER SERVICE LAS VEGAS, NV
1226 AM PST THU NOV 23 2017


...................................

...THE LAS VEGAS NV CLIMATE SUMMARY FOR NOVEMBER 22 2017...

CLIMATE NORMAL PERIOD 1981 TO 2010
CLIMATE RECORD PERIOD 1937 TO 2017


WEATHER ITEM   OBSERVED TIME   RECORD YEAR NORMAL DEPARTURE LAST
                VALUE   (LST)  VALUE       VALUE  FROM      YEAR
                                                  NORMAL
..................................................................
TEMPERATURE (F)
 YESTERDAY
  MAXIMUM         80R   354 PM  77    1976  63     17       66
  MINIMUM         53    346 AM  24    1941  44      9       46
  AVERAGE         67                        53     14       56

PRECIPITATION (IN)
  YESTERDAY        0.00          1.09 1965   0.01  -0.01     0.00
  MONTH TO DATE    0.00                      0.25  -0.25      T
  SINCE OCT 1      0.00                      0.52  -0.52     0.23
  SINCE JAN 1      2.38                      3.58  -1.20     3.94

SNOWFALL (IN)
  YESTERDAY        0.0           0.0  2013   0.0    0.0      0.0
  MONTH TO DATE    0.0                       0.0    0.0      0.0
  SINCE SEP 1      0.0                       0.0    0.0      0.0
  SINCE JUL 1      0.0                       0.0    0.0      0.0
  SNOW DEPTH       0

DEGREE DAYS
 HEATING
  YESTERDAY        0                        12    -12        9
  MONTH TO DATE   64                       163    -99       56
  SINCE SEP 1     64                       202   -138       56
  SINCE JUL 1     64                       202   -138       56

 COOLING
  YESTERDAY        2                         0      2        0
  MONTH TO DATE   18                        10      8       45
  SINCE SEP 1    747                       717     30      856
  SINCE JAN 1   4039                      3566    473     4002
..................................................................


WIND (MPH)
  RESULTANT WIND SPEED   3   RESULTANT WIND DIRECTION  SW (220)
  HIGHEST WIND SPEED     9   HIGHEST WIND DIRECTION     S (200)
  HIGHEST GUST SPEED    10   HIGHEST GUST DIRECTION     S (200)
  AVERAGE WIND SPEED     2.8


SKY COVER
  POSSIBLE SUNSHINE  MM
  AVERAGE SKY COVER 0.2


WEATHER CONDITIONS
 THE FOLLOWING WEATHER WAS RECORDED YESTERDAY.
  NO SIGNIFICANT WEATHER WAS OBSERVED.


RELATIVE HUMIDITY (PERCENT)
 HIGHEST    46           600 AM
 LOWEST     21           300 PM
 AVERAGE    34

..........................................................


THE LAS VEGAS NV CLIMATE NORMALS FOR TODAY
                         NORMAL    RECORD    YEAR
 MAXIMUM TEMPERATURE (F)   63        76      1995
                                             1954
 MINIMUM TEMPERATURE (F)   43        24      1941


SUNRISE AND SUNSET
NOVEMBER 23 2017......SUNRISE   626 AM PST   SUNSET   428 PM PST
NOVEMBER 24 2017......SUNRISE   627 AM PST   SUNSET   428 PM PST


-  INDICATES NEGATIVE NUMBERS.
R  INDICATES RECORD WAS SET OR TIED.
MM INDICATES DATA IS MISSING.
T  INDICATES TRACE AMOUNT.




$$
