000
CDUS45 KVEF 200827
CLILAS


CLIMATE REPORT
NATIONAL WEATHER SERVICE LAS VEGAS, NV
127 AM PDT WED AUG 20 2014


...................................

...THE LAS VEGAS NV CLIMATE SUMMARY FOR AUGUST 19 2014...

CLIMATE NORMAL PERIOD 1981 TO 2010
CLIMATE RECORD PERIOD 1937 TO 2014


WEATHER ITEM   OBSERVED TIME   RECORD YEAR NORMAL DEPARTURE LAST
                VALUE   (LST)  VALUE       VALUE  FROM      YEAR
                                                  NORMAL
..................................................................
TEMPERATURE (F)
 YESTERDAY
  MAXIMUM         92    121 PM 111    1992 102    -10       97
                                      1937
  MINIMUM         77    744 AM  60    1938  79     -2       72
  AVERAGE         85                        90     -5       85

PRECIPITATION (IN)
  YESTERDAY        0.00          0.18 2003   0.01  -0.01     0.01
  MONTH TO DATE    0.35                      0.21   0.14     0.17
  SINCE OCT 1      2.29                      3.82  -1.53     2.51
  SINCE JAN 1      0.87                      2.69  -1.82     1.08

SNOWFALL (IN)
  YESTERDAY        0.0           0.0  2013   0.0    0.0      0.0
  MONTH TO DATE    0.0                       0.0    0.0      0.0
  SINCE JUN 1      0.0                       0.0    0.0      0.0
  SINCE JUL 1      0.0                       0.0    0.0      0.0
  SNOW DEPTH       0

DEGREE DAYS
 HEATING
  YESTERDAY        0                         0      0        0
  MONTH TO DATE    0                         0      0        0
  SINCE JUN 1      0                         1     -1        0
  SINCE JUL 1      0                         0      0        0

 COOLING
  YESTERDAY       20                        25     -5       20
  MONTH TO DATE  455                       504    -49      499
  SINCE JUN 1   2094                      2008     86     2218
  SINCE JAN 1   2752                      2558    194     2908
..................................................................


WIND (MPH)
  RESULTANT WIND SPEED   6   RESULTANT WIND DIRECTION   E (110)
  HIGHEST WIND SPEED    20   HIGHEST WIND DIRECTION     E (90)
  HIGHEST GUST SPEED    25   HIGHEST GUST DIRECTION     S (190)
  AVERAGE WIND SPEED     9.5


SKY COVER
  POSSIBLE SUNSHINE  MM
  AVERAGE SKY COVER 0.5


WEATHER CONDITIONS
 THE FOLLOWING WEATHER WAS RECORDED YESTERDAY.
  THUNDERSTORM


RELATIVE HUMIDITY (PERCENT)
 HIGHEST    62           800 AM
 LOWEST     24           300 AM
 AVERAGE    43

..........................................................


THE LAS VEGAS NV CLIMATE NORMALS FOR TODAY
                         NORMAL    RECORD    YEAR
 MAXIMUM TEMPERATURE (F)  102       110      1950
 MINIMUM TEMPERATURE (F)   79        55      1938


SUNRISE AND SUNSET
AUGUST 20 2014........SUNRISE   603 AM PDT   SUNSET   724 PM PDT
AUGUST 21 2014........SUNRISE   604 AM PDT   SUNSET   723 PM PDT


-  INDICATES NEGATIVE NUMBERS.
R  INDICATES RECORD WAS SET OR TIED.
MM INDICATES DATA IS MISSING.
T  INDICATES TRACE AMOUNT.




$$
