000
CDUS45 KVEF 200827
CLILAS


CLIMATE REPORT
NATIONAL WEATHER SERVICE LAS VEGAS, NV
127 AM PDT SUN APR 20 2014


...................................

...THE LAS VEGAS NV CLIMATE SUMMARY FOR APRIL 19 2014...

CLIMATE NORMAL PERIOD 1981 TO 2010
CLIMATE RECORD PERIOD 1937 TO 2014


WEATHER ITEM   OBSERVED TIME   RECORD YEAR NORMAL DEPARTURE LAST
                VALUE   (LST)  VALUE       VALUE  FROM      YEAR
                                                  NORMAL
..................................................................
TEMPERATURE (F)
 YESTERDAY
  MAXIMUM         85    417 PM  98    1938  79      6       77
  MINIMUM         64    604 AM  35    1968  57      7       49
  AVERAGE         75                        68      7       63

PRECIPITATION (IN)
  YESTERDAY        0.00          0.31 1952   0.00   0.00     0.00
  MONTH TO DATE    T                         0.11  -0.11     0.03
  SINCE OCT 1      1.72                      2.98  -1.26     2.04
  SINCE JAN 1      0.30                      1.85  -1.55     0.61

SNOWFALL (IN)
  YESTERDAY        0.0           0.0    MM   0.0    0.0      0.0
  MONTH TO DATE    0.0                       0.0    0.0      0.0
  SINCE MAR 1      0.0                       0.0    0.0      0.0
  SINCE JUL 1      0.0                       0.3   -0.3       T
  SNOW DEPTH       0

DEGREE DAYS
 HEATING
  YESTERDAY        0                         2     -2        2
  MONTH TO DATE   35                        52    -17       34
  SINCE MAR 1    120                       241   -121      120
  SINCE JUL 1   1506                      1932   -426     1757

 COOLING
  YESTERDAY       10                         5      5        0
  MONTH TO DATE  127                        60     67       75
  SINCE MAR 1    158                        90     68      161
  SINCE JAN 1    161                        91     70      161
..................................................................


WIND (MPH)
  RESULTANT WIND SPEED   7   RESULTANT WIND DIRECTION   S (190)
  HIGHEST WIND SPEED    18   HIGHEST WIND DIRECTION     S (170)
  HIGHEST GUST SPEED    23   HIGHEST GUST DIRECTION     S (180)
  AVERAGE WIND SPEED     7.6


SKY COVER
  POSSIBLE SUNSHINE  MM
  AVERAGE SKY COVER 0.4


WEATHER CONDITIONS
 THE FOLLOWING WEATHER WAS RECORDED YESTERDAY.
  NO SIGNIFICANT WEATHER WAS OBSERVED.


RELATIVE HUMIDITY (PERCENT)
 HIGHEST    40           500 AM
 LOWEST     14           400 PM
 AVERAGE    27

..........................................................


THE LAS VEGAS NV CLIMATE NORMALS FOR TODAY
                         NORMAL    RECORD    YEAR
 MAXIMUM TEMPERATURE (F)   80        97      1994
                                             1938
 MINIMUM TEMPERATURE (F)   57        34      1966


SUNRISE AND SUNSET
APRIL 20 2014.........SUNRISE   601 AM PDT   SUNSET   719 PM PDT
APRIL 21 2014.........SUNRISE   600 AM PDT   SUNSET   720 PM PDT


-  INDICATES NEGATIVE NUMBERS.
R  INDICATES RECORD WAS SET OR TIED.
MM INDICATES DATA IS MISSING.
T  INDICATES TRACE AMOUNT.




$$
