000
CDUS45 KVEF 010027
CLILAS


CLIMATE REPORT
NATIONAL WEATHER SERVICE LAS VEGAS, NV
427 PM PST SAT JAN 31 2015


...................................

...THE LAS VEGAS NV CLIMATE SUMMARY FOR JANUARY 31 2015...
VALID TODAY AS OF 0400 PM LOCAL TIME.

CLIMATE NORMAL PERIOD 1981 TO 2010
CLIMATE RECORD PERIOD 1937 TO 2015


WEATHER ITEM   OBSERVED TIME   RECORD YEAR NORMAL DEPARTURE LAST
                VALUE   (LST)  VALUE       VALUE  FROM      YEAR
                                                  NORMAL
..................................................................
TEMPERATURE (F)
 TODAY
  MAXIMUM         65    317 PM  75    2003  60      5       58
  MINIMUM         49    540 AM  19    1949  41      8       49
                                      1948
                                      1946
  AVERAGE         57                        50      7       54

PRECIPITATION (IN)
  TODAY            0.03          0.60 1979   0.02   0.01      T
  MONTH TO DATE    0.87                      0.54   0.33      T
  SINCE OCT 1      1.17                      1.67  -0.50     1.42
  SINCE JAN 1      0.87                      0.54   0.33      T

SNOWFALL (IN)
  TODAY           MM             7.4  1979   0.0   MM        0.0
  MONTH TO DATE    0.0                       0.0    0.0      0.0
  SINCE DEC 1      T                         0.2   -0.2      0.0
  SINCE JUL 1      T                         0.2   -0.2      0.0
  SNOW DEPTH      MM

DEGREE DAYS
 HEATING
  TODAY            8                        15     -7       11
  MONTH TO DATE  368                       505   -137      361
  SINCE DEC 1    792                      1043   -251      901
  SINCE JUL 1    965                      1352   -387     1164

 COOLING
  TODAY            0                         0      0        0
  MONTH TO DATE    0                         0      0        0
  SINCE DEC 1      0                         0      0        0
  SINCE JAN 1      0                         0      0        0
..................................................................


WIND (MPH)
  RESULTANT WIND SPEED   2   RESULTANT WIND DIRECTION   N (0)
  HIGHEST WIND SPEED    15   HIGHEST WIND DIRECTION     N (350)
  HIGHEST GUST SPEED    20   HIGHEST GUST DIRECTION    NW (330)
  AVERAGE WIND SPEED     8.3


SKY COVER
  POSSIBLE SUNSHINE  MM
  AVERAGE SKY COVER 0.7


WEATHER CONDITIONS
 THE FOLLOWING WEATHER WAS RECORDED TODAY.
  LIGHT RAIN


RELATIVE HUMIDITY (PERCENT)
 HIGHEST    93           300 AM
 LOWEST     40           300 PM
 AVERAGE    67

..........................................................


THE LAS VEGAS NV CLIMATE NORMALS FOR TOMORROW
                         NORMAL    RECORD    YEAR
 MAXIMUM TEMPERATURE (F)   60        81      2003
 MINIMUM TEMPERATURE (F)   41        17      1937


SUNRISE AND SUNSET
JANUARY 31 2015.......SUNRISE   642 AM PST   SUNSET   506 PM PST
FEBRUARY  1 2015......SUNRISE   642 AM PST   SUNSET   507 PM PST


-  INDICATES NEGATIVE NUMBERS.
R  INDICATES RECORD WAS SET OR TIED.
MM INDICATES DATA IS MISSING.
T  INDICATES TRACE AMOUNT.




$$
