000
CDUS45 KVEF 280845
CLILAS


CLIMATE REPORT
NATIONAL WEATHER SERVICE LAS VEGAS, NV
145 AM PDT THU APR 28 2016


...................................

...THE LAS VEGAS NV CLIMATE SUMMARY FOR APRIL 27 2016...

CLIMATE NORMAL PERIOD 1981 TO 2010
CLIMATE RECORD PERIOD 1937 TO 2016


WEATHER ITEM   OBSERVED TIME   RECORD YEAR NORMAL DEPARTURE LAST
                VALUE   (LST)  VALUE       VALUE  FROM      YEAR
                                                  NORMAL
..................................................................
TEMPERATURE (F)
 YESTERDAY
  MAXIMUM         76    219 PM  99    2000  82     -6       81
  MINIMUM         57   1159 PM  39    1984  60     -3       60
  AVERAGE         67                        71     -4       71

PRECIPITATION (IN)
  YESTERDAY        0.04          0.10 1960   0.00   0.04     0.00
  MONTH TO DATE    1.09                      0.14   0.95     0.26
  SINCE OCT 1      3.05                      3.01   0.04     2.25
  SINCE JAN 1      1.64                      1.88  -0.24     1.95

SNOWFALL (IN)
  YESTERDAY        0.0           0.0    MM   0.0    0.0      0.0
  MONTH TO DATE    0.0                       0.0    0.0      0.0
  SINCE MAR 1      0.0                       0.0    0.0      0.0
  SINCE JUL 1      T                         0.3   -0.3       T
  SNOW DEPTH       0

DEGREE DAYS
 HEATING
  YESTERDAY        0                         1     -1        0
  MONTH TO DATE   24                        61    -37       26
  SINCE MAR 1    102                       250   -148      102
  SINCE JUL 1   1681                      1941   -260     1209

 COOLING
  YESTERDAY        2                         7     -5        6
  MONTH TO DATE  142                       107     35      104
  SINCE MAR 1    197                       137     60      242
  SINCE JAN 1    206                       138     68      252
..................................................................


WIND (MPH)
  RESULTANT WIND SPEED   3   RESULTANT WIND DIRECTION  SW (240)
  HIGHEST WIND SPEED    29   HIGHEST WIND DIRECTION     W (260)
  HIGHEST GUST SPEED    35   HIGHEST GUST DIRECTION     N (340)
  AVERAGE WIND SPEED    11.1


SKY COVER
  POSSIBLE SUNSHINE  MM
  AVERAGE SKY COVER 0.8


WEATHER CONDITIONS
 THE FOLLOWING WEATHER WAS RECORDED YESTERDAY.
  THUNDERSTORM
  LIGHT RAIN


RELATIVE HUMIDITY (PERCENT)
 HIGHEST    77           900 PM
 LOWEST     17          1000 AM
 AVERAGE    47

..........................................................


THE LAS VEGAS NV CLIMATE NORMALS FOR TODAY
                         NORMAL    RECORD    YEAR
 MAXIMUM TEMPERATURE (F)   82        97      2013
                                             2007
 MINIMUM TEMPERATURE (F)   60        39      1955


SUNRISE AND SUNSET
APRIL 28 2016.........SUNRISE   551 AM PDT   SUNSET   726 PM PDT
APRIL 29 2016.........SUNRISE   550 AM PDT   SUNSET   727 PM PDT


-  INDICATES NEGATIVE NUMBERS.
R  INDICATES RECORD WAS SET OR TIED.
MM INDICATES DATA IS MISSING.
T  INDICATES TRACE AMOUNT.




$$
