000
CDUS45 KVEF 280025
CLILAS


CLIMATE REPORT
NATIONAL WEATHER SERVICE LAS VEGAS, NV
525 PM PDT SUN JUL 27 2014


...................................

...THE LAS VEGAS NV CLIMATE SUMMARY FOR JULY 27 2014...
VALID TODAY AS OF 0500 PM LOCAL TIME.

CLIMATE NORMAL PERIOD 1981 TO 2010
CLIMATE RECORD PERIOD 1937 TO 2014


WEATHER ITEM   OBSERVED TIME   RECORD YEAR NORMAL DEPARTURE LAST
                VALUE   (LST)  VALUE       VALUE  FROM      YEAR
                                                  NORMAL
..................................................................
TEMPERATURE (F)
 TODAY
  MAXIMUM        104    144 PM 115    1943 104      0       93
  MINIMUM         87    531 AM  63    1944  81      6       79
  AVERAGE         96                        93      3       86

PRECIPITATION (IN)
  TODAY            0.00          0.33 1984   0.02  -0.02     0.00
  MONTH TO DATE    0.21                      0.33  -0.12     0.30
  SINCE OCT 1      1.93                      3.54  -1.61     2.34
  SINCE JAN 1      0.51                      2.41  -1.90     0.91

SNOWFALL (IN)
  TODAY            0.0           0.0    MM   0.0    0.0      0.0
  MONTH TO DATE    0.0                       0.0    0.0      0.0
  SINCE JUN 1      0.0                       0.0    0.0      0.0
  SINCE JUL 1      0.0                       0.0    0.0      0.0
  SNOW DEPTH      MM

DEGREE DAYS
 HEATING
  TODAY            0                         0      0        0
  MONTH TO DATE    0                         0      0        0
  SINCE JUN 1      0                         1     -1        0
  SINCE JUL 1      0                         0      0        0

 COOLING
  TODAY           31                        28      3       21
  MONTH TO DATE  794                       743     51      811
  SINCE JUN 1   1535                      1393    142     1615
  SINCE JAN 1   2193                      1943    250     2305
..................................................................


WIND (MPH)
  RESULTANT WIND SPEED   9   RESULTANT WIND DIRECTION   S (190)
  HIGHEST WIND SPEED    28   HIGHEST WIND DIRECTION    SW (220)
  HIGHEST GUST SPEED    34   HIGHEST GUST DIRECTION    SW (220)
  AVERAGE WIND SPEED    10.3


SKY COVER
  POSSIBLE SUNSHINE  MM
  AVERAGE SKY COVER 0.6


WEATHER CONDITIONS
 THE FOLLOWING WEATHER WAS RECORDED TODAY.
  HAZE
  SANDSTORM


RELATIVE HUMIDITY (PERCENT)
 HIGHEST    32           700 AM
 LOWEST     19           300 PM
 AVERAGE    26

..........................................................


THE LAS VEGAS NV CLIMATE NORMALS FOR TOMORROW
                         NORMAL    RECORD    YEAR
 MAXIMUM TEMPERATURE (F)  104       114      1995
                                             1980
 MINIMUM TEMPERATURE (F)   81        61      1984
                                             1941


SUNRISE AND SUNSET
JULY 27 2014..........SUNRISE   544 AM PDT   SUNSET   750 PM PDT
JULY 28 2014..........SUNRISE   545 AM PDT   SUNSET   749 PM PDT


-  INDICATES NEGATIVE NUMBERS.
R  INDICATES RECORD WAS SET OR TIED.
MM INDICATES DATA IS MISSING.
T  INDICATES TRACE AMOUNT.




$$
