000
CDUS45 KVEF 050026
CLILAS


CLIMATE REPORT
NATIONAL WEATHER SERVICE LAS VEGAS, NV
526 PM PDT TUE AUG 4 2015


...................................

...THE LAS VEGAS NV CLIMATE SUMMARY FOR AUGUST 4 2015...
VALID TODAY AS OF 0500 PM LOCAL TIME.

CLIMATE NORMAL PERIOD 1981 TO 2010
CLIMATE RECORD PERIOD 1937 TO 2015


WEATHER ITEM   OBSERVED TIME   RECORD YEAR NORMAL DEPARTURE LAST
                VALUE   (LST)  VALUE       VALUE  FROM      YEAR
                                                  NORMAL
..................................................................
TEMPERATURE (F)
 TODAY
  MAXIMUM        106    315 PM 114    1979 104      2       84
  MINIMUM         83    519 AM  58    1937  81      2       69
  AVERAGE         95                        92      3       77

PRECIPITATION (IN)
  TODAY            0.00          1.29 1955   0.01  -0.01     0.07
  MONTH TO DATE    0.05                      0.05   0.00     0.35
  SINCE OCT 1      2.73                      3.66  -0.93     2.29
  SINCE JAN 1      2.43                      2.53  -0.10     0.87

SNOWFALL (IN)
  TODAY            0.0           0.0    MM   0.0    0.0      0.0
  MONTH TO DATE    0.0                       0.0    0.0      0.0
  SINCE JUN 1      0.0                       0.0    0.0      0.0
  SINCE JUL 1      0.0                       0.0    0.0      0.0
  SNOW DEPTH       0

DEGREE DAYS
 HEATING
  TODAY            0                         0      0        0
  MONTH TO DATE    0                         0      0        0
  SINCE JUN 1      0                         1     -1        0
  SINCE JUL 1      0                         0      0        0

 COOLING
  TODAY           30                        27      3       12
  MONTH TO DATE  107                       109     -2       83
  SINCE JUN 1   1723                      1613    110     1722
  SINCE JAN 1   2326                      2163    163     2380
..................................................................


WIND (MPH)
  RESULTANT WIND SPEED   8   RESULTANT WIND DIRECTION   S (200)
  HIGHEST WIND SPEED    18   HIGHEST WIND DIRECTION    SW (220)
  HIGHEST GUST SPEED    26   HIGHEST GUST DIRECTION    SW (230)
  AVERAGE WIND SPEED     8.5


SKY COVER
  POSSIBLE SUNSHINE  MM
  AVERAGE SKY COVER 0.2


WEATHER CONDITIONS
 THE FOLLOWING WEATHER WAS RECORDED TODAY.
  NO SIGNIFICANT WEATHER WAS OBSERVED.


RELATIVE HUMIDITY (PERCENT)
 HIGHEST    19           600 AM
 LOWEST      6           300 PM
 AVERAGE    13

..........................................................


THE LAS VEGAS NV CLIMATE NORMALS FOR TOMORROW
                         NORMAL    RECORD    YEAR
 MAXIMUM TEMPERATURE (F)  104       113      1969
 MINIMUM TEMPERATURE (F)   81        63      1953
                                             1944


SUNRISE AND SUNSET
AUGUST  4 2015........SUNRISE   550 AM PDT   SUNSET   743 PM PDT
AUGUST  5 2015........SUNRISE   551 AM PDT   SUNSET   742 PM PDT


-  INDICATES NEGATIVE NUMBERS.
R  INDICATES RECORD WAS SET OR TIED.
MM INDICATES DATA IS MISSING.
T  INDICATES TRACE AMOUNT.




$$
