000
CDUS46 KLOX 270912
CLILAX


CLIMATE REPORT
NATIONAL WEATHER SERVICE LOS ANGELES/OXNARD CA
212 AM PDT FRI MAR 27 2015


...................................

...THE LOS ANGELES INTL AIRPORT CA CLIMATE SUMMARY FOR MARCH 26 2015...

CLIMATE NORMAL PERIOD 1981 TO 2010
CLIMATE RECORD PERIOD 1944 TO 2015


WEATHER ITEM   OBSERVED TIME   RECORD YEAR NORMAL DEPARTURE LAST
                VALUE   (LST)  VALUE       VALUE  FROM      YEAR
                                                  NORMAL
..................................................................
TEMPERATURE (F)
 YESTERDAY
  MAXIMUM         85   1047 AM  95    1988  65     20       66
  MINIMUM         58    554 AM  42    1977  52      6       57
  AVERAGE         72                        58     14       62

PRECIPITATION (IN)
  YESTERDAY        0.00          0.70 1991   0.04  -0.04     0.01
  MONTH TO DATE    0.49                      1.65  -1.16     0.36
  SINCE OCT 1      6.71                     11.33  -4.62     4.16
  SINCE JAN 1      2.01                      7.61  -5.60     3.15

SNOWFALL (IN)
  YESTERDAY        0.0
  MONTH TO DATE    0.0
  SINCE MAR 1      0.0
  SINCE JUL 1      0.0

DEGREE DAYS
 HEATING
  YESTERDAY        0                         7     -7        3
  MONTH TO DATE   64                       185   -121       67
  SINCE MAR 1     64                       185   -121       67
  SINCE JUL 1    597                      1114   -517      622

 COOLING
  YESTERDAY        7                         0      7        0
  MONTH TO DATE   61                         0     61       19
  SINCE MAR 1     61                         0     61       19
  SINCE JAN 1     88                         9     79       35
..................................................................


WIND (MPH)
  HIGHEST WIND SPEED    16   HIGHEST WIND DIRECTION     W (270)
  HIGHEST GUST SPEED    18   HIGHEST GUST DIRECTION     W (270)
  AVERAGE WIND SPEED     6.7


SKY COVER
  POSSIBLE SUNSHINE  MM
  AVERAGE SKY COVER 0.0


WEATHER CONDITIONS
 THE FOLLOWING WEATHER WAS RECORDED YESTERDAY.
  NO SIGNIFICANT WEATHER WAS OBSERVED.


RELATIVE HUMIDITY (PERCENT)
 HIGHEST    77           600 AM
 LOWEST     17          1000 AM
 AVERAGE    47

..........................................................


THE LOS ANGELES INTL AIRPORT CA CLIMATE NORMALS FOR TODAY
                         NORMAL    RECORD    YEAR
 MAXIMUM TEMPERATURE (F)   65        87      1952
 MINIMUM TEMPERATURE (F)   52        40      1945


SUNRISE AND SUNSET
MARCH 27 2015.........SUNRISE   648 AM PDT   SUNSET   710 PM PDT
MARCH 28 2015.........SUNRISE   647 AM PDT   SUNSET   711 PM PDT


-  INDICATES NEGATIVE NUMBERS.
R  INDICATES RECORD WAS SET OR TIED.
MM INDICATES DATA IS MISSING.
T  INDICATES TRACE AMOUNT.




$$
