000
CDUS46 KLOX 011154
CLILAX


CLIMATE REPORT
NATIONAL WEATHER SERVICE LOS ANGELES/OXNARD CA
453 AM PDT SAT AUG 1 2015


...................................

...THE LOS ANGELES INTL AIRPORT CA CLIMATE SUMMARY FOR JULY 31 2015...

CLIMATE NORMAL PERIOD 1981 TO 2010
CLIMATE RECORD PERIOD 1944 TO 2015


WEATHER ITEM   OBSERVED TIME   RECORD YEAR NORMAL DEPARTURE LAST
                VALUE   (LST)  VALUE       VALUE  FROM      YEAR
                                                  NORMAL
..................................................................
TEMPERATURE (F)
 YESTERDAY
  MAXIMUM         76    357 PM  86    1959  74      2       77
  MINIMUM         67   1159 PM  59    2010  64      3       67
                                      1986
                                      1955
  AVERAGE         72                        69      3       72

PRECIPITATION (IN)
  YESTERDAY        0.00          0.02 1991   0.00   0.00     0.00
  MONTH TO DATE    0.35                      0.03   0.32     0.14
  SINCE OCT 1      7.61                     12.56  -4.95     4.56
  SINCE JAN 1      2.91                      8.84  -5.93     3.55

SNOWFALL (IN)
  YESTERDAY        0.0
  MONTH TO DATE    0.0
  SINCE JUN 1      0.0
  SINCE JUL 1      0.0

DEGREE DAYS
 HEATING
  YESTERDAY        0                         0      0        0
  MONTH TO DATE    0                         0      0        0
  SINCE JUN 1     11                        27    -16        1
  SINCE JUL 1      0                         2     -2        0

 COOLING
  YESTERDAY        7                         4      3        7
  MONTH TO DATE  170                       119     51      220
  SINCE JUN 1    227                       161     66      307
  SINCE JAN 1    340                       201    139      518
..................................................................


WIND (MPH)
  HIGHEST WIND SPEED    17   HIGHEST WIND DIRECTION     W (270)
  HIGHEST GUST SPEED    22   HIGHEST GUST DIRECTION     W (250)
  AVERAGE WIND SPEED     8.3


SKY COVER
  POSSIBLE SUNSHINE  MM
  AVERAGE SKY COVER 0.7


WEATHER CONDITIONS
 THE FOLLOWING WEATHER WAS RECORDED YESTERDAY.
  FOG
  HAZE


RELATIVE HUMIDITY (PERCENT)
 HIGHEST    93          1000 PM
 LOWEST     69           200 PM
 AVERAGE    81

..........................................................


THE LOS ANGELES INTL AIRPORT CA CLIMATE NORMALS FOR TODAY
                         NORMAL    RECORD    YEAR
 MAXIMUM TEMPERATURE (F)   74        89      1980
                                             1959
 MINIMUM TEMPERATURE (F)   64        57      2010


SUNRISE AND SUNSET
AUGUST  1 2015........SUNRISE   605 AM PDT   SUNSET   754 PM PDT
AUGUST  2 2015........SUNRISE   606 AM PDT   SUNSET   753 PM PDT


-  INDICATES NEGATIVE NUMBERS.
R  INDICATES RECORD WAS SET OR TIED.
MM INDICATES DATA IS MISSING.
T  INDICATES TRACE AMOUNT.




$$
