000
CDUS46 KLOX 210112
CLILAX


CLIMATE REPORT
NATIONAL WEATHER SERVICE LOS ANGELES/OXNARD CA
612 PM PDT WED AUG 20 2014


...................................

...THE LOS ANGELES AIRPORT CLIMATE SUMMARY FOR AUGUST 20 2014...
VALID TODAY AS OF 0600 PM LOCAL TIME.

CLIMATE NORMAL PERIOD 1981 TO 2010
CLIMATE RECORD PERIOD 1944 TO 2014


WEATHER ITEM   OBSERVED TIME   RECORD YEAR NORMAL DEPARTURE LAST
                VALUE   (LST)  VALUE       VALUE  FROM      YEAR
                                                  NORMAL
..................................................................
TEMPERATURE (F)
 TODAY
  MAXIMUM         77    109 PM  86    1994  75      2       71
  MINIMUM         69    544 AM  55    1947  64      5       62
  AVERAGE         73                        70      3       67

PRECIPITATION (IN)
  TODAY            0.00          0.00   MM   0.00   0.00     0.00
  MONTH TO DATE    0.03                      0.03   0.00      T
  SINCE JUL 1      0.17                      0.06   0.11     0.03
  SINCE JAN 1      3.58                      8.87  -5.29     2.64

SNOWFALL (IN)
  TODAY            0.0
  MONTH TO DATE    0.0
  SINCE JUN 1      0.0
  SINCE JUL 1      0.0

DEGREE DAYS
 HEATING
  TODAY            0                         0      0        0
  MONTH TO DATE    0                         0      0        0
  SINCE JUN 1      1                        27    -26        0
  SINCE JUL 1      0                         2     -2        0

 COOLING
  TODAY            8                         5      3        2
  MONTH TO DATE  121                        94     27       51
  SINCE JUN 1    428                       255    173      277
  SINCE JAN 1    639                       295    344      358
..................................................................


WIND (MPH)
  HIGHEST WIND SPEED    17   HIGHEST WIND DIRECTION     W (260)
  HIGHEST GUST SPEED    24   HIGHEST GUST DIRECTION     W (260)
  AVERAGE WIND SPEED     7.9


SKY COVER
  POSSIBLE SUNSHINE  MM
  AVERAGE SKY COVER 0.7


WEATHER CONDITIONS
 THE FOLLOWING WEATHER WAS RECORDED TODAY.
  NO SIGNIFICANT WEATHER WAS OBSERVED.


RELATIVE HUMIDITY (PERCENT)
 HIGHEST    73          1200 AM
 LOWEST     50          1200 PM
 AVERAGE    62

..........................................................


THE LOS ANGELES AIRPORT CLIMATE NORMALS FOR TOMORROW
                         NORMAL    RECORD    YEAR
 MAXIMUM TEMPERATURE (F)   75        87      1972
 MINIMUM TEMPERATURE (F)   64        58      1947


SUNRISE AND SUNSET
AUGUST 20 2014........SUNRISE   619 AM PDT   SUNSET   734 PM PDT
AUGUST 21 2014........SUNRISE   620 AM PDT   SUNSET   733 PM PDT


-  INDICATES NEGATIVE NUMBERS.
R  INDICATES RECORD WAS SET OR TIED.
MM INDICATES DATA IS MISSING.
T  INDICATES TRACE AMOUNT.




$$
