000
CDUS46 KLOX 170913
CLILAX


CLIMATE REPORT
NATIONAL WEATHER SERVICE LOS ANGELES/OXNARD CA
213 AM PDT THU APR 17 2014


...................................

...THE LOS ANGELES INTL AIRPORT CA CLIMATE SUMMARY FOR APRIL 16 2014...

CLIMATE NORMAL PERIOD 1981 TO 2010
CLIMATE RECORD PERIOD 1944 TO 2014


WEATHER ITEM   OBSERVED TIME   RECORD YEAR NORMAL DEPARTURE LAST
                VALUE   (LST)  VALUE       VALUE  FROM      YEAR
                                                  NORMAL
..................................................................
TEMPERATURE (F)
 YESTERDAY
  MAXIMUM         67    938 AM  85    1948  67      0       65
  MINIMUM         58    533 AM  44    1976  54      4       51
  AVERAGE         63                        60      3       58

PRECIPITATION (IN)
  YESTERDAY        0.00          0.69 1995   0.02  -0.02     0.00
  MONTH TO DATE    0.17                      0.45  -0.28     0.06
  SINCE JUL 1      4.36                     12.27  -7.91     6.50
  SINCE JAN 1      3.32                      8.26  -4.94     2.22

SNOWFALL (IN)
  YESTERDAY        0.0
  MONTH TO DATE    0.0
  SINCE MAR 1      0.0
  SINCE JUL 1      0.0

DEGREE DAYS
 HEATING
  YESTERDAY        2                         5     -3        7
  MONTH TO DATE   69                        93    -24       60
  SINCE MAR 1    159                       314   -155      239
  SINCE JUL 1    714                      1243   -529     1107

 COOLING
  YESTERDAY        0                         0      0        0
  MONTH TO DATE    8                         0      8        0
  SINCE MAR 1     27                         6     21        8
  SINCE JAN 1     43                        15     28       16
..................................................................


WIND (MPH)
  HIGHEST WIND SPEED    16   HIGHEST WIND DIRECTION     W (270)
  HIGHEST GUST SPEED    22   HIGHEST GUST DIRECTION     W (260)
  AVERAGE WIND SPEED     6.9


SKY COVER
  POSSIBLE SUNSHINE  MM
  AVERAGE SKY COVER 0.4


WEATHER CONDITIONS
 THE FOLLOWING WEATHER WAS RECORDED YESTERDAY.
  HAZE


RELATIVE HUMIDITY (PERCENT)
 HIGHEST    86          1200 AM
 LOWEST     63           900 AM
 AVERAGE    75

..........................................................


THE LOS ANGELES INTL AIRPORT CA CLIMATE NORMALS FOR TODAY
                         NORMAL    RECORD    YEAR
 MAXIMUM TEMPERATURE (F)   67        87      1999
 MINIMUM TEMPERATURE (F)   54        44      1976


SUNRISE AND SUNSET
APRIL 17 2014.........SUNRISE   620 AM PDT   SUNSET   727 PM PDT
APRIL 18 2014.........SUNRISE   619 AM PDT   SUNSET   727 PM PDT


-  INDICATES NEGATIVE NUMBERS.
R  INDICATES RECORD WAS SET OR TIED.
MM INDICATES DATA IS MISSING.
T  INDICATES TRACE AMOUNT.




$$
