000
CDUS46 KLOX 130912
CLILAX


CLIMATE REPORT
NATIONAL WEATHER SERVICE LOS ANGELES/OXNARD CA
112 AM PST SAT FEB 13 2016


...................................

...THE LOS ANGELES INTL AIRPORT CA CLIMATE SUMMARY FOR FEBRUARY 12 2016...

CLIMATE NORMAL PERIOD 1981 TO 2010
CLIMATE RECORD PERIOD 1944 TO 2016


WEATHER ITEM   OBSERVED TIME   RECORD YEAR NORMAL DEPARTURE LAST
                VALUE   (LST)  VALUE       VALUE  FROM      YEAR
                                                  NORMAL
..................................................................
TEMPERATURE (F)
 YESTERDAY
  MAXIMUM         79   1147 AM  88    1977  64     15       84
  MINIMUM         55    558 AM  34    1948  50      5       57
  AVERAGE         67                        57     10       71

PRECIPITATION (IN)
  YESTERDAY        0.00          2.15 2003   0.12  -0.12     0.00
  MONTH TO DATE    0.00                      1.33  -1.33      T
  SINCE OCT 1      4.18                      7.76  -3.58     5.95
  SINCE JAN 1      2.94                      4.04  -1.10     1.25

SNOWFALL (IN)
  YESTERDAY        0.0
  MONTH TO DATE    0.0
  SINCE DEC 1      0.0
  SINCE JUL 1      0.0

DEGREE DAYS
 HEATING
  YESTERDAY        0                         8     -8        0
  MONTH TO DATE   48                        96    -48       48
  SINCE DEC 1    527                       618    -91      415
  SINCE JUL 1    638                       800   -162      457

 COOLING
  YESTERDAY        2                         0      2        6
  MONTH TO DATE   30                         0     30       10
  SINCE DEC 1     36                         5     31       19
  SINCE JAN 1     30                         4     26       17
..................................................................


WIND (MPH)
  HIGHEST WIND SPEED    13   HIGHEST WIND DIRECTION     W (260)
  HIGHEST GUST SPEED    17   HIGHEST GUST DIRECTION     W (280)
  AVERAGE WIND SPEED     5.0


SKY COVER
  POSSIBLE SUNSHINE  MM
  AVERAGE SKY COVER 0.4


WEATHER CONDITIONS
 THE FOLLOWING WEATHER WAS RECORDED YESTERDAY.
  FOG
  HAZE


RELATIVE HUMIDITY (PERCENT)
 HIGHEST    84           700 PM
 LOWEST     25          1000 AM
 AVERAGE    55

..........................................................


THE LOS ANGELES INTL AIRPORT CA CLIMATE NORMALS FOR TODAY
                         NORMAL    RECORD    YEAR
 MAXIMUM TEMPERATURE (F)   64        85      2006
                                             1985
 MINIMUM TEMPERATURE (F)   50        35      1948


SUNRISE AND SUNSET
FEBRUARY 13 2016......SUNRISE   641 AM PST   SUNSET   535 PM PST
FEBRUARY 14 2016......SUNRISE   640 AM PST   SUNSET   536 PM PST


-  INDICATES NEGATIVE NUMBERS.
R  INDICATES RECORD WAS SET OR TIED.
MM INDICATES DATA IS MISSING.
T  INDICATES TRACE AMOUNT.




$$
