000
CDUS44 KLUB 260225
CLILBB


CLIMATE REPORT
NATIONAL WEATHER SERVICE LUBBOCK, TX
825 PM CST TUE NOV 25 2014


...................................

...THE LUBBOCK CLIMATE SUMMARY FOR NOVEMBER 25 2014...
VALID TODAY AS OF 0800 PM LOCAL TIME.

CLIMATE NORMAL PERIOD 1981 TO 2010
CLIMATE RECORD PERIOD 1911 TO 2014


WEATHER ITEM   OBSERVED TIME   RECORD YEAR NORMAL DEPARTURE LAST
                VALUE   (LST)  VALUE       VALUE  FROM      YEAR
                                                  NORMAL
..................................................................
TEMPERATURE (F)
 TODAY
  MAXIMUM         55    400 PM  86    1965  59     -4       40
  MINIMUM         26    756 AM  15    1993  32     -6       29
  AVERAGE         41                        46     -5       35

PRECIPITATION (IN)
  TODAY            0.00          1.17 1980   0.03  -0.03      T
  MONTH TO DATE    2.95                      0.72   2.23     0.54
  SINCE SEP 1     10.27                      5.16   5.11     2.23
  SINCE JAN 1     22.17                     18.23   3.94    12.01

SNOWFALL (IN)
  TODAY            0.0          10.6  1980   0.1   -0.1       T
  MONTH TO DATE    0.5                       0.7   -0.2      2.2
  SINCE SEP 1      0.5                       0.7   -0.2      2.2
  SINCE JUL 1      0.5                       0.7   -0.2      2.2
  SNOW DEPTH       0

DEGREE DAYS
 HEATING
  TODAY           24                        19      5       30
  MONTH TO DATE  486                       358    128      381
  SINCE SEP 1    613                       540     73      544
  SINCE JUL 1    613                       540     73      544

 COOLING
  TODAY            0                         0      0        0
  MONTH TO DATE    0                         0      0        3
  SINCE SEP 1    288                       275     13      395
  SINCE JAN 1   1917                      1801    116     2123
..................................................................


WIND (MPH)
  RESULTANT WIND SPEED   8   RESULTANT WIND DIRECTION   W (280)
  HIGHEST WIND SPEED    30   HIGHEST WIND DIRECTION    SW (240)
  HIGHEST GUST SPEED    37   HIGHEST GUST DIRECTION     W (250)
  AVERAGE WIND SPEED    13.1


SKY COVER
  AVERAGE SKY COVER 0.2


WEATHER CONDITIONS
 THE FOLLOWING WEATHER WAS RECORDED TODAY.
  NO SIGNIFICANT WEATHER WAS OBSERVED.


RELATIVE HUMIDITY (PERCENT)
 HIGHEST    75           700 AM
 LOWEST     16           400 PM
 AVERAGE    46

..........................................................


THE LUBBOCK CLIMATE NORMALS FOR TOMORROW
                         NORMAL    RECORD    YEAR
 MAXIMUM TEMPERATURE (F)   59        82      1970
 MINIMUM TEMPERATURE (F)   32         8      1980


SUNRISE AND SUNSET
NOVEMBER 25 2014......SUNRISE   728 AM CST   SUNSET   540 PM CST
NOVEMBER 26 2014......SUNRISE   729 AM CST   SUNSET   540 PM CST


-  INDICATES NEGATIVE NUMBERS.
R  INDICATES RECORD WAS SET OR TIED.
MM INDICATES DATA IS MISSING.
T  INDICATES TRACE AMOUNT.




$$
