000
CDUS44 KLUB 270627
CLILBB


CLIMATE REPORT
NATIONAL WEATHER SERVICE LUBBOCK, TX
1226 AM CST FRI FEB 27 2015


...................................

...THE LUBBOCK CLIMATE SUMMARY FOR FEBRUARY 26 2015...

CLIMATE NORMAL PERIOD 1981 TO 2010
CLIMATE RECORD PERIOD 1911 TO 2015


WEATHER ITEM   OBSERVED TIME   RECORD YEAR NORMAL DEPARTURE LAST
                VALUE   (LST)  VALUE       VALUE  FROM      YEAR
                                                  NORMAL
..................................................................
TEMPERATURE (F)
 YESTERDAY
  MAXIMUM         46   1226 AM  85    1918  62    -16       45
  MINIMUM         22   1159 PM   8    1935  33    -11       21
  AVERAGE         34                        47    -13       33

PRECIPITATION (IN)
  YESTERDAY        0.14          1.08 1915   0.03   0.11     0.00
  MONTH TO DATE    0.22                      0.69  -0.47     0.16
  SINCE DEC 1      2.22                      2.10   0.12     0.76
  SINCE JAN 1      1.83                      1.34   0.49     0.16

SNOWFALL (IN)
  YESTERDAY        1.3           1.7  1984   0.1    1.2      0.0
  MONTH TO DATE    1.9                       1.6    0.3      1.8
  SINCE DEC 1      8.5                       6.5    2.0      2.0
  SINCE JUL 1      9.0                       7.4    1.6      4.2
  SNOW DEPTH       T

DEGREE DAYS
 HEATING
  YESTERDAY       31                        18     13       32
  MONTH TO DATE  497                       540    -43      600
  SINCE DEC 1   1951                      2063   -112     2175
  SINCE JUL 1   2626                      2705    -79     2828

 COOLING
  YESTERDAY        0                         0      0        0
  MONTH TO DATE    0                         0      0        0
  SINCE DEC 1      0                         0      0        0
  SINCE JAN 1      0                         0      0        0
..................................................................


WIND (MPH)
  RESULTANT WIND SPEED  17   RESULTANT WIND DIRECTION  NE (50)
  HIGHEST WIND SPEED    31   HIGHEST WIND DIRECTION    NE (40)
  HIGHEST GUST SPEED    36   HIGHEST GUST DIRECTION    NE (30)
  AVERAGE WIND SPEED    17.5


SKY COVER
  AVERAGE SKY COVER 1.0


WEATHER CONDITIONS
 THE FOLLOWING WEATHER WAS RECORDED YESTERDAY.
  LIGHT RAIN
  SNOW
  LIGHT SNOW
  FOG


RELATIVE HUMIDITY (PERCENT)
 HIGHEST   100           500 AM
 LOWEST     62           800 PM
 AVERAGE    81

..........................................................


THE LUBBOCK CLIMATE NORMALS FOR TODAY
                         NORMAL    RECORD    YEAR
 MAXIMUM TEMPERATURE (F)   62        81      2006
                                             1932
 MINIMUM TEMPERATURE (F)   33        10      1934


SUNRISE AND SUNSET
FEBRUARY 27 2015......SUNRISE   718 AM CST   SUNSET   642 PM CST
FEBRUARY 28 2015......SUNRISE   717 AM CST   SUNSET   643 PM CST


-  INDICATES NEGATIVE NUMBERS.
R  INDICATES RECORD WAS SET OR TIED.
MM INDICATES DATA IS MISSING.
T  INDICATES TRACE AMOUNT.




$$
