000
CDUS44 KLUB 220126
CLILBB


CLIMATE REPORT
NATIONAL WEATHER SERVICE LUBBOCK, TX
826 PM CDT TUE OCT 21 2014


...................................

...THE LUBBOCK CLIMATE SUMMARY FOR OCTOBER 21 2014...
VALID TODAY AS OF 0800 PM LOCAL TIME.

CLIMATE NORMAL PERIOD 1981 TO 2010
CLIMATE RECORD PERIOD 1911 TO 2014


WEATHER ITEM   OBSERVED TIME   RECORD YEAR NORMAL DEPARTURE LAST
                VALUE   (LST)  VALUE       VALUE  FROM      YEAR
                                                  NORMAL
..................................................................
TEMPERATURE (F)
 TODAY
  MAXIMUM         77    232 PM  90    2003  74      3       66
  MINIMUM         49    711 AM  26    1917  46      3       45
  AVERAGE         63                        60      3       56

PRECIPITATION (IN)
  TODAY            0.00          2.91 1969   0.07  -0.07     0.00
  MONTH TO DATE    0.19                      1.42  -1.23     1.11
  SINCE SEP 1      7.13                      3.93   3.20     1.65
  SINCE JAN 1     19.03                     17.00   2.03    11.43

SNOWFALL (IN)
  TODAY            0.0           4.1  1911   0.0    0.0      0.0
  MONTH TO DATE    0.0                       0.0    0.0      0.0
  SINCE SEP 1      0.0                       0.0    0.0      0.0
  SINCE JUL 1      0.0                       0.0    0.0      0.0
  SNOW DEPTH       0

DEGREE DAYS
 HEATING
  TODAY            2                         6     -4        9
  MONTH TO DATE   64                        84    -20      101
  SINCE SEP 1     89                       107    -18      105
  SINCE JUL 1     89                       107    -18      105

 COOLING
  TODAY            0                         1     -1        0
  MONTH TO DATE   42                        46     -4       68
  SINCE SEP 1    270                       269      1      384
  SINCE JAN 1   1899                      1795    104     2112
..................................................................


WIND (MPH)
  RESULTANT WIND SPEED   4   RESULTANT WIND DIRECTION   S (160)
  HIGHEST WIND SPEED    20   HIGHEST WIND DIRECTION    SE (150)
  HIGHEST GUST SPEED    24   HIGHEST GUST DIRECTION    SE (150)
  AVERAGE WIND SPEED     6.2


SKY COVER
  AVERAGE SKY COVER 0.4


WEATHER CONDITIONS
 THE FOLLOWING WEATHER WAS RECORDED TODAY.
  FOG
  HAZE


RELATIVE HUMIDITY (PERCENT)
 HIGHEST    93           700 AM
 LOWEST     38           400 PM
 AVERAGE    66

..........................................................


THE LUBBOCK CLIMATE NORMALS FOR TOMORROW
                         NORMAL    RECORD    YEAR
 MAXIMUM TEMPERATURE (F)   74        89      1961
 MINIMUM TEMPERATURE (F)   46        28      1945


SUNRISE AND SUNSET
OCTOBER 21 2014.......SUNRISE   757 AM CDT   SUNSET   706 PM CDT
OCTOBER 22 2014.......SUNRISE   758 AM CDT   SUNSET   705 PM CDT


-  INDICATES NEGATIVE NUMBERS.
R  INDICATES RECORD WAS SET OR TIED.
MM INDICATES DATA IS MISSING.
T  INDICATES TRACE AMOUNT.




$$
