000
CDUS44 KLUB 202227
CLILBB


CLIMATE REPORT
NATIONAL WEATHER SERVICE LUBBOCK, TX
526 PM CDT SUN APR 20 2014


...................................

...THE LUBBOCK CLIMATE SUMMARY FOR APRIL 20 2014...
VALID TODAY AS OF 0500 PM LOCAL TIME.

CLIMATE NORMAL PERIOD 1981 TO 2010
CLIMATE RECORD PERIOD 1911 TO 2014


WEATHER ITEM   OBSERVED TIME   RECORD YEAR NORMAL DEPARTURE LAST
                VALUE   (LST)  VALUE       VALUE  FROM      YEAR
                                                  NORMAL
..................................................................
TEMPERATURE (F)
 TODAY
  MAXIMUM         78    332 PM  93    1925  77      1       80
  MINIMUM         53    532 AM  30    1933  47      6       43
  AVERAGE         66                        62      4       62

PRECIPITATION (IN)
  TODAY            0.03          1.01 1937   0.05  -0.02     0.00
  MONTH TO DATE    0.57                      0.86  -0.29     0.04
  SINCE MAR 1      0.74                      1.96  -1.22     0.04
  SINCE JAN 1      0.90                      3.36  -2.46     2.27

SNOWFALL (IN)
  TODAY            0.0                       0.0    0.0      0.0
  MONTH TO DATE    T                         0.2   -0.2      0.4
  SINCE MAR 1      T                         0.8   -0.8      0.4
  SINCE JUL 1      4.2                       8.2   -4.0      4.1
  SNOW DEPTH       0

DEGREE DAYS
 HEATING
  TODAY            0                         5     -5        3
  MONTH TO DATE  142                       144     -2      175
  SINCE MAR 1    582                       559     23      531
  SINCE JUL 1   3434                      3298    136     3061

 COOLING
  TODAY            1                         2     -1        0
  MONTH TO DATE   20                        25     -5       23
  SINCE MAR 1     23                        32     -9       25
  SINCE JAN 1     23                        32     -9       25
..................................................................


WIND (MPH)
  HIGHEST WIND SPEED    24   HIGHEST WIND DIRECTION     S (200)
  HIGHEST GUST SPEED    31   HIGHEST GUST DIRECTION    SW (210)
  AVERAGE WIND SPEED    11.4


SKY COVER
  POSSIBLE SUNSHINE  MM
  AVERAGE SKY COVER 0.6


WEATHER CONDITIONS
 THE FOLLOWING WEATHER WAS RECORDED TODAY.
  FOG
  HAZE


RELATIVE HUMIDITY (PERCENT)
 HIGHEST    93           100 AM
 LOWEST     46           300 PM
 AVERAGE    70

..........................................................


THE LUBBOCK CLIMATE NORMALS FOR TOMORROW
                         NORMAL    RECORD    YEAR
 MAXIMUM TEMPERATURE (F)   77        98      1989
                                             1965
 MINIMUM TEMPERATURE (F)   48        28      1918


SUNRISE AND SUNSET
APRIL 20 2014.........SUNRISE   711 AM CDT   SUNSET   822 PM CDT
APRIL 21 2014.........SUNRISE   710 AM CDT   SUNSET   823 PM CDT


-  INDICATES NEGATIVE NUMBERS.
R  INDICATES RECORD WAS SET OR TIED.
MM INDICATES DATA IS MISSING.
T  INDICATES TRACE AMOUNT.




$$
