000
CDUS44 KLUB 230626
CLILBB


CLIMATE REPORT
NATIONAL WEATHER SERVICE LUBBOCK, TX
1226 AM CST TUE JAN 23 2018


...................................

...THE LUBBOCK CLIMATE SUMMARY FOR JANUARY 22 2018...

CLIMATE NORMAL PERIOD 1981 TO 2010
CLIMATE RECORD PERIOD 1911 TO 2018


WEATHER ITEM   OBSERVED TIME   RECORD YEAR NORMAL DEPARTURE LAST
                VALUE   (LST)  VALUE       VALUE  FROM      YEAR
                                                  NORMAL
..................................................................
TEMPERATURE (F)
 YESTERDAY
  MAXIMUM         54    444 PM  79    2009  55     -1       61
                                      1943
  MINIMUM         23    722 AM  -6    1918  27     -4       35
  AVERAGE         39                        41     -2       48

PRECIPITATION (IN)
  YESTERDAY        0.00          0.35 1980   0.02  -0.02      T
                                      1949
  MONTH TO DATE    T                         0.42  -0.42     2.03
  SINCE DEC 1      T                         1.18  -1.18     2.52
  SINCE JAN 1      T                         0.42  -0.42     2.03

SNOWFALL (IN)
  YESTERDAY        0.0           3.5  1980   0.1   -0.1      0.0
  MONTH TO DATE    T                         1.8   -1.8      0.2
  SINCE DEC 1      0.3                       4.1   -3.8      0.2
  SINCE JUL 1      0.3                       5.0   -4.7      0.2
  SNOW DEPTH       0

DEGREE DAYS
 HEATING
  YESTERDAY       26                        24      2       17
  MONTH TO DATE  591                       552     39      467
  SINCE DEC 1   1297                      1308    -11     1173
  SINCE JUL 1   1803                      1950   -147     1537

 COOLING
  YESTERDAY        0                         0      0        0
  MONTH TO DATE    0                         0      0        0
  SINCE DEC 1      0                         0      0        0
  SINCE JAN 1      0                         0      0        0
..................................................................


WIND (MPH)
  RESULTANT WIND SPEED  11   RESULTANT WIND DIRECTION  NW (300)
  HIGHEST WIND SPEED    24   HIGHEST WIND DIRECTION    NW (310)
  HIGHEST GUST SPEED    30   HIGHEST GUST DIRECTION    NW (310)
  AVERAGE WIND SPEED    11.9


SKY COVER
  AVERAGE SKY COVER 0.1


WEATHER CONDITIONS
 THE FOLLOWING WEATHER WAS RECORDED YESTERDAY.
  NO SIGNIFICANT WEATHER WAS OBSERVED.


RELATIVE HUMIDITY (PERCENT)
 HIGHEST    69           100 AM
 LOWEST     11           500 PM
 AVERAGE    40

..........................................................


THE LUBBOCK CLIMATE NORMALS FOR TODAY
                         NORMAL    RECORD    YEAR
 MAXIMUM TEMPERATURE (F)   55        83      1972
 MINIMUM TEMPERATURE (F)   27         3      1983


SUNRISE AND SUNSET
JANUARY 23 2018.......SUNRISE   749 AM CST   SUNSET   610 PM CST
JANUARY 24 2018.......SUNRISE   748 AM CST   SUNSET   611 PM CST


-  INDICATES NEGATIVE NUMBERS.
R  INDICATES RECORD WAS SET OR TIED.
MM INDICATES DATA IS MISSING.
T  INDICATES TRACE AMOUNT.




$$
