000
CDUS44 KLUB 240142
CLILBB


CLIMATE REPORT
NATIONAL WEATHER SERVICE LUBBOCK, TX
842 PM CDT MON OCT 23 2017


...................................

...THE LUBBOCK CLIMATE SUMMARY FOR OCTOBER 23 2017...
VALID TODAY AS OF 0800 PM LOCAL TIME.

CLIMATE NORMAL PERIOD 1981 TO 2010
CLIMATE RECORD PERIOD 1911 TO 2017


WEATHER ITEM   OBSERVED TIME   RECORD YEAR NORMAL DEPARTURE LAST
                VALUE   (LST)  VALUE       VALUE  FROM      YEAR
                                                  NORMAL
..................................................................
TEMPERATURE (F)
 TODAY
  MAXIMUM         81   1223 PM  91    2003  73      8       88
  MINIMUM         44    716 AM  22    1917  46     -2       51
  AVERAGE         63                        59      4       70

PRECIPITATION (IN)
  TODAY            0.00          2.38 1914   0.06  -0.06     0.00
  MONTH TO DATE    0.43                      1.54  -1.11     1.05
  SINCE SEP 1      3.89                      4.05  -0.16     2.52
  SINCE JAN 1     21.85                     17.12   4.73    12.44

SNOWFALL (IN)
  TODAY            0.0                       0.0    0.0      0.0
  MONTH TO DATE    0.0                       0.0    0.0      0.0
  SINCE SEP 1      0.0                       0.0    0.0      0.0
  SINCE JUL 1      0.0                       0.0    0.0      0.0
  SNOW DEPTH       0

DEGREE DAYS
 HEATING
  TODAY            2                         6     -4        0
  MONTH TO DATE   62                        96    -34       44
  SINCE SEP 1     87                       119    -32       46
  SINCE JUL 1     87                       119    -32       46

 COOLING
  TODAY            0                         1     -1        5
  MONTH TO DATE   85                        48     37       98
  SINCE SEP 1    335                       271     64      352
  SINCE JAN 1   1980                      1797    183     2078
..................................................................


WIND (MPH)
  RESULTANT WIND SPEED   6   RESULTANT WIND DIRECTION  NE (30)
  HIGHEST WIND SPEED    35   HIGHEST WIND DIRECTION    NE (40)
  HIGHEST GUST SPEED    41   HIGHEST GUST DIRECTION    NE (40)
  AVERAGE WIND SPEED    13.1


SKY COVER
  AVERAGE SKY COVER 0.3


WEATHER CONDITIONS
 THE FOLLOWING WEATHER WAS RECORDED TODAY.
  HAZE


RELATIVE HUMIDITY (PERCENT)
 HIGHEST    76           700 AM
 LOWEST     17          1200 PM
 AVERAGE    47

..........................................................


THE LUBBOCK CLIMATE NORMALS FOR TOMORROW
                         NORMAL    RECORD    YEAR
 MAXIMUM TEMPERATURE (F)   73        91      1933
 MINIMUM TEMPERATURE (F)   45        26      1929


SUNRISE AND SUNSET
OCTOBER 23 2017.......SUNRISE   759 AM CDT   SUNSET   704 PM CDT
OCTOBER 24 2017.......SUNRISE   800 AM CDT   SUNSET   703 PM CDT


-  INDICATES NEGATIVE NUMBERS.
R  INDICATES RECORD WAS SET OR TIED.
MM INDICATES DATA IS MISSING.
T  INDICATES TRACE AMOUNT.




$$
