000
CDUS44 KLUB 220627
CLILBB


CLIMATE REPORT
NATIONAL WEATHER SERVICE LUBBOCK, TX
127 AM CDT TUE AUG 22 2017


...................................

...THE LUBBOCK CLIMATE SUMMARY FOR AUGUST 21 2017...

CLIMATE NORMAL PERIOD 1981 TO 2010
CLIMATE RECORD PERIOD 1911 TO 2017


WEATHER ITEM   OBSERVED TIME   RECORD YEAR NORMAL DEPARTURE LAST
                VALUE   (LST)  VALUE       VALUE  FROM      YEAR
                                                  NORMAL
..................................................................
TEMPERATURE (F)
 YESTERDAY
  MAXIMUM         88    353 PM 103    1930  91     -3       82
  MINIMUM         66    425 PM  52    1956  66      0       58
  AVERAGE         77                        79     -2       70

PRECIPITATION (IN)
  YESTERDAY        0.75          0.95 1937   0.07   0.68     0.00
  MONTH TO DATE    4.18                      1.27   2.91     0.80
  SINCE JUN 1     11.80                      6.22   5.58     2.42
  SINCE JAN 1     17.29                     12.43   4.86     7.69

SNOWFALL (IN)
  YESTERDAY        0.0           0.0  2002   0.0    0.0      0.0
  MONTH TO DATE    0.0                       0.0    0.0      0.0
  SINCE JUN 1      T                         0.0    0.0      0.0
  SINCE JUL 1      0.0                       0.0    0.0      0.0
  SNOW DEPTH       0

DEGREE DAYS
 HEATING
  YESTERDAY        0                         0      0        0
  MONTH TO DATE    0                         0      0        0
  SINCE JUN 1      0                         2     -2        3
  SINCE JUL 1      0                         0      0        0

 COOLING
  YESTERDAY       12                        14     -2        5
  MONTH TO DATE  271                       307    -36      323
  SINCE JUN 1   1253                      1154     99     1391
  SINCE JAN 1   1555                      1400    155     1618
..................................................................


WIND (MPH)
  RESULTANT WIND SPEED   3   RESULTANT WIND DIRECTION   S (180)
  HIGHEST WIND SPEED    41   HIGHEST WIND DIRECTION    SW (230)
  HIGHEST GUST SPEED    58   HIGHEST GUST DIRECTION    SW (220)
  AVERAGE WIND SPEED     7.4


SKY COVER
  AVERAGE SKY COVER 0.8


WEATHER CONDITIONS
 THE FOLLOWING WEATHER WAS RECORDED YESTERDAY.
  THUNDERSTORM
  HEAVY RAIN
  RAIN
  LIGHT RAIN
  HAIL
  FOG


RELATIVE HUMIDITY (PERCENT)
 HIGHEST    90           100 AM
 LOWEST     43           400 PM
 AVERAGE    67

..........................................................


THE LUBBOCK CLIMATE NORMALS FOR TODAY
                         NORMAL    RECORD    YEAR
 MAXIMUM TEMPERATURE (F)   91       100      1999
                                             1985
                                             1930
 MINIMUM TEMPERATURE (F)   66        58      1967
                                             1945
                                             1923


SUNRISE AND SUNSET
AUGUST 22 2017........SUNRISE   714 AM CDT   SUNSET   825 PM CDT
AUGUST 23 2017........SUNRISE   715 AM CDT   SUNSET   824 PM CDT


-  INDICATES NEGATIVE NUMBERS.
R  INDICATES RECORD WAS SET OR TIED.
MM INDICATES DATA IS MISSING.
T  INDICATES TRACE AMOUNT.




$$
