000
CDUS43 KLBF 221041
CLILBF


CLIMATE REPORT
NATIONAL WEATHER SERVICE NORTH PLATTE
437 AM CST THU FEB 22 2018


...................................

...THE NORTH PLATTE NE CLIMATE SUMMARY FOR FEBRUARY 21 2018...

CLIMATE NORMAL PERIOD 1981 TO 2010
CLIMATE RECORD PERIOD 1874 TO 2018


WEATHER ITEM   OBSERVED TIME   RECORD YEAR NORMAL DEPARTURE LAST
                VALUE   (LST)  VALUE       VALUE  FROM      YEAR
                                                  NORMAL
..................................................................
TEMPERATURE (F)
 YESTERDAY
  MAXIMUM         24    548 PM  79    2017  45    -21       79
  MINIMUM         -9    640 AM -11    1978  17    -26       24
  AVERAGE          8                        31    -23       52

PRECIPITATION (IN)
  YESTERDAY        0.01          0.37 2013   0.02  -0.01     0.00
  MONTH TO DATE    0.64                      0.33   0.31     0.22
  SINCE DEC 1      2.24                      1.08   1.16     1.51
  SINCE JAN 1      1.69                      0.67   1.02     0.89

SNOWFALL (IN)
  YESTERDAY        T             4.6  2013   0.2   -0.2      0.0
  MONTH TO DATE    9.9                       4.0    5.9      1.5
  SINCE DEC 1     31.6                      13.4   18.2     10.9
  SINCE JUL 1     32.6                      19.6   13.0     15.9
  SNOW DEPTH       2

DEGREE DAYS
 HEATING
  YESTERDAY       57                        34     23       13
  MONTH TO DATE  938                       776    162      574
  SINCE DEC 1   3459                      3245    214     3036
  SINCE JUL 1   4750                      4796    -46     4077

 COOLING
  YESTERDAY        0                         0      0        0
  MONTH TO DATE    0                         0      0        0
  SINCE DEC 1      0                         0      0        0
  SINCE JAN 1      0                         0      0        0
..................................................................


WIND (MPH)
  HIGHEST WIND SPEED    12   HIGHEST WIND DIRECTION     E (100)
  HIGHEST GUST SPEED    15   HIGHEST GUST DIRECTION     S (190)
  AVERAGE WIND SPEED     5.2


SKY COVER
  POSSIBLE SUNSHINE  MM
  AVERAGE SKY COVER 0.4


WEATHER CONDITIONS
 THE FOLLOWING WEATHER WAS RECORDED YESTERDAY.
  LIGHT SNOW
  FOG


RELATIVE HUMIDITY (PERCENT)
 HIGHEST    87           900 AM
 LOWEST     50           500 PM
 AVERAGE    69

..........................................................


THE NORTH PLATTE NE CLIMATE NORMALS FOR TODAY
                         NORMAL    RECORD    YEAR
 MAXIMUM TEMPERATURE (F)   45        76      1982
 MINIMUM TEMPERATURE (F)   17        -9      1914


SUNRISE AND SUNSET
FEBRUARY 22 2018......SUNRISE   727 AM CST   SUNSET   625 PM CST
FEBRUARY 23 2018......SUNRISE   726 AM CST   SUNSET   627 PM CST


-  INDICATES NEGATIVE NUMBERS.
R  INDICATES RECORD WAS SET OR TIED.
MM INDICATES DATA IS MISSING.
T  INDICATES TRACE AMOUNT.




$$
