000
CDUS43 KLBF 201032
CLILBF


CLIMATE REPORT
NATIONAL WEATHER SERVICE NORTH PLATTE
432 AM CST FRI JAN 20 2017


...................................

...THE NORTH PLATTE NE CLIMATE SUMMARY FOR JANUARY 19 2017...

CLIMATE NORMAL PERIOD 1981 TO 2010
CLIMATE RECORD PERIOD 1874 TO 2017


WEATHER ITEM   OBSERVED TIME   RECORD YEAR NORMAL DEPARTURE LAST
                VALUE   (LST)  VALUE       VALUE  FROM      YEAR
                                                  NORMAL
..................................................................
TEMPERATURE (F)
 YESTERDAY
  MAXIMUM         39    532 PM  66    2014  39      0       36
  MINIMUM         28    153 AM -27    1885  11     17       17
  AVERAGE         34                        25      9       27

PRECIPITATION (IN)
  YESTERDAY        0.00          0.47 2011   0.01  -0.01     0.11
  MONTH TO DATE    0.56                      0.21   0.35     0.18
  SINCE DEC 1      1.18                      0.62   0.56     0.46
  SINCE JAN 1      0.56                      0.21   0.35     0.18

SNOWFALL (IN)
  YESTERDAY        0.0           6.3  2011   0.2   -0.2      1.0
  MONTH TO DATE    7.2                       3.0    4.2      1.9
  SINCE DEC 1      8.0                       7.6    0.4      5.3
  SINCE JUL 1     13.0                      13.8   -0.8      9.9
  SNOW DEPTH       0

DEGREE DAYS
 HEATING
  YESTERDAY       31                        40     -9       38
  MONTH TO DATE  860                       765     95      739
  SINCE DEC 1   2086                      1994     92     1821
  SINCE JUL 1   3127                      3545   -418     3007

 COOLING
  YESTERDAY        0                         0      0        0
  MONTH TO DATE    0                         0      0        0
  SINCE DEC 1      0                         0      0        0
  SINCE JAN 1      0                         0      0        0
..................................................................


WIND (MPH)
  HIGHEST WIND SPEED    13   HIGHEST WIND DIRECTION     S (170)
  HIGHEST GUST SPEED    16   HIGHEST GUST DIRECTION     S (170)
  AVERAGE WIND SPEED     4.7


SKY COVER
  POSSIBLE SUNSHINE  MM
  AVERAGE SKY COVER 0.9


WEATHER CONDITIONS
 THE FOLLOWING WEATHER WAS RECORDED YESTERDAY.
  FOG
  FOG W/VISIBILITY <= 1/4 MILE


RELATIVE HUMIDITY (PERCENT)
 HIGHEST   100           100 AM
 LOWEST     92          1200 AM
 AVERAGE    96

..........................................................


THE NORTH PLATTE NE CLIMATE NORMALS FOR TODAY
                         NORMAL    RECORD    YEAR
 MAXIMUM TEMPERATURE (F)   39        68      1950
 MINIMUM TEMPERATURE (F)   11       -20      1883


SUNRISE AND SUNSET
JANUARY 20 2017.......SUNRISE   803 AM CST   SUNSET   545 PM CST
JANUARY 21 2017.......SUNRISE   802 AM CST   SUNSET   546 PM CST


-  INDICATES NEGATIVE NUMBERS.
R  INDICATES RECORD WAS SET OR TIED.
MM INDICATES DATA IS MISSING.
T  INDICATES TRACE AMOUNT.




$$
