000
CDUS43 KLBF 210907
CLILBF


CLIMATE REPORT
NATIONAL WEATHER SERVICE NORTH PLATTE
405 AM CDT THU SEP 21 2017


...................................

...THE NORTH PLATTE NE CLIMATE SUMMARY FOR SEPTEMBER 20 2017...

CLIMATE NORMAL PERIOD 1981 TO 2010
CLIMATE RECORD PERIOD 1874 TO 2017


WEATHER ITEM   OBSERVED TIME   RECORD YEAR NORMAL DEPARTURE LAST
                VALUE   (LST)  VALUE       VALUE  FROM      YEAR
                                                  NORMAL
..................................................................
TEMPERATURE (F)
 YESTERDAY
  MAXIMUM         78    439 PM  96    2016  76      2       96
  MINIMUM         38    559 AM  25    1918  45     -7       53
  AVERAGE         58                        60     -2       75

PRECIPITATION (IN)
  YESTERDAY        0.00          1.37 1965   0.05  -0.05     0.00
  MONTH TO DATE    0.54                      0.94  -0.40     0.81
  SINCE SEP 1      0.54                      0.94  -0.40     0.81
  SINCE JAN 1     18.30                     17.16   1.14    19.97

SNOWFALL (IN)
  YESTERDAY        0.0           0.7  1995   0.1   -0.1      0.0
  MONTH TO DATE    0.0                       0.1   -0.1      0.0
  SINCE SEP 1      0.0                       0.1   -0.1      0.0
  SINCE JUL 1      T                         0.1   -0.1      0.0
  SNOW DEPTH       0

DEGREE DAYS
 HEATING
  YESTERDAY        7                         6      1        0
  MONTH TO DATE   41                        71    -30       33
  SINCE SEP 1     41                        71    -30       33
  SINCE JUL 1     45                        91    -46       45

 COOLING
  YESTERDAY        0                         1     -1       10
  MONTH TO DATE  113                        62     51       73
  SINCE SEP 1    113                        62     51       73
  SINCE JAN 1    936                       757    179      880
..................................................................


WIND (MPH)
  HIGHEST WIND SPEED    13   HIGHEST WIND DIRECTION     W (290)
  HIGHEST GUST SPEED    16   HIGHEST GUST DIRECTION     W (290)
  AVERAGE WIND SPEED     6.2


SKY COVER
  POSSIBLE SUNSHINE  MM
  AVERAGE SKY COVER 0.0


WEATHER CONDITIONS
 THE FOLLOWING WEATHER WAS RECORDED YESTERDAY.
  NO SIGNIFICANT WEATHER WAS OBSERVED.


RELATIVE HUMIDITY (PERCENT)
 HIGHEST    92           700 AM
 LOWEST     21           200 PM
 AVERAGE    57

..........................................................


THE NORTH PLATTE NE CLIMATE NORMALS FOR TODAY
                         NORMAL    RECORD    YEAR
 MAXIMUM TEMPERATURE (F)   76        98      2005
 MINIMUM TEMPERATURE (F)   44        24      1983


SUNRISE AND SUNSET
SEPTEMBER 21 2017.....SUNRISE   729 AM CDT   SUNSET   741 PM CDT
SEPTEMBER 22 2017.....SUNRISE   730 AM CDT   SUNSET   739 PM CDT


-  INDICATES NEGATIVE NUMBERS.
R  INDICATES RECORD WAS SET OR TIED.
MM INDICATES DATA IS MISSING.
T  INDICATES TRACE AMOUNT.




$$
