000
CDUS43 KLBF 240932
CLILBF

CLIMATE REPORT
NATIONAL WEATHER SERVICE NORTH PLATTE
431 AM CDT SUN MAY 24 2015


...................................

...THE NORTH PLATTE NE CLIMATE SUMMARY FOR MAY 23 2015...

CLIMATE NORMAL PERIOD 1981 TO 2010
CLIMATE RECORD PERIOD 1874 TO 2015


WEATHER ITEM   OBSERVED TIME   RECORD YEAR NORMAL DEPARTURE LAST
                VALUE   (LST)  VALUE       VALUE  FROM      YEAR
                                                  NORMAL
..................................................................
TEMPERATURE (F)
 YESTERDAY
  MAXIMUM         62    347 PM  98    1926  74    -12       69
  MINIMUM         50   1224 AM  30    2001  47      3       57
  AVERAGE         56                        60     -4       63

PRECIPITATION (IN)
  YESTERDAY        0.12          1.15 1885   0.11   0.01     0.80
  MONTH TO DATE    3.90                      2.31   1.59     1.66
  SINCE MAR 1      6.92                      5.63   1.29     3.09
  SINCE JAN 1      7.66                      6.47   1.19     4.14

SNOWFALL (IN)
  YESTERDAY        0.0           0.0    MM   0.0    0.0      0.0
  MONTH TO DATE    T                         0.0    0.0       T
  SINCE MAR 1      2.4                       7.6   -5.2      7.4
  SINCE JUL 1     21.3                      28.5   -7.2     29.8
  SNOW DEPTH       0

DEGREE DAYS
 HEATING
  YESTERDAY        9                         6      3        2
  MONTH TO DATE  241                       205     36      263
  SINCE MAR 1   1336                      1567   -231     1639
  SINCE JUL 1   6225                      6595   -370     6830

 COOLING
  YESTERDAY        0                         1     -1        0
  MONTH TO DATE    0                        13    -13        5
  SINCE MAR 1      2                        16    -14        7
  SINCE JAN 1      2                        16    -14        7
..................................................................


WIND (MPH)
  HIGHEST WIND SPEED    21   HIGHEST WIND DIRECTION     E (100)
  HIGHEST GUST SPEED    26   HIGHEST GUST DIRECTION     E (100)
  AVERAGE WIND SPEED    12.4


SKY COVER
  POSSIBLE SUNSHINE  MM
  AVERAGE SKY COVER 1.0


WEATHER CONDITIONS
 THE FOLLOWING WEATHER WAS RECORDED YESTERDAY.
  LIGHT RAIN
  FOG


RELATIVE HUMIDITY (PERCENT)
 HIGHEST   100           200 AM
 LOWEST     78           400 PM
 AVERAGE    89

..........................................................


THE NORTH PLATTE NE CLIMATE NORMALS FOR TODAY
                         NORMAL    RECORD    YEAR
 MAXIMUM TEMPERATURE (F)   74        97      1953
 MINIMUM TEMPERATURE (F)   47        31      1966
                                             1924


SUNRISE AND SUNSET
MAY 24 2015...........SUNRISE   617 AM CDT   SUNSET   902 PM CDT
MAY 25 2015...........SUNRISE   617 AM CDT   SUNSET   903 PM CDT


-  INDICATES NEGATIVE NUMBERS.
R  INDICATES RECORD WAS SET OR TIED.
MM INDICATES DATA IS MISSING.
T  INDICATES TRACE AMOUNT.

$$
