000
CDUS43 KLBF 032236
CLILBF

CLIMATE REPORT
NATIONAL WEATHER SERVICE NORTH PLATTE
436 PM CST TUE MAR 3 2015


...................................

...THE NORTH PLATTE NE CLIMATE SUMMARY FOR MARCH 3 2015...
VALID TODAY AS OF 0400 PM LOCAL TIME.

CLIMATE NORMAL PERIOD 1981 TO 2010
CLIMATE RECORD PERIOD 1874 TO 2015


WEATHER ITEM   OBSERVED TIME   RECORD YEAR NORMAL DEPARTURE LAST
                VALUE   (LST)  VALUE       VALUE  FROM      YEAR
                                                  NORMAL
..................................................................
TEMPERATURE (F)
 TODAY
  MAXIMUM         31    713 AM  76    1983  48    -17       35
  MINIMUM         22   1039 AM -22    2002  20      2       -1
                                      1960
  AVERAGE         27                        34     -7       17

PRECIPITATION (IN)
  TODAY            T             1.00 1915   0.03  -0.03     0.00
  MONTH TO DATE    T                         0.08  -0.08      T
  SINCE MAR 1      T                         0.08  -0.08      T
  SINCE JAN 1      0.74                      0.92  -0.18     1.05

SNOWFALL (IN)
  TODAY            T             8.8  1915   0.2   -0.2      0.0
  MONTH TO DATE    T                         0.5   -0.5       T
  SINCE MAR 1      T                         0.5   -0.5       T
  SINCE JUL 1     18.9                      21.4   -2.5     22.4
  SNOW DEPTH       0

DEGREE DAYS
 HEATING
  TODAY           38                        31      7       48
  MONTH TO DATE  110                        94     16      168
  SINCE MAR 1    110                        94     16      168
  SINCE JUL 1   4999                      5122   -123     5359

 COOLING
  TODAY            0                         0      0        0
  MONTH TO DATE    0                         0      0        0
  SINCE MAR 1      0                         0      0        0
  SINCE JAN 1      0                         0      0        0
..................................................................


WIND (MPH)
  HIGHEST WIND SPEED    31   HIGHEST WIND DIRECTION     N (360)
  HIGHEST GUST SPEED    42   HIGHEST GUST DIRECTION     N (340)
  AVERAGE WIND SPEED    14.1


SKY COVER
  POSSIBLE SUNSHINE  MM
  AVERAGE SKY COVER 0.9


WEATHER CONDITIONS
 THE FOLLOWING WEATHER WAS RECORDED TODAY.
  NO SIGNIFICANT WEATHER WAS OBSERVED.


RELATIVE HUMIDITY (PERCENT)
 HIGHEST    92           700 AM
 LOWEST     35           400 PM
 AVERAGE    64

..........................................................


THE NORTH PLATTE NE CLIMATE NORMALS FOR TOMORROW
                         NORMAL    RECORD    YEAR
 MAXIMUM TEMPERATURE (F)   49        77      2009
                                             1921
 MINIMUM TEMPERATURE (F)   20       -17      1960


SUNRISE AND SUNSET
MARCH  3 2015.........SUNRISE   714 AM CST   SUNSET   636 PM CST
MARCH  4 2015.........SUNRISE   713 AM CST   SUNSET   637 PM CST


-  INDICATES NEGATIVE NUMBERS.
R  INDICATES RECORD WAS SET OR TIED.
MM INDICATES DATA IS MISSING.
T  INDICATES TRACE AMOUNT.

$$
