000
CDUS43 KLBF 022238
CLILBF

CLIMATE REPORT
NATIONAL WEATHER SERVICE NORTH PLATTE
537 PM CDT TUE SEP 2 2014


...................................

...THE NORTH PLATTE NE CLIMATE SUMMARY FOR SEPTEMBER 2 2014...
VALID TODAY AS OF 0500 PM LOCAL TIME.

CLIMATE NORMAL PERIOD 1981 TO 2010
CLIMATE RECORD PERIOD 1874 TO 2014


WEATHER ITEM   OBSERVED TIME   RECORD YEAR NORMAL DEPARTURE LAST
                VALUE   (LST)  VALUE       VALUE  FROM      YEAR
                                                  NORMAL
..................................................................
TEMPERATURE (F)
 TODAY
  MAXIMUM         83    410 PM 101    1947  83      0       89
  MINIMUM         44    614 AM  34    1974  53     -9       50
  AVERAGE         64                        68     -4       70

PRECIPITATION (IN)
  TODAY            0.00          2.99 1942   0.05  -0.05     0.00
  MONTH TO DATE    0.08                      0.10  -0.02     0.00
  SINCE SEP 1      0.08                      0.10  -0.02     0.00
  SINCE JAN 1     18.36                     16.32   2.04    14.36

SNOWFALL (IN)
  TODAY            0.0           0.0  2002   0.0    0.0      0.0
                                      2001
  MONTH TO DATE    0.0                       0.0    0.0      0.0
  SINCE SEP 1      0.0                       0.0    0.0      0.0
  SINCE JUL 1      0.0                       0.0    0.0      0.0
  SNOW DEPTH       0

DEGREE DAYS
 HEATING
  TODAY            1                         2     -1        0
  MONTH TO DATE    3                         4     -1        0
  SINCE SEP 1      3                         4     -1        0
  SINCE JUL 1     20                        24     -4       13

 COOLING
  TODAY            0                         5     -5        5
  MONTH TO DATE    0                        10    -10       10
  SINCE SEP 1      0                        10    -10       10
  SINCE JAN 1    669                       705    -36      847
..................................................................


WIND (MPH)
  HIGHEST WIND SPEED    18   HIGHEST WIND DIRECTION     S (170)
  HIGHEST GUST SPEED    23   HIGHEST GUST DIRECTION     S (170)
  AVERAGE WIND SPEED     5.1


SKY COVER
  POSSIBLE SUNSHINE  MM
  AVERAGE SKY COVER 0.2


WEATHER CONDITIONS
 THE FOLLOWING WEATHER WAS RECORDED TODAY.
  FOG
  FOG W/VISIBILITY <= 1/4 MILE


RELATIVE HUMIDITY (PERCENT)
 HIGHEST   100           500 AM
 LOWEST     47           300 PM
 AVERAGE    74

..........................................................


THE NORTH PLATTE NE CLIMATE NORMALS FOR TOMORROW
                         NORMAL    RECORD    YEAR
 MAXIMUM TEMPERATURE (F)   83        99      1960
                                             1954
 MINIMUM TEMPERATURE (F)   53        26      1974


SUNRISE AND SUNSET
SEPTEMBER  2 2014.....SUNRISE   710 AM CDT   SUNSET   814 PM CDT
SEPTEMBER  3 2014.....SUNRISE   711 AM CDT   SUNSET   812 PM CDT


-  INDICATES NEGATIVE NUMBERS.
R  INDICATES RECORD WAS SET OR TIED.
MM INDICATES DATA IS MISSING.
T  INDICATES TRACE AMOUNT.

$$
