000
CDUS43 KLBF 292253
CLILBF

CLIMATE REPORT
NATIONAL WEATHER SERVICE NORTH PLATTE
536 PM CDT SAT AUG 29 2015


...................................

...THE NORTH PLATTE NE CLIMATE SUMMARY FOR AUGUST 29 2015...
VALID TODAY AS OF 0500 PM LOCAL TIME.

CLIMATE NORMAL PERIOD 1981 TO 2010
CLIMATE RECORD PERIOD 1874 TO 2015


WEATHER ITEM   OBSERVED TIME   RECORD YEAR NORMAL DEPARTURE LAST
                VALUE   (LST)  VALUE       VALUE  FROM      YEAR
                                                  NORMAL
..................................................................
TEMPERATURE (F)
 TODAY
  MAXIMUM         90    403 PM 103    2012  84      6       87
  MINIMUM         49    628 AM  44    1931  55     -6       52
  AVERAGE         70                        69      1       70

PRECIPITATION (IN)
  TODAY            0.00          2.93 1957   0.05  -0.05     0.05
  MONTH TO DATE    3.19                      2.19   1.00     5.10
  SINCE JUN 1      8.47                      8.68  -0.21    13.99
  SINCE JAN 1     16.57                     16.12   0.45    18.28

SNOWFALL (IN)
  TODAY            0.0           0.0  2002   0.0    0.0      0.0
                                      2001
  MONTH TO DATE    0.0                       0.0    0.0      0.0
  SINCE JUN 1      0.0                       0.0    0.0       T
  SINCE JUL 1      0.0                       0.0    0.0      0.0
  SNOW DEPTH       0

DEGREE DAYS
 HEATING
  TODAY            0                         1     -1        0
  MONTH TO DATE   23                         8     15        0
  SINCE JUN 1     34                        64    -30       56
  SINCE JUL 1     29                        13     16       17

 COOLING
  TODAY            5                         6     -1        5
  MONTH TO DATE  174                       225    -51      250
  SINCE JUN 1    650                       656     -6      616
  SINCE JAN 1    652                       684    -32      665
..................................................................


WIND (MPH)
  HIGHEST WIND SPEED     9   HIGHEST WIND DIRECTION    SW (210)
  HIGHEST GUST SPEED    11   HIGHEST GUST DIRECTION    SW (210)
  AVERAGE WIND SPEED     2.9


SKY COVER
  POSSIBLE SUNSHINE  MM
  AVERAGE SKY COVER 0.3


WEATHER CONDITIONS
 THE FOLLOWING WEATHER WAS RECORDED TODAY.
  FOG


RELATIVE HUMIDITY (PERCENT)
 HIGHEST   100           300 AM
 LOWEST     29           200 PM
 AVERAGE    65

..........................................................


THE NORTH PLATTE NE CLIMATE NORMALS FOR TOMORROW
                         NORMAL    RECORD    YEAR
 MAXIMUM TEMPERATURE (F)   84       102      2012
                                             1990
                                             1877
 MINIMUM TEMPERATURE (F)   54        41      1964


SUNRISE AND SUNSET
AUGUST 29 2015........SUNRISE   706 AM CDT   SUNSET   821 PM CDT
AUGUST 30 2015........SUNRISE   707 AM CDT   SUNSET   819 PM CDT


-  INDICATES NEGATIVE NUMBERS.
R  INDICATES RECORD WAS SET OR TIED.
MM INDICATES DATA IS MISSING.
T  INDICATES TRACE AMOUNT.




$$
