000
CDUS42 KILM 220948
CLILBT


CLIMATE REPORT
NATIONAL WEATHER SERVICE WILMINGTON NC
441 AM EST SUN JAN 22 2017


...................................

...THE LUMBERTON NC CLIMATE SUMMARY FOR JANUARY 21 2017...

CLIMATE NORMAL PERIOD 1981 TO 2010
CLIMATE RECORD PERIOD 9999 TO 9999


WEATHER ITEM   OBSERVED TIME   NORMAL DEPARTURE LAST
                VALUE   (LST)  VALUE  FROM      YEAR
                                      NORMAL
......................................................
TEMPERATURE (F)
 YESTERDAY
  MAXIMUM         68    201 PM  54     14       50
  MINIMUM         50    520 AM  33     17       30
  AVERAGE         59            43     16       40

PRECIPITATION (IN)
  YESTERDAY        0.12          0.09   0.03     0.00
  MONTH TO DATE    1.93          1.82   0.11     0.98
  SINCE DEC 1      6.23          4.71   1.52     7.87
  SINCE JAN 1      1.93          1.82   0.11     0.98

SNOWFALL (IN)
  YESTERDAY       MM
  MONTH TO DATE   MM
  SINCE DEC 1     MM
  SINCE JUL 1     MM
  SNOW DEPTH      MM

DEGREE DAYS
 HEATING
  YESTERDAY        6            22    -16       25
  MONTH TO DATE  313           461   -148      475
  SINCE DEC 1    864          1045   -181      680
  SINCE JUL 1   1226          1511   -285      961

 COOLING
  YESTERDAY        0             0      0        0
  MONTH TO DATE    0             0      0        0
  SINCE DEC 1      0             2     -2       50
  SINCE JAN 1      0             0      0        0
......................................................


WIND (MPH)
  HIGHEST WIND SPEED    30   HIGHEST WIND DIRECTION    SE (150)
  HIGHEST GUST SPEED    37   HIGHEST GUST DIRECTION    SE (150)
  AVERAGE WIND SPEED     5.3


SKY COVER
  POSSIBLE SUNSHINE  MM
  AVERAGE SKY COVER 0.8


WEATHER CONDITIONS
 THE FOLLOWING WEATHER WAS RECORDED YESTERDAY.
  HEAVY RAIN
  LIGHT RAIN
  FOG
  FOG W/VISIBILITY <= 1/4 MILE


RELATIVE HUMIDITY (PERCENT)
 HIGHEST   100          1200 AM
 LOWEST     76           200 PM
 AVERAGE    88

..........................................................


THE LUMBERTON NC CLIMATE NORMALS FOR TODAY
                         NORMAL
 MAXIMUM TEMPERATURE (F)   54
 MINIMUM TEMPERATURE (F)   33


SUNRISE AND SUNSET
JANUARY 22 2017.......SUNRISE   720 AM EST   SUNSET   536 PM EST
JANUARY 23 2017.......SUNRISE   720 AM EST   SUNSET   537 PM EST


-  INDICATES NEGATIVE NUMBERS.
R  INDICATES RECORD WAS SET OR TIED.
MM INDICATES DATA IS MISSING.
T  INDICATES TRACE AMOUNT.




$$
