000
CDUS42 KILM 292041
CLILBT


CLIMATE REPORT
NATIONAL WEATHER SERVICE WILMINGTON NC
440 PM EDT WED MAR 29 2017


...................................

...THE LUMBERTON NC CLIMATE SUMMARY FOR MARCH 29 2017...
VALID TODAY AS OF 0400 PM LOCAL TIME.

CLIMATE NORMAL PERIOD 1981 TO 2010
CLIMATE RECORD PERIOD 9999 TO 9999


WEATHER ITEM   OBSERVED TIME   NORMAL DEPARTURE LAST
                VALUE   (LST)  VALUE  FROM      YEAR
                                      NORMAL
......................................................
TEMPERATURE (F)
 TODAY
  MAXIMUM         79    254 PM  70      9       70
  MINIMUM         53    606 AM  45      8       43
  AVERAGE         66            58      8       57

PRECIPITATION (IN)
  TODAY            0.00          0.12  -0.12     0.00
  MONTH TO DATE    2.81          3.09  -0.28     1.18
  SINCE MAR 1      2.81          3.09  -0.28     1.18
  SINCE JAN 1      6.30          8.96  -2.66     9.46

SNOWFALL (IN)
  TODAY           MM
  MONTH TO DATE   MM
  SINCE MAR 1     MM
  SINCE JUL 1     MM
  SNOW DEPTH      MM

DEGREE DAYS
 HEATING
  TODAY            0             8     -8        8
  MONTH TO DATE  365           332     33      172
  SINCE MAR 1    365           332     33      172
  SINCE JUL 1   2012          2562   -550     1851

 COOLING
  TODAY            1             1      0        0
  MONTH TO DATE   21             1     20       46
  SINCE MAR 1     21             1     20       46
  SINCE JAN 1     31             4     27       47
......................................................


WIND (MPH)
  HIGHEST WIND SPEED    16   HIGHEST WIND DIRECTION    NE (30)
  HIGHEST GUST SPEED    21   HIGHEST GUST DIRECTION    NE (30)
  AVERAGE WIND SPEED     6.0


SKY COVER
  POSSIBLE SUNSHINE  MM
  AVERAGE SKY COVER 0.3


WEATHER CONDITIONS
 THE FOLLOWING WEATHER WAS RECORDED TODAY.
  NO SIGNIFICANT WEATHER WAS OBSERVED.


RELATIVE HUMIDITY (PERCENT)
 HIGHEST    93           400 AM
 LOWEST     45           200 PM
 AVERAGE    69

..........................................................


THE LUMBERTON NC CLIMATE NORMALS FOR TOMORROW
                         NORMAL
 MAXIMUM TEMPERATURE (F)   70
 MINIMUM TEMPERATURE (F)   45


SUNRISE AND SUNSET
MARCH 29 2017.........SUNRISE   707 AM EDT   SUNSET   735 PM EDT
MARCH 30 2017.........SUNRISE   706 AM EDT   SUNSET   736 PM EDT


-  INDICATES NEGATIVE NUMBERS.
R  INDICATES RECORD WAS SET OR TIED.
MM INDICATES DATA IS MISSING.
T  INDICATES TRACE AMOUNT.




$$
