265
CDUS42 KILM 230841
CLILBT


CLIMATE REPORT
NATIONAL WEATHER SERVICE WILMINGTON NC
441 AM EDT MON OCT 23 2017


...................................

...THE LUMBERTON NC CLIMATE SUMMARY FOR OCTOBER 22 2017...

CLIMATE NORMAL PERIOD 1981 TO 2010
CLIMATE RECORD PERIOD 9999 TO 9999


WEATHER ITEM   OBSERVED TIME   NORMAL DEPARTURE LAST
                VALUE   (LST)  VALUE  FROM      YEAR
                                      NORMAL
......................................................
TEMPERATURE (F)
 YESTERDAY
  MAXIMUM         83    247 PM  74      9       66
  MINIMUM         51    516 AM  49      2       43
  AVERAGE         67            61      6       55

PRECIPITATION (IN)
  YESTERDAY        0.00          0.06  -0.06     0.00
  MONTH TO DATE    1.56          2.06  -0.50    12.77
  SINCE SEP 1      6.50          6.86  -0.36    19.97
  SINCE JAN 1     38.31         37.25   1.06    52.48

DEGREE DAYS
 HEATING
  YESTERDAY        0             5     -5       10
  MONTH TO DATE   27            64    -37       10
  SINCE SEP 1     27            73    -46       10
  SINCE JUL 1     27            73    -46       10

 COOLING
  YESTERDAY        2             2      0        0
  MONTH TO DATE  118            61     57       69
  SINCE SEP 1    355           310     45      446
  SINCE JAN 1   2089          1882    207     2345
......................................................


WIND (MPH)
  HIGHEST WIND SPEED    12   HIGHEST WIND DIRECTION    SE (120)
  HIGHEST GUST SPEED    17   HIGHEST GUST DIRECTION    SE (120)
  AVERAGE WIND SPEED     4.6


SKY COVER
  POSSIBLE SUNSHINE  MM
  AVERAGE SKY COVER 0.4


WEATHER CONDITIONS
 THE FOLLOWING WEATHER WAS RECORDED YESTERDAY.
  FOG
  FOG W/VISIBILITY <= 1/4 MILE


RELATIVE HUMIDITY (PERCENT)
 HIGHEST   100          1200 AM
 LOWEST     45           300 PM
 AVERAGE    73

..........................................................


THE LUMBERTON NC CLIMATE NORMALS FOR TODAY
                         NORMAL
 MAXIMUM TEMPERATURE (F)   74
 MINIMUM TEMPERATURE (F)   49


SUNRISE AND SUNSET
OCTOBER 23 2017.......SUNRISE   729 AM EDT   SUNSET   632 PM EDT
OCTOBER 24 2017.......SUNRISE   730 AM EDT   SUNSET   631 PM EDT


-  INDICATES NEGATIVE NUMBERS.
R  INDICATES RECORD WAS SET OR TIED.
MM INDICATES DATA IS MISSING.
T  INDICATES TRACE AMOUNT.




$$
