000
CDUS44 KLCH 272247
CLILCH


CLIMATE REPORT
NATIONAL WEATHER SERVICE LAKE CHARLES, LA
445 PM CST MON FEB 27 2017


...................................

...THE LAKE CHARLES CLIMATE SUMMARY FOR FEBRUARY 27 2017...
VALID TODAY AS OF 0400 PM LOCAL TIME.

CLIMATE NORMAL PERIOD 1981 TO 2010
CLIMATE RECORD PERIOD 1895 TO 2017


WEATHER ITEM   OBSERVED TIME   RECORD YEAR NORMAL DEPARTURE LAST
                VALUE   (LST)  VALUE       VALUE  FROM      YEAR
                                                  NORMAL
..................................................................
TEMPERATURE (F)
 TODAY
  MAXIMUM         80    202 PM  83    1956  67     13       67
  MINIMUM         64    146 AM  24    2002  48     16       37
  AVERAGE         72                        58     14       52

PRECIPITATION (IN)
  TODAY            T             2.56 1903   0.11  -0.11     0.00
  MONTH TO DATE    2.04                      3.34  -1.30     1.07
  SINCE DEC 1     19.00                     13.25   5.75     8.41
  SINCE JAN 1      6.95                      8.57  -1.62     5.17

SNOWFALL (IN)
  TODAY            0.0           0.0    MM   0.0    0.0      0.0
  MONTH TO DATE    0.0                       0.1   -0.1      0.0
  SINCE DEC 1      T                         0.1   -0.1      0.0
  SINCE JUL 1      T                         0.1   -0.1      0.0
  SNOW DEPTH       0

DEGREE DAYS
 HEATING
  TODAY            0                         8     -8       13
  MONTH TO DATE   92                       283   -191      233
  SINCE DEC 1    564                      1067   -503      864
  SINCE JUL 1    658                      1274   -616      940

 COOLING
  TODAY            7                         1      6        0
  MONTH TO DATE   64                         5     59       12
  SINCE DEC 1    177                        35    142       72
  SINCE JAN 1    121                        15    106       15
..................................................................


WIND (MPH)
  HIGHEST WIND SPEED    17   HIGHEST WIND DIRECTION    SW (210)
  HIGHEST GUST SPEED    23   HIGHEST GUST DIRECTION     S (160)
  AVERAGE WIND SPEED    10.0


SKY COVER
  POSSIBLE SUNSHINE  MM
  AVERAGE SKY COVER 0.9


WEATHER CONDITIONS
 THE FOLLOWING WEATHER WAS RECORDED TODAY.
  FOG


RELATIVE HUMIDITY (PERCENT)
 HIGHEST   100           500 AM
 LOWEST     67          1200 PM
 AVERAGE    84

..........................................................


THE LAKE CHARLES CLIMATE NORMALS FOR TOMORROW
                         NORMAL    RECORD    YEAR
 MAXIMUM TEMPERATURE (F)   68        85      1932
 MINIMUM TEMPERATURE (F)   48        26      1913


SUNRISE AND SUNSET
FEBRUARY 27 2017......SUNRISE   641 AM CST   SUNSET   611 PM CST
FEBRUARY 28 2017......SUNRISE   640 AM CST   SUNSET   611 PM CST


-  INDICATES NEGATIVE NUMBERS.
R  INDICATES RECORD WAS SET OR TIED.
MM INDICATES DATA IS MISSING.
T  INDICATES TRACE AMOUNT.




$$
