000
CDUS44 KLCH 101245
CLILCH


CLIMATE REPORT
NATIONAL WEATHER SERVICE LAKE CHARLES, LA
645 AM CST SAT DEC 10 2016


...................................

...THE LAKE CHARLES CLIMATE SUMMARY FOR DECEMBER 9 2016...

CLIMATE NORMAL PERIOD 1981 TO 2010
CLIMATE RECORD PERIOD 1895 TO 2016


WEATHER ITEM   OBSERVED TIME   RECORD YEAR NORMAL DEPARTURE LAST
                VALUE   (LST)  VALUE       VALUE  FROM      YEAR
                                                  NORMAL
..................................................................
TEMPERATURE (F)
 YESTERDAY
  MAXIMUM         52    348 PM  82    2007  65    -13       75
  MINIMUM         36   1159 PM  24    2006  45     -9       50
  AVERAGE         44                        55    -11       63

PRECIPITATION (IN)
  YESTERDAY        0.00          5.89 1967   0.15  -0.15     0.00
  MONTH TO DATE    8.43                      1.33   7.10     0.32
  SINCE DEC 1      8.43                      1.33   7.10     0.32
  SINCE JAN 1     71.25                     54.14  17.11    61.92

SNOWFALL (IN)
  YESTERDAY        0.0           0.0    MM   0.0    0.0      0.0
  MONTH TO DATE    0.0                       0.0    0.0      0.0
  SINCE DEC 1      0.0                       0.0    0.0      0.0
  SINCE JUL 1      0.0                       0.0    0.0      0.0
  SNOW DEPTH       0

DEGREE DAYS
 HEATING
  YESTERDAY       21                        11     10        2
  MONTH TO DATE  106                        90     16       82
  SINCE DEC 1    106                        90     16       82
  SINCE JUL 1    200                       297    -97      158

 COOLING
  YESTERDAY        0                         1     -1        0
  MONTH TO DATE    0                         9     -9        0
  SINCE DEC 1      0                         9     -9        0
  SINCE JAN 1   3199                      2798    401     3116
..................................................................


WIND (MPH)
  HIGHEST WIND SPEED    22   HIGHEST WIND DIRECTION    NE (40)
  HIGHEST GUST SPEED    31   HIGHEST GUST DIRECTION    NE (40)
  AVERAGE WIND SPEED    12.4


SKY COVER
  POSSIBLE SUNSHINE  MM
  AVERAGE SKY COVER 0.4


WEATHER CONDITIONS
 THE FOLLOWING WEATHER WAS RECORDED YESTERDAY.
  NO SIGNIFICANT WEATHER WAS OBSERVED.


RELATIVE HUMIDITY (PERCENT)
 HIGHEST    75          1100 PM
 LOWEST     30           200 PM
 AVERAGE    53

..........................................................


THE LAKE CHARLES CLIMATE NORMALS FOR TODAY
                         NORMAL    RECORD    YEAR
 MAXIMUM TEMPERATURE (F)   64        84      1918
 MINIMUM TEMPERATURE (F)   45        24      1978


SUNRISE AND SUNSET
DECEMBER 10 2016......SUNRISE   658 AM CST   SUNSET   513 PM CST
DECEMBER 11 2016......SUNRISE   659 AM CST   SUNSET   514 PM CST


-  INDICATES NEGATIVE NUMBERS.
R  INDICATES RECORD WAS SET OR TIED.
MM INDICATES DATA IS MISSING.
T  INDICATES TRACE AMOUNT.




$$
