911
CDUS44 KLCH 230825
CLILCH


CLIMATE REPORT
NATIONAL WEATHER SERVICE LAKE CHARLES, LA
323 AM CDT MON OCT 23 2017


...................................

...THE LAKE CHARLES CLIMATE SUMMARY FOR OCTOBER 22 2017...

CLIMATE NORMAL PERIOD 1981 TO 2010
CLIMATE RECORD PERIOD 1895 TO 2017


WEATHER ITEM   OBSERVED TIME   RECORD YEAR NORMAL DEPARTURE LAST
                VALUE   (LST)  VALUE       VALUE  FROM      YEAR
                                                  NORMAL
..................................................................
TEMPERATURE (F)
 YESTERDAY
  MAXIMUM         76    249 AM  92    1906  79     -3       76
  MINIMUM         57   1036 PM  34    1917  58     -1       48
  AVERAGE         67                        68     -1       62

PRECIPITATION (IN)
  YESTERDAY        0.29          4.10 1972   0.18   0.11     0.00
  MONTH TO DATE    3.54                      3.35   0.19     0.25
  SINCE SEP 1      4.17                      8.61  -4.44     3.69
  SINCE JAN 1     67.93                     46.83  21.10    59.60

SNOWFALL (IN)
  YESTERDAY        0.0           0.0    MM   0.0    0.0      0.0
  MONTH TO DATE    0.0                       0.0    0.0      0.0
  SINCE SEP 1      0.0                       0.0    0.0      0.0
  SINCE JUL 1      0.0                       0.0    0.0      0.0
  SNOW DEPTH       0

DEGREE DAYS
 HEATING
  YESTERDAY        0                         2     -2        3
  MONTH TO DATE    0                        14    -14        4
  SINCE SEP 1      0                        15    -15        4
  SINCE JUL 1      0                        15    -15        4

 COOLING
  YESTERDAY        2                         5     -3        0
  MONTH TO DATE  270                       156    114      226
  SINCE SEP 1    719                       567    152      738
  SINCE JAN 1   3045                      2696    349     3065
..................................................................


WIND (MPH)
  HIGHEST WIND SPEED    30   HIGHEST WIND DIRECTION     N (360)
  HIGHEST GUST SPEED    41   HIGHEST GUST DIRECTION     N (340)
  AVERAGE WIND SPEED     8.4


SKY COVER
  POSSIBLE SUNSHINE  MM
  AVERAGE SKY COVER 0.6


WEATHER CONDITIONS
 THE FOLLOWING WEATHER WAS RECORDED YESTERDAY.
  THUNDERSTORM
  HEAVY RAIN
  RAIN
  LIGHT RAIN
  FOG


RELATIVE HUMIDITY (PERCENT)
 HIGHEST   100           400 AM
 LOWEST     78           400 PM
 AVERAGE    89

..........................................................


THE LAKE CHARLES CLIMATE NORMALS FOR TODAY
                         NORMAL    RECORD    YEAR
 MAXIMUM TEMPERATURE (F)   79        96      1939
 MINIMUM TEMPERATURE (F)   57        36      1911


SUNRISE AND SUNSET
OCTOBER 23 2017.......SUNRISE   720 AM CDT   SUNSET   633 PM CDT
OCTOBER 24 2017.......SUNRISE   721 AM CDT   SUNSET   632 PM CDT


-  INDICATES NEGATIVE NUMBERS.
R  INDICATES RECORD WAS SET OR TIED.
MM INDICATES DATA IS MISSING.
T  INDICATES TRACE AMOUNT.




$$
