000
CDUS44 KLCH 180825
CLILCH


CLIMATE REPORT
NATIONAL WEATHER SERVICE LAKE CHARLES, LA
223 AM CST THU JAN 18 2018


...................................

...THE LAKE CHARLES CLIMATE SUMMARY FOR JANUARY 17 2018...

CLIMATE NORMAL PERIOD 1981 TO 2010
CLIMATE RECORD PERIOD 1895 TO 2018


WEATHER ITEM   OBSERVED TIME   RECORD YEAR NORMAL DEPARTURE LAST
                VALUE   (LST)  VALUE       VALUE  FROM      YEAR
                                                  NORMAL
..................................................................
TEMPERATURE (F)
 YESTERDAY
  MAXIMUM         38    344 PM  80    1911  61    -23       76
  MINIMUM         19R   804 AM  20    1982  42    -23       68
  AVERAGE         29                        52    -23       72

PRECIPITATION (IN)
  YESTERDAY        0.00          2.85 1987   0.18  -0.18     0.00
  MONTH TO DATE    2.38                      2.98  -0.60     1.33
  SINCE DEC 1      7.28                      7.66  -0.38    13.38
  SINCE JAN 1      2.38                      2.98  -0.60     1.33

SNOWFALL (IN)
  YESTERDAY        0.0           T    1964   0.0    0.0      0.0
  MONTH TO DATE    0.1                       0.0    0.1       T
  SINCE DEC 1      2.2                       T      2.2       T
  SINCE JUL 1      2.2                       T      2.2       T
  SNOW DEPTH       0

DEGREE DAYS
 HEATING
  YESTERDAY       36                        14     22        0
  MONTH TO DATE  364                       238    126      136
  SINCE DEC 1    731                       605    126      389
  SINCE JUL 1    879                       812     67      483

 COOLING
  YESTERDAY        0                         0      0        7
  MONTH TO DATE    0                         0      0       39
  SINCE DEC 1     24                        20      4       95
  SINCE JAN 1      0                         0      0       39
..................................................................


WIND (MPH)
  HIGHEST WIND SPEED    22   HIGHEST WIND DIRECTION     N (20)
  HIGHEST GUST SPEED    27   HIGHEST GUST DIRECTION    NE (30)
  AVERAGE WIND SPEED    11.9


SKY COVER
  POSSIBLE SUNSHINE  MM
  AVERAGE SKY COVER 0.0


WEATHER CONDITIONS
 THE FOLLOWING WEATHER WAS RECORDED YESTERDAY.
  NO SIGNIFICANT WEATHER WAS OBSERVED.


RELATIVE HUMIDITY (PERCENT)
 HIGHEST    73           600 AM
 LOWEST     35           400 PM
 AVERAGE    54

..........................................................


THE LAKE CHARLES CLIMATE NORMALS FOR TODAY
                         NORMAL    RECORD    YEAR
 MAXIMUM TEMPERATURE (F)   61        79      1952
                                             1950
                                             1935
 MINIMUM TEMPERATURE (F)   42        13      1930


SUNRISE AND SUNSET
JANUARY 18 2018.......SUNRISE   709 AM CST   SUNSET   538 PM CST
JANUARY 19 2018.......SUNRISE   709 AM CST   SUNSET   539 PM CST


-  INDICATES NEGATIVE NUMBERS.
R  INDICATES RECORD WAS SET OR TIED.
MM INDICATES DATA IS MISSING.
T  INDICATES TRACE AMOUNT.




$$
