000
CDUS44 KLCH 200824
CLILCH


CLIMATE REPORT
NATIONAL WEATHER SERVICE LAKE CHARLES, LA
223 AM CST SAT DEC 20 2014


...................................

...THE LAKE CHARLES CLIMATE SUMMARY FOR DECEMBER 19 2014...

CLIMATE NORMAL PERIOD 1981 TO 2010
CLIMATE RECORD PERIOD 1895 TO 2014


WEATHER ITEM   OBSERVED TIME   RECORD YEAR NORMAL DEPARTURE LAST
                VALUE   (LST)  VALUE       VALUE  FROM      YEAR
                                                  NORMAL
..................................................................
TEMPERATURE (F)
 YESTERDAY
  MAXIMUM         58    724 AM  80    1919  63     -5       73
  MINIMUM         50   1159 PM  22    1996  44      6       44
                                      1901
  AVERAGE         54                        53      1       59

PRECIPITATION (IN)
  YESTERDAY        1.00          2.38 1973   0.14   0.86     0.00
  MONTH TO DATE    1.04                      2.79  -1.75     1.39
  SINCE DEC 1      1.04                      2.79  -1.75     1.39
  SINCE JAN 1     67.64                     55.60  12.04    56.80

SNOWFALL (IN)
  YESTERDAY        0.0           0.0    MM   0.0    0.0      0.0
  MONTH TO DATE    0.0                       0.0    0.0      0.0
  SINCE DEC 1      0.0                       0.0    0.0      0.0
  SINCE JUL 1      0.0                       0.0    0.0      0.0
  SNOW DEPTH       0

DEGREE DAYS
 HEATING
  YESTERDAY       11                        13     -2        6
  MONTH TO DATE  127                       208    -81      261
  SINCE DEC 1    127                       208    -81      261
  SINCE JUL 1    403                       415    -12      535

 COOLING
  YESTERDAY        0                         1     -1        0
  MONTH TO DATE   17                        19     -2       19
  SINCE DEC 1     17                        19     -2       19
  SINCE JAN 1   2704                      2808   -104     2966
..................................................................


WIND (MPH)
  HIGHEST WIND SPEED    16   HIGHEST WIND DIRECTION    NE (30)
  HIGHEST GUST SPEED    16   HIGHEST GUST DIRECTION    NE (30)
  AVERAGE WIND SPEED    12.7


SKY COVER
  POSSIBLE SUNSHINE  MM
  AVERAGE SKY COVER 1.0


WEATHER CONDITIONS
 THE FOLLOWING WEATHER WAS RECORDED YESTERDAY.
  THUNDERSTORM
  HEAVY RAIN
  RAIN
  LIGHT RAIN
  FOG


RELATIVE HUMIDITY (PERCENT)
 HIGHEST   100          1000 AM
 LOWEST     86          1200 AM
 AVERAGE    93

..........................................................


THE LAKE CHARLES CLIMATE NORMALS FOR TODAY
                         NORMAL    RECORD    YEAR
 MAXIMUM TEMPERATURE (F)   63        79      2007
                                             1917
 MINIMUM TEMPERATURE (F)   43        21      1996


SUNRISE AND SUNSET
DECEMBER 20 2014......SUNRISE   704 AM CST   SUNSET   517 PM CST
DECEMBER 21 2014......SUNRISE   705 AM CST   SUNSET   517 PM CST


-  INDICATES NEGATIVE NUMBERS.
R  INDICATES RECORD WAS SET OR TIED.
MM INDICATES DATA IS MISSING.
T  INDICATES TRACE AMOUNT.




$$
