000
CDUS44 KLCH 240806
CLILFT


CLIMATE REPORT
NATIONAL WEATHER SERVICE LAKE CHARLES, LA
306 AM CDT SUN SEP 24 2017


...................................

...THE LAFAYETTE CLIMATE SUMMARY FOR SEPTEMBER 23 2017...

CLIMATE NORMAL PERIOD 1981 TO 2010
CLIMATE RECORD PERIOD 1893 TO 2017


WEATHER ITEM   OBSERVED TIME   RECORD YEAR NORMAL DEPARTURE LAST
                VALUE   (LST)  VALUE       VALUE  FROM      YEAR
                                                  NORMAL
..................................................................
TEMPERATURE (F)
 YESTERDAY
  MAXIMUM         93    208 PM  98    1921  87      6       92
                                      1893
  MINIMUM         72    555 AM  45    1918  68      4       75
  AVERAGE         83                        77      6       84

PRECIPITATION (IN)
  YESTERDAY        T             2.95 2005   0.15  -0.15     0.00
  MONTH TO DATE    0.33                      3.67  -3.34     2.81
  SINCE SEP 1      0.33                      3.67  -3.34     2.81
  SINCE JAN 1     53.17                     44.29   8.88    67.90

DEGREE DAYS
 HEATING
  YESTERDAY        0                         0      0        0
  MONTH TO DATE    0                         0      0        0
  SINCE SEP 1      0                         0      0        0
  SINCE JUL 1      0                         0      0        0

 COOLING
  YESTERDAY       18                        12      6       19
  MONTH TO DATE  332                       349    -17      428
  SINCE SEP 1    332                       349    -17      428
  SINCE JAN 1   2833                      2610    223     2817
..................................................................


WIND (MPH)
  HIGHEST WIND SPEED    13   HIGHEST WIND DIRECTION     S (160)
  HIGHEST GUST SPEED    20   HIGHEST GUST DIRECTION     S (180)
  AVERAGE WIND SPEED     2.9


SKY COVER
  POSSIBLE SUNSHINE  MM
  AVERAGE SKY COVER 0.2


WEATHER CONDITIONS
 THE FOLLOWING WEATHER WAS RECORDED YESTERDAY.
  LIGHT RAIN
  FOG


RELATIVE HUMIDITY (PERCENT)
 HIGHEST    94           700 AM
 LOWEST     52           100 PM
 AVERAGE    73

..........................................................


THE LAFAYETTE CLIMATE NORMALS FOR TODAY
                         NORMAL    RECORD    YEAR
 MAXIMUM TEMPERATURE (F)   87        97      1931
 MINIMUM TEMPERATURE (F)   67        47      1897


SUNRISE AND SUNSET
SEPTEMBER 24 2017.....SUNRISE   658 AM CDT   SUNSET   702 PM CDT
SEPTEMBER 25 2017.....SUNRISE   658 AM CDT   SUNSET   700 PM CDT


-  INDICATES NEGATIVE NUMBERS.
R  INDICATES RECORD WAS SET OR TIED.
MM INDICATES DATA IS MISSING.
T  INDICATES TRACE AMOUNT.




$$
