000
CDUS44 KLCH 240815
CLILFT


CLIMATE REPORT
NATIONAL WEATHER SERVICE LAKE CHARLES, LA
314 AM CDT FRI OCT 24 2014


...................................

...THE LAFAYETTE CLIMATE SUMMARY FOR OCTOBER 23 2014...

CLIMATE NORMAL PERIOD 1981 TO 2010
CLIMATE RECORD PERIOD 1893 TO 2014


WEATHER ITEM   OBSERVED TIME   RECORD YEAR NORMAL DEPARTURE LAST
                VALUE   (LST)  VALUE       VALUE  FROM      YEAR
                                                  NORMAL
..................................................................
TEMPERATURE (F)
 YESTERDAY
  MAXIMUM         77    120 PM  98    1933  79     -2       78
  MINIMUM         51    625 AM  33    1923  58     -7       52
  AVERAGE         64                        68     -4       65

PRECIPITATION (IN)
  YESTERDAY        0.00          4.07 1985   0.18  -0.18     0.00
  MONTH TO DATE    2.13                      3.87  -1.74     3.55
  SINCE SEP 1      7.76                      8.59  -0.83     7.24
  SINCE JAN 1     53.85                     49.21   4.64    50.12

SNOWFALL (IN)
  YESTERDAY        0.0           0.0    MM   0.0    0.0      0.0
  MONTH TO DATE    0.0                       0.0    0.0      0.0
  SINCE SEP 1      0.0                       0.0    0.0      0.0
  SINCE JUL 1      0.0                       0.0    0.0      0.0
  SNOW DEPTH       0

DEGREE DAYS
 HEATING
  YESTERDAY        1                         2     -1        0
  MONTH TO DATE    1                        16    -15        3
  SINCE SEP 1      1                        17    -16        3
  SINCE JUL 1      1                        17    -16        3

 COOLING
  YESTERDAY        0                         5     -5        0
  MONTH TO DATE  185                       167     18      177
  SINCE SEP 1    638                       594     44      680
  SINCE JAN 1   2695                      2855   -160     2782
..................................................................


WIND (MPH)
  HIGHEST WIND SPEED    13   HIGHEST WIND DIRECTION     N (10)
  HIGHEST GUST SPEED    16   HIGHEST GUST DIRECTION     N (20)
  AVERAGE WIND SPEED     6.2


SKY COVER
  POSSIBLE SUNSHINE  MM
  AVERAGE SKY COVER 0.0


WEATHER CONDITIONS
 THE FOLLOWING WEATHER WAS RECORDED YESTERDAY.
  NO SIGNIFICANT WEATHER WAS OBSERVED.


RELATIVE HUMIDITY (PERCENT)
 HIGHEST    96           500 AM
 LOWEST     38           100 PM
 AVERAGE    67

..........................................................


THE LAFAYETTE CLIMATE NORMALS FOR TODAY
                         NORMAL    RECORD    YEAR
 MAXIMUM TEMPERATURE (F)   79        93      1919
 MINIMUM TEMPERATURE (F)   57        31      1917


SUNRISE AND SUNSET
OCTOBER 24 2014.......SUNRISE   716 AM CDT   SUNSET   628 PM CDT
OCTOBER 25 2014.......SUNRISE   717 AM CDT   SUNSET   627 PM CDT


-  INDICATES NEGATIVE NUMBERS.
R  INDICATES RECORD WAS SET OR TIED.
MM INDICATES DATA IS MISSING.
T  INDICATES TRACE AMOUNT.




$$
