000
CDUS44 KLCH 261247
CLILFT


CLIMATE REPORT
NATIONAL WEATHER SERVICE LAKE CHARLES, LA
745 AM CDT TUE JUL 26 2016


...................................

...THE LAFAYETTE CLIMATE SUMMARY FOR JULY 25 2016...

CLIMATE NORMAL PERIOD 1981 TO 2010
CLIMATE RECORD PERIOD 1893 TO 2016


WEATHER ITEM   OBSERVED TIME   RECORD YEAR NORMAL DEPARTURE LAST
                VALUE   (LST)  VALUE       VALUE  FROM      YEAR
                                                  NORMAL
..................................................................
TEMPERATURE (F)
 YESTERDAY
  MAXIMUM         94    315 PM  99    1925  92      2       98
                                      1924
                                      1923
  MINIMUM         75   1040 PM  64    1915  75      0       78
  AVERAGE         85                        84      1       88

PRECIPITATION (IN)
  YESTERDAY        1.20          3.65 1979   0.17   1.03      T
  MONTH TO DATE    2.73                      5.27  -2.54     1.94
  SINCE JUN 1      9.72                     12.35  -2.63     9.55
  SINCE JAN 1     38.11                     34.97   3.14    40.15

DEGREE DAYS
 COOLING
  YESTERDAY       20                        19      1       23
  MONTH TO DATE  513                       459     54      506
  SINCE JUN 1   1040                       957     83     1008
  SINCE JAN 1   1697                      1571    126     1700
..................................................................


WIND (MPH)
  HIGHEST WIND SPEED    20   HIGHEST WIND DIRECTION     S (200)
  HIGHEST GUST SPEED    23   HIGHEST GUST DIRECTION     S (200)
  AVERAGE WIND SPEED     4.3


SKY COVER
  POSSIBLE SUNSHINE  MM
  AVERAGE SKY COVER 0.4


WEATHER CONDITIONS
 THE FOLLOWING WEATHER WAS RECORDED YESTERDAY.
  THUNDERSTORM
  HEAVY RAIN
  RAIN
  LIGHT RAIN
  FOG


RELATIVE HUMIDITY (PERCENT)
 HIGHEST   100          1100 PM
 LOWEST     56           200 PM
 AVERAGE    78

..........................................................


THE LAFAYETTE CLIMATE NORMALS FOR TODAY
                         NORMAL    RECORD    YEAR
 MAXIMUM TEMPERATURE (F)   92       101      1893
 MINIMUM TEMPERATURE (F)   75        66      1911


SUNRISE AND SUNSET
JULY 26 2016..........SUNRISE   623 AM CDT   SUNSET   805 PM CDT
JULY 27 2016..........SUNRISE   624 AM CDT   SUNSET   805 PM CDT


-  INDICATES NEGATIVE NUMBERS.
R  INDICATES RECORD WAS SET OR TIED.
MM INDICATES DATA IS MISSING.
T  INDICATES TRACE AMOUNT.




$$
