441
CDUS44 KLCH 061002
CLILFT


CLIMATE REPORT
NATIONAL WEATHER SERVICE LAKE CHARLES, LA
402 AM CST TUE DEC 6 2016


...................................

...THE LAFAYETTE CLIMATE SUMMARY FOR DECEMBER 5 2016...

CLIMATE NORMAL PERIOD 1981 TO 2010
CLIMATE RECORD PERIOD 1893 TO 2016


WEATHER ITEM   OBSERVED TIME   RECORD YEAR NORMAL DEPARTURE LAST
                VALUE   (LST)  VALUE       VALUE  FROM      YEAR
                                                  NORMAL
..................................................................
TEMPERATURE (F)
 YESTERDAY
  MAXIMUM         62    849 PM  84    1916  66     -4       68
                                      1906
  MINIMUM         52    853 AM  24    1898  46      6       37
  AVERAGE         57                        56      1       53

PRECIPITATION (IN)
  YESTERDAY        1.43          5.09 1971   0.17   1.26     0.00
  MONTH TO DATE    6.14                      0.85   5.29     0.33
  SINCE DEC 1      6.14                      0.85   5.29     0.33
  SINCE JAN 1     78.01                     55.77  22.24    61.59

SNOWFALL (IN)
  YESTERDAY        0.0           0.0    MM   0.0    0.0      0.0
  MONTH TO DATE    0.0                       0.0    0.0      0.0
  SINCE DEC 1      0.0                       0.0    0.0      0.0
  SINCE JUL 1      0.0                       0.0    0.0      0.0
  SNOW DEPTH       0

DEGREE DAYS
 HEATING
  YESTERDAY        8                        10     -2       12
  MONTH TO DATE   38                        47     -9       53
  SINCE DEC 1     38                        47     -9       53
  SINCE JUL 1    124                       246   -122      141
..................................................................


WIND (MPH)
  HIGHEST WIND SPEED    16   HIGHEST WIND DIRECTION     W (270)
  HIGHEST GUST SPEED    20   HIGHEST GUST DIRECTION     W (290)
  AVERAGE WIND SPEED     7.0


SKY COVER
  POSSIBLE SUNSHINE  MM
  AVERAGE SKY COVER 1.0


WEATHER CONDITIONS
 THE FOLLOWING WEATHER WAS RECORDED YESTERDAY.
  HEAVY RAIN
  RAIN
  LIGHT RAIN
  FOG


RELATIVE HUMIDITY (PERCENT)
 HIGHEST   100           300 AM
 LOWEST     93          1200 AM
 AVERAGE    97

..........................................................


THE LAFAYETTE CLIMATE NORMALS FOR TODAY
                         NORMAL    RECORD    YEAR
 MAXIMUM TEMPERATURE (F)   66        82      1956
 MINIMUM TEMPERATURE (F)   46        25      1937


SUNRISE AND SUNSET
DECEMBER  6 2016......SUNRISE   651 AM CST   SUNSET   508 PM CST
DECEMBER  7 2016......SUNRISE   652 AM CST   SUNSET   508 PM CST


-  INDICATES NEGATIVE NUMBERS.
R  INDICATES RECORD WAS SET OR TIED.
MM INDICATES DATA IS MISSING.
T  INDICATES TRACE AMOUNT.




$$
