946
CDUS41 KOKX 290632
CLILGA


CLIMATE REPORT
NATIONAL WEATHER SERVICE NEW YORK NY
230 AM EDT SUN MAY 29 2016


...................................

...THE LAGUARDIA NY CLIMATE SUMMARY FOR MAY 28 2016...

CLIMATE NORMAL PERIOD 1981 TO 2010
CLIMATE RECORD PERIOD 1945 TO 2016


WEATHER ITEM   OBSERVED TIME   RECORD YEAR NORMAL DEPARTURE LAST
                VALUE   (LST)  VALUE       VALUE  FROM      YEAR
                                                  NORMAL
..................................................................
TEMPERATURE (F)
 YESTERDAY
  MAXIMUM         92R  1207 PM  92    1977  75     17       84
  MINIMUM         73    237 PM  44    1961  58     15       67
  AVERAGE         83                        66     17       76

PRECIPITATION (IN)
  YESTERDAY        T             1.41 1984   0.13  -0.13      T
  MONTH TO DATE    2.39                      3.37  -0.98     0.33
  SINCE MAR 1      5.31                     11.34  -6.03     6.69
  SINCE JAN 1     13.84                     17.27  -3.43    13.77

SNOWFALL (IN)
  YESTERDAY        0.0          MM      MM   0.0    0.0      0.0
  MONTH TO DATE    0.0                       0.0    0.0      0.0
  SINCE OCT 1     36.2                      26.9    9.3     53.8
  SINCE JUL 1     36.2                      26.9    9.3     53.8
  SNOW DEPTH       0

DEGREE DAYS
 HEATING
  YESTERDAY        0                         2     -2        0
  MONTH TO DATE  141                       129     12       50
  SINCE MAR 1    990                      1214   -224     1228
  SINCE JUL 1   3652                      4643   -991     4950

 COOLING
  YESTERDAY       18                         4     14       11
  MONTH TO DATE   69                        48     21       95
  SINCE MAR 1     82                        56     26       97
  SINCE JAN 1     82                        56     26       97
..................................................................


WIND (MPH)
  HIGHEST WIND SPEED    21   HIGHEST WIND DIRECTION     S (170)
  HIGHEST GUST SPEED    25   HIGHEST GUST DIRECTION     S (170)
  AVERAGE WIND SPEED     9.4


SKY COVER
  AVERAGE SKY COVER 0.4


WEATHER CONDITIONS
 THE FOLLOWING WEATHER WAS RECORDED YESTERDAY.
  NO SIGNIFICANT WEATHER WAS OBSERVED.


RELATIVE HUMIDITY (PERCENT)
 HIGHEST    74           100 AM
 LOWEST     43           300 PM
 AVERAGE    59

..........................................................


THE LAGUARDIA NY CLIMATE NORMALS FOR TODAY
                         NORMAL    RECORD    YEAR
 MAXIMUM TEMPERATURE (F)   75        95      1987
 MINIMUM TEMPERATURE (F)   58        48      1946


SUNRISE AND SUNSET
MAY 29 2016...........SUNRISE   528 AM EDT   SUNSET   819 PM EDT
MAY 30 2016...........SUNRISE   527 AM EDT   SUNSET   820 PM EDT


-  INDICATES NEGATIVE NUMBERS.
R  INDICATES RECORD WAS SET OR TIED.
MM INDICATES DATA IS MISSING.
T  INDICATES TRACE AMOUNT.




$$
