000
CDUS41 KOKX 180617
CLILGA


CLIMATE REPORT
NATIONAL WEATHER SERVICE NEW YORK NY
217 AM EDT THU SEP 18 2014


...................................

...THE LAGUARDIA NY CLIMATE SUMMARY FOR SEPTEMBER 17 2014...

CLIMATE NORMAL PERIOD 1981 TO 2010
CLIMATE RECORD PERIOD 1945 TO 2014


WEATHER ITEM   OBSERVED TIME   RECORD YEAR NORMAL DEPARTURE LAST
                VALUE   (LST)  VALUE       VALUE  FROM      YEAR
                                                  NORMAL
..................................................................
TEMPERATURE (F)
 YESTERDAY
  MAXIMUM         73    404 PM  95    1991  76     -3       65
  MINIMUM         59    557 AM  48    1986  62     -3       49
                                      1959
  AVERAGE         66                        69     -3       57

PRECIPITATION (IN)
  YESTERDAY        0.00          1.65 1996   0.12  -0.12     0.00
  MONTH TO DATE    0.82                      2.05  -1.23     2.31
  SINCE SEP 1      0.82                      2.05  -1.23     2.31
  SINCE JAN 1     35.88                     32.30   3.58    29.65

SNOWFALL (IN)
  YESTERDAY        0.0          MM      MM   0.0    0.0      0.0
  MONTH TO DATE    0.0                       0.0    0.0      0.0
  SINCE OCT 1     52.4                      26.9   25.5     22.2
  SINCE JUL 1      0.0                       0.0    0.0      0.0
  SNOW DEPTH       0

DEGREE DAYS
 HEATING
  YESTERDAY        0                         1     -1        8
  MONTH TO DATE    4                         6     -2       13
  SINCE SEP 1      4                         6     -2       13
  SINCE JUL 1      4                         7     -3       13

 COOLING
  YESTERDAY        1                         5     -4        0
  MONTH TO DATE  137                       117     20      119
  SINCE SEP 1    137                       117     20      119
  SINCE JAN 1   1124                      1150    -26     1338
..................................................................


WIND (MPH)
  HIGHEST WIND SPEED    13   HIGHEST WIND DIRECTION     W (270)
  HIGHEST GUST SPEED    16   HIGHEST GUST DIRECTION    NW (310)
  AVERAGE WIND SPEED     4.9


SKY COVER
  AVERAGE SKY COVER 0.2


WEATHER CONDITIONS
 THE FOLLOWING WEATHER WAS RECORDED YESTERDAY.
  NO SIGNIFICANT WEATHER WAS OBSERVED.


RELATIVE HUMIDITY (PERCENT)
 HIGHEST    72           300 AM
 LOWEST     33          1100 AM
 AVERAGE    53

..........................................................


THE LAGUARDIA NY CLIMATE NORMALS FOR TODAY
                         NORMAL    RECORD    YEAR
 MAXIMUM TEMPERATURE (F)   76        89      1965
 MINIMUM TEMPERATURE (F)   61        47      1943


SUNRISE AND SUNSET
SEPTEMBER 18 2014.....SUNRISE   639 AM EDT   SUNSET   700 PM EDT
SEPTEMBER 19 2014.....SUNRISE   640 AM EDT   SUNSET   658 PM EDT


-  INDICATES NEGATIVE NUMBERS.
R  INDICATES RECORD WAS SET OR TIED.
MM INDICATES DATA IS MISSING.
T  INDICATES TRACE AMOUNT.




$$
