000
CDUS41 KOKX 250616
CLILGA


CLIMATE REPORT
NATIONAL WEATHER SERVICE NEW YORK NY
116 AM EST THU DEC 25 2014


...................................

...THE LAGUARDIA NY CLIMATE SUMMARY FOR DECEMBER 24 2014...

CLIMATE NORMAL PERIOD 1981 TO 2010
CLIMATE RECORD PERIOD 1945 TO 2014


WEATHER ITEM   OBSERVED TIME   RECORD YEAR NORMAL DEPARTURE LAST
                VALUE   (LST)  VALUE       VALUE  FROM      YEAR
                                                  NORMAL
..................................................................
TEMPERATURE (F)
 YESTERDAY
  MAXIMUM         55    926 PM  63    1990  42     13       42
  MINIMUM         43   1115 AM   4    1983  30     13       27
  AVERAGE         49                        36     13       35

PRECIPITATION (IN)
  YESTERDAY        0.67          1.27 2003   0.12   0.55      T
  MONTH TO DATE    6.03                      2.83   3.20     3.26
  SINCE DEC 1      6.03                      2.83   3.20     3.26
  SINCE JAN 1     50.14                     44.00   6.14    37.09

SNOWFALL (IN)
  YESTERDAY        0.0           4.6  1966   0.2   -0.2       T
  MONTH TO DATE    1.3                       3.5   -2.2      7.6
  SINCE OCT 1      1.7                       3.8   -2.1      7.8
  SINCE JUL 1      1.7                       3.8   -2.1      7.8
  SNOW DEPTH       0

DEGREE DAYS
 HEATING
  YESTERDAY       16                        29    -13       30
  MONTH TO DATE  591                       618    -27      615
  SINCE DEC 1    591                       618    -27      615
  SINCE JUL 1   1345                      1393    -48     1397

 COOLING
  YESTERDAY        0                         0      0        0
  MONTH TO DATE    0                         0      0        0
  SINCE DEC 1      0                         0      0        0
  SINCE JAN 1   1192                      1214    -22     1402
..................................................................


WIND (MPH)
  HIGHEST WIND SPEED    18   HIGHEST WIND DIRECTION     S (170)
  HIGHEST GUST SPEED    22   HIGHEST GUST DIRECTION     S (170)
  AVERAGE WIND SPEED     9.1


SKY COVER
  AVERAGE SKY COVER 1.0


WEATHER CONDITIONS
 THE FOLLOWING WEATHER WAS RECORDED YESTERDAY.
  HEAVY RAIN
  RAIN
  LIGHT RAIN
  FOG
  FOG W/VISIBILITY <= 1/4 MILE


RELATIVE HUMIDITY (PERCENT)
 HIGHEST   100           500 AM
 LOWEST     92          1200 AM
 AVERAGE    96

..........................................................


THE LAGUARDIA NY CLIMATE NORMALS FOR TODAY
                         NORMAL    RECORD    YEAR
 MAXIMUM TEMPERATURE (F)   42        62      1982
 MINIMUM TEMPERATURE (F)   29        -1      1980


SUNRISE AND SUNSET
DECEMBER 25 2014......SUNRISE   718 AM EST   SUNSET   433 PM EST
DECEMBER 26 2014......SUNRISE   718 AM EST   SUNSET   434 PM EST


-  INDICATES NEGATIVE NUMBERS.
R  INDICATES RECORD WAS SET OR TIED.
MM INDICATES DATA IS MISSING.
T  INDICATES TRACE AMOUNT.




$$
