000
CDUS41 KOKX 241630
CLILGA


CLIMATE REPORT
NATIONAL WEATHER SERVICE NEW YORK NY
1130 AM EST TUE JAN 24 2017


...................................

...THE LAGUARDIA NY CLIMATE SUMMARY FOR JANUARY 23 2017...

CLIMATE NORMAL PERIOD 1981 TO 2010
CLIMATE RECORD PERIOD 1939 TO 2017


WEATHER ITEM   OBSERVED TIME   RECORD YEAR NORMAL DEPARTURE LAST
                VALUE   (LST)  VALUE       VALUE  FROM      YEAR
                                                  NORMAL
..................................................................
TEMPERATURE (F)
 YESTERDAY
  MAXIMUM         45    123 AM  62    1967  39      6       28
                                      1957
  MINIMUM         38    921 PM   3    1976  26     12       25
  AVERAGE         42                        33      9       27

PRECIPITATION (IN)
  YESTERDAY        0.85          2.60 1998   0.10   0.75     2.40
  MONTH TO DATE    3.00                      2.38   0.62     4.13
  SINCE DEC 1      5.95                      5.94   0.01     8.46
  SINCE JAN 1      3.00                      2.38   0.62     4.13

SNOWFALL (IN)
  YESTERDAY        0.0          27.9  2016   0.2   -0.2     27.9
  MONTH TO DATE    8.9                       5.4    3.5     28.5
  SINCE OCT 1     11.9                      10.9    1.0     28.5
  SINCE JUL 1     11.9                      10.9    1.0     28.5
  SNOW DEPTH       0

DEGREE DAYS
 HEATING
  YESTERDAY       23                        32     -9       38
  MONTH TO DATE  583                       732   -149      685
  SINCE DEC 1   1341                      1563   -222     1118
  SINCE JUL 1   1879                      2338   -459     1680

 COOLING
  YESTERDAY        0                         0      0        0
  MONTH TO DATE    0                         0      0        0
  SINCE DEC 1      0                         0      0        1
  SINCE JAN 1      0                         0      0        0
..................................................................


WIND (MPH)
  HIGHEST WIND SPEED    39   HIGHEST WIND DIRECTION    NE (60)
  HIGHEST GUST SPEED    50   HIGHEST GUST DIRECTION     E (80)
  AVERAGE WIND SPEED    28.0


SKY COVER
  AVERAGE SKY COVER 1.0


WEATHER CONDITIONS
 THE FOLLOWING WEATHER WAS RECORDED YESTERDAY.
  HEAVY RAIN
  RAIN
  LIGHT RAIN
  FOG


RELATIVE HUMIDITY (PERCENT)
 HIGHEST    92           800 PM
 LOWEST     62           900 AM
 AVERAGE    77

..........................................................


THE LAGUARDIA NY CLIMATE NORMALS FOR TODAY
                         NORMAL    RECORD    YEAR
 MAXIMUM TEMPERATURE (F)   39        68      1967
 MINIMUM TEMPERATURE (F)   26         3      1963


SUNRISE AND SUNSET
JANUARY 24 2017.......SUNRISE   712 AM EST   SUNSET   504 PM EST
JANUARY 25 2017.......SUNRISE   712 AM EST   SUNSET   505 PM EST


-  INDICATES NEGATIVE NUMBERS.
R  INDICATES RECORD WAS SET OR TIED.
MM INDICATES DATA IS MISSING.
T  INDICATES TRACE AMOUNT.




$$
