000
CDUS41 KOKX 050619
CLILGA


CLIMATE REPORT
NATIONAL WEATHER SERVICE NEW YORK NY
219 AM EDT WED AUG 5 2015


...................................

...THE LAGUARDIA NY CLIMATE SUMMARY FOR AUGUST 4 2015...

CLIMATE NORMAL PERIOD 1981 TO 2010
CLIMATE RECORD PERIOD 1945 TO 2015


WEATHER ITEM   OBSERVED TIME   RECORD YEAR NORMAL DEPARTURE LAST
                VALUE   (LST)  VALUE       VALUE  FROM      YEAR
                                                  NORMAL
..................................................................
TEMPERATURE (F)
 YESTERDAY
  MAXIMUM         91    358 PM  99    1944  85      6       84
  MINIMUM         70    402 AM  62    1964  70      0       71
  AVERAGE         81                        78      3       78

PRECIPITATION (IN)
  YESTERDAY        0.30          2.78 2003   0.15   0.15     0.00
  MONTH TO DATE    0.30                      0.61  -0.31     0.47
  SINCE JUN 1      8.64                      9.05  -0.41     8.15
  SINCE JAN 1     23.69                     26.74  -3.05    32.03

SNOWFALL (IN)
  YESTERDAY        0.0          MM      MM   0.0    0.0      0.0
  MONTH TO DATE    0.0                       0.0    0.0      0.0
  SINCE OCT 1     53.8                      26.9   26.9     52.4
  SINCE JUL 1      0.0                       0.0    0.0      0.0
  SNOW DEPTH       0

DEGREE DAYS
 HEATING
  YESTERDAY        0                         0      0        0
  MONTH TO DATE    0                         0      0        0
  SINCE JUN 1     34                        16     18        0
  SINCE JUL 1      0                         0      0        0

 COOLING
  YESTERDAY       16                        13      3       13
  MONTH TO DATE   70                        52     18       38
  SINCE JUN 1    745                       668     77      652
  SINCE JAN 1    867                       734    133      702
..................................................................


WIND (MPH)
  HIGHEST WIND SPEED    31   HIGHEST WIND DIRECTION     W (270)
  HIGHEST GUST SPEED    41   HIGHEST GUST DIRECTION     W (260)
  AVERAGE WIND SPEED    10.5


SKY COVER
  AVERAGE SKY COVER 0.5


WEATHER CONDITIONS
 THE FOLLOWING WEATHER WAS RECORDED YESTERDAY.
  THUNDERSTORM
  HEAVY RAIN
  LIGHT RAIN


RELATIVE HUMIDITY (PERCENT)
 HIGHEST    79           400 AM
 LOWEST     26           300 PM
 AVERAGE    53

..........................................................


THE LAGUARDIA NY CLIMATE NORMALS FOR TODAY
                         NORMAL    RECORD    YEAR
 MAXIMUM TEMPERATURE (F)   85       100      1955
 MINIMUM TEMPERATURE (F)   70        57      1972


SUNRISE AND SUNSET
AUGUST  5 2015........SUNRISE   556 AM EDT   SUNSET   807 PM EDT
AUGUST  6 2015........SUNRISE   557 AM EDT   SUNSET   806 PM EDT


-  INDICATES NEGATIVE NUMBERS.
R  INDICATES RECORD WAS SET OR TIED.
MM INDICATES DATA IS MISSING.
T  INDICATES TRACE AMOUNT.




$$
