240
CDUS41 KOKX 180644
CLILGA


CLIMATE REPORT
NATIONAL WEATHER SERVICE NEW YORK NY
244 AM EDT FRI AUG 18 2017


...................................

...THE LAGUARDIA NY CLIMATE SUMMARY FOR AUGUST 17 2017...

CLIMATE NORMAL PERIOD 1981 TO 2010
CLIMATE RECORD PERIOD 1939 TO 2017


WEATHER ITEM   OBSERVED TIME   RECORD YEAR NORMAL DEPARTURE LAST
                VALUE   (LST)  VALUE       VALUE  FROM      YEAR
                                                  NORMAL
..................................................................
TEMPERATURE (F)
 YESTERDAY
  MAXIMUM         82    303 PM  94    1944  84     -2       86
  MINIMUM         70    709 AM  58    1979  69      1       79
  AVERAGE         76                        76      0       83

PRECIPITATION (IN)
  YESTERDAY        0.00          3.54 1998   0.13  -0.13      T
  MONTH TO DATE    2.04                      2.38  -0.34     0.83
  SINCE JUN 1     10.74                     10.82  -0.08     8.05
  SINCE JAN 1     31.51                     28.51   3.00    23.42

SNOWFALL (IN)
  YESTERDAY        0.0          MM      MM   0.0    0.0      0.0
  MONTH TO DATE    0.0                       0.0    0.0      0.0
  SINCE OCT 1     33.2                      26.9    6.3     36.2
  SINCE JUL 1      0.0                       0.0    0.0      0.0
  SNOW DEPTH       0

DEGREE DAYS
 HEATING
  YESTERDAY        0                         0      0        0
  MONTH TO DATE    0                         0      0        0
  SINCE JUN 1     16                        16      0        2
  SINCE JUL 1      0                         0      0        0

 COOLING
  YESTERDAY       11                        11      0       18
  MONTH TO DATE  192                       207    -15      298
  SINCE JUN 1    887                       823     64     1074
  SINCE JAN 1    992                       889    103     1193
..................................................................


WIND (MPH)
  HIGHEST WIND SPEED    15   HIGHEST WIND DIRECTION     S (190)
  HIGHEST GUST SPEED    21   HIGHEST GUST DIRECTION    NE (50)
  AVERAGE WIND SPEED     8.9


SKY COVER
  AVERAGE SKY COVER 0.6


WEATHER CONDITIONS
 THE FOLLOWING WEATHER WAS RECORDED YESTERDAY.
  NO SIGNIFICANT WEATHER WAS OBSERVED.


RELATIVE HUMIDITY (PERCENT)
 HIGHEST    94          1100 PM
 LOWEST     49           500 PM
 AVERAGE    72

..........................................................


THE LAGUARDIA NY CLIMATE NORMALS FOR TODAY
                         NORMAL    RECORD    YEAR
 MAXIMUM TEMPERATURE (F)   84        95      2002
 MINIMUM TEMPERATURE (F)   69        59      1941


SUNRISE AND SUNSET
AUGUST 18 2017........SUNRISE   609 AM EDT   SUNSET   749 PM EDT
AUGUST 19 2017........SUNRISE   610 AM EDT   SUNSET   748 PM EDT


-  INDICATES NEGATIVE NUMBERS.
R  INDICATES RECORD WAS SET OR TIED.
MM INDICATES DATA IS MISSING.
T  INDICATES TRACE AMOUNT.




$$
