000
CDUS46 KLOX 260903
CLILGB


CLIMATE REPORT
NATIONAL WEATHER SERVICE LOS ANGELES/OXNARD CA
103 AM PST THU FEB 26 2015


...................................

...THE LONG BEACH AIRPORT CA CLIMATE SUMMARY FOR FEBRUARY 25 2015...

CLIMATE NORMAL PERIOD 1981 TO 2010
CLIMATE RECORD PERIOD 1958 TO 2015


WEATHER ITEM   OBSERVED TIME   RECORD YEAR NORMAL DEPARTURE LAST
                VALUE   (LST)  VALUE       VALUE  FROM      YEAR
                                                  NORMAL
..................................................................
TEMPERATURE (F)
 YESTERDAY
  MAXIMUM         72    129 PM  89    1992  67      5       68
  MINIMUM         50    704 AM  37    1977  49      1       55
  AVERAGE         61                        58      3       62

PRECIPITATION (IN)
  YESTERDAY        0.00          1.93 2001   0.12  -0.12     0.00
  MONTH TO DATE    0.24                      2.78  -2.54     0.29
  SINCE OCT 1      6.37                      8.96  -2.59     1.54
  SINCE JAN 1      1.11                      5.38  -4.27     0.30

SNOWFALL (IN)
  YESTERDAY        0.0
  MONTH TO DATE    0.0
  SINCE DEC 1      0.0
  SINCE JUL 1      0.0

DEGREE DAYS
 HEATING
  YESTERDAY        4                         7     -3        3
  MONTH TO DATE   56                       192   -136      131
  SINCE DEC 1    370                       722   -352      473
  SINCE JUL 1    406                       871   -465      568

 COOLING
  YESTERDAY        0                         0      0        0
  MONTH TO DATE   29                         0     29        0
  SINCE DEC 1     42                         4     38       27
  SINCE JAN 1     37                         3     34       15
..................................................................


WIND (MPH)
  HIGHEST WIND SPEED    10   HIGHEST WIND DIRECTION    SW (220)
  HIGHEST GUST SPEED    14   HIGHEST GUST DIRECTION     S (190)
  AVERAGE WIND SPEED     3.1


SKY COVER
  POSSIBLE SUNSHINE  MM
  AVERAGE SKY COVER 0.1


WEATHER CONDITIONS
 THE FOLLOWING WEATHER WAS RECORDED YESTERDAY.
  NO SIGNIFICANT WEATHER WAS OBSERVED.


RELATIVE HUMIDITY (PERCENT)
 HIGHEST    86          1200 AM
 LOWEST     37           200 PM
 AVERAGE    62

..........................................................


THE LONG BEACH AIRPORT CA CLIMATE NORMALS FOR TODAY
                         NORMAL    RECORD    YEAR
 MAXIMUM TEMPERATURE (F)   67        87      2002
 MINIMUM TEMPERATURE (F)   49        36      1987


SUNRISE AND SUNSET
FEBRUARY 26 2015......SUNRISE   625 AM PST   SUNSET   546 PM PST
FEBRUARY 27 2015......SUNRISE   624 AM PST   SUNSET   547 PM PST


-  INDICATES NEGATIVE NUMBERS.
R  INDICATES RECORD WAS SET OR TIED.
MM INDICATES DATA IS MISSING.
T  INDICATES TRACE AMOUNT.




$$
