969
CDUS46 KLOX 250113
CLILGB


CLIMATE REPORT
NATIONAL WEATHER SERVICE LOS ANGELES/OXNARD CA
613 PM PDT MON APR 24 2017


...................................

...THE LONG BEACH AIRPORT CA CLIMATE SUMMARY FOR APRIL 24 2017...
VALID TODAY AS OF 0600 PM LOCAL TIME.

CLIMATE NORMAL PERIOD 1981 TO 2010
CLIMATE RECORD PERIOD 1958 TO 2017


WEATHER ITEM   OBSERVED TIME   RECORD YEAR NORMAL DEPARTURE LAST
                VALUE   (LST)  VALUE       VALUE  FROM      YEAR
                                                  NORMAL
..................................................................
TEMPERATURE (F)
 TODAY
  MAXIMUM         70    419 PM  93    2001  73     -3       70
  MINIMUM         60    154 AM  43    1960  54      6       55
  AVERAGE         65                        64      1       63

PRECIPITATION (IN)
  TODAY            0.00          0.11 2005   0.01  -0.01     0.00
  MONTH TO DATE    0.18                      0.52  -0.34     0.08
  SINCE OCT 1     19.58                     11.66   7.92     4.90
  SINCE JAN 1     14.38                      8.08   6.30     3.90

SNOWFALL (IN)
  TODAY            0.0
  MONTH TO DATE    0.0
  SINCE MAR 1      0.0
  SINCE JUL 1      0.0

DEGREE DAYS
 HEATING
  TODAY            0                         3     -3        2
  MONTH TO DATE   29                        91    -62       17
  SINCE MAR 1     99                       270   -171      117
  SINCE JUL 1    877                      1161   -284      760

 COOLING
  TODAY            0                         1     -1        0
  MONTH TO DATE   32                        24      8       62
  SINCE MAR 1     58                        34     24       69
  SINCE JAN 1     59                        42     17      116
..................................................................


WIND (MPH)
  HIGHEST WIND SPEED    15   HIGHEST WIND DIRECTION    NW (300)
  HIGHEST GUST SPEED    20   HIGHEST GUST DIRECTION    NW (310)
  AVERAGE WIND SPEED     7.4


SKY COVER
  POSSIBLE SUNSHINE  MM
  AVERAGE SKY COVER 0.4


WEATHER CONDITIONS
 THE FOLLOWING WEATHER WAS RECORDED TODAY.
  NO SIGNIFICANT WEATHER WAS OBSERVED.


RELATIVE HUMIDITY (PERCENT)
 HIGHEST    84          1200 AM
 LOWEST     45           500 PM
 AVERAGE    65

..........................................................


THE LONG BEACH AIRPORT CA CLIMATE NORMALS FOR TOMORROW
                         NORMAL    RECORD    YEAR
 MAXIMUM TEMPERATURE (F)   73        91      2004
 MINIMUM TEMPERATURE (F)   55        44      1974
                                             1960


SUNRISE AND SUNSET
APRIL 24 2017.........SUNRISE   611 AM PDT   SUNSET   731 PM PDT
APRIL 25 2017.........SUNRISE   610 AM PDT   SUNSET   732 PM PDT


-  INDICATES NEGATIVE NUMBERS.
R  INDICATES RECORD WAS SET OR TIED.
MM INDICATES DATA IS MISSING.
T  INDICATES TRACE AMOUNT.




$$
