000
CDUS46 KLOX 210856
CLILGB


CLIMATE REPORT
NATIONAL WEATHER SERVICE LOS ANGELES/OXNARD CA
1256 AM PST TUE FEB 21 2017


...................................

...THE LONG BEACH AIRPORT CA CLIMATE SUMMARY FOR FEBRUARY 20 2017...

CLIMATE NORMAL PERIOD 1981 TO 2010
CLIMATE RECORD PERIOD 1958 TO 2017


WEATHER ITEM   OBSERVED TIME   RECORD YEAR NORMAL DEPARTURE LAST
                VALUE   (LST)  VALUE       VALUE  FROM      YEAR
                                                  NORMAL
..................................................................
TEMPERATURE (F)
 YESTERDAY
  MAXIMUM         63    244 PM  91    1995  67     -4       70
  MINIMUM         53    821 AM  38    1990  49      4       49
  AVERAGE         58                        58      0       60

PRECIPITATION (IN)
  YESTERDAY        0.02          2.78 1996   0.13  -0.11     0.00
  MONTH TO DATE    4.66                      2.20   2.46     0.61
  SINCE OCT 1     19.19                      8.38  10.81     3.90
  SINCE JAN 1     13.99                      4.80   9.19     2.90

SNOWFALL (IN)
  YESTERDAY        0.0
  MONTH TO DATE    0.0
  SINCE DEC 1      0.0
  SINCE JUL 1      0.0

DEGREE DAYS
 HEATING
  YESTERDAY        7                         7      0        5
  MONTH TO DATE  110                       157    -47       76
  SINCE DEC 1    618                       687    -69      542
  SINCE JUL 1    698                       836   -138      634

 COOLING
  YESTERDAY        0                         0      0        0
  MONTH TO DATE    1                         0      1       39
  SINCE DEC 1      2                         4     -2       45
  SINCE JAN 1      1                         3     -2       39
..................................................................


WIND (MPH)
  HIGHEST WIND SPEED    12   HIGHEST WIND DIRECTION     S (200)
  HIGHEST GUST SPEED    23   HIGHEST GUST DIRECTION    SE (120)
  AVERAGE WIND SPEED     5.9


SKY COVER
  POSSIBLE SUNSHINE  MM
  AVERAGE SKY COVER 1.0


WEATHER CONDITIONS
 THE FOLLOWING WEATHER WAS RECORDED YESTERDAY.
  LIGHT RAIN
  FOG


RELATIVE HUMIDITY (PERCENT)
 HIGHEST    93           500 AM
 LOWEST     67           100 PM
 AVERAGE    80

..........................................................


THE LONG BEACH AIRPORT CA CLIMATE NORMALS FOR TODAY
                         NORMAL    RECORD    YEAR
 MAXIMUM TEMPERATURE (F)   67        89      2002
 MINIMUM TEMPERATURE (F)   49        36      1971


SUNRISE AND SUNSET
FEBRUARY 21 2017......SUNRISE   630 AM PST   SUNSET   543 PM PST
FEBRUARY 22 2017......SUNRISE   629 AM PST   SUNSET   543 PM PST


-  INDICATES NEGATIVE NUMBERS.
R  INDICATES RECORD WAS SET OR TIED.
MM INDICATES DATA IS MISSING.
T  INDICATES TRACE AMOUNT.




$$
