938
CDUS46 KLOX 260917
CLILGB


CLIMATE REPORT
NATIONAL WEATHER SERVICE LOS ANGELES/OXNARD CA
217 AM PDT MON JUN 26 2017


...................................

...THE LONG BEACH AIRPORT CA CLIMATE SUMMARY FOR JUNE 25 2017...

CLIMATE NORMAL PERIOD 1981 TO 2010
CLIMATE RECORD PERIOD 1958 TO 2017


WEATHER ITEM   OBSERVED TIME   RECORD YEAR NORMAL DEPARTURE LAST
                VALUE   (LST)  VALUE       VALUE  FROM      YEAR
                                                  NORMAL
..................................................................
TEMPERATURE (F)
 YESTERDAY
  MAXIMUM         89    103 PM  99    1976  79     10       75
  MINIMUM         64    506 AM  52    1965  62      2       65
                                      1962
  AVERAGE         77                        70      7       70

PRECIPITATION (IN)
  YESTERDAY        0.00          T    1977   0.01  -0.01     0.00
                                      1968
                                      1965
  MONTH TO DATE    0.00                      0.07  -0.07     0.01
  SINCE OCT 1     19.98                     12.02   7.96     4.99
  SINCE JAN 1     14.78                      8.44   6.34     3.99

SNOWFALL (IN)
  YESTERDAY        0.0
  MONTH TO DATE    0.0
  SINCE JUN 1      0.0
  SINCE JUL 1      0.0

DEGREE DAYS
 HEATING
  YESTERDAY        0                         0      0        0
  MONTH TO DATE    2                         3     -1        0
  SINCE JUN 1      2                         3     -1        0
  SINCE JUL 1    914                      1216   -302      795

 COOLING
  YESTERDAY       12                         5      7        5
  MONTH TO DATE  116                        90     26      127
  SINCE JUN 1    116                        90     26      127
  SINCE JAN 1    276                       193     83      264
..................................................................


WIND (MPH)
  HIGHEST WIND SPEED    15   HIGHEST WIND DIRECTION    NW (310)
  HIGHEST GUST SPEED    20   HIGHEST GUST DIRECTION    NW (310)
  AVERAGE WIND SPEED     4.4


SKY COVER
  POSSIBLE SUNSHINE  MM
  AVERAGE SKY COVER 0.0


WEATHER CONDITIONS
 THE FOLLOWING WEATHER WAS RECORDED YESTERDAY.
  NO SIGNIFICANT WEATHER WAS OBSERVED.


RELATIVE HUMIDITY (PERCENT)
 HIGHEST    84           200 AM
 LOWEST     36           100 PM
 AVERAGE    60

..........................................................


THE LONG BEACH AIRPORT CA CLIMATE NORMALS FOR TODAY
                         NORMAL    RECORD    YEAR
 MAXIMUM TEMPERATURE (F)   79       101      1994
 MINIMUM TEMPERATURE (F)   62        50      1965


SUNRISE AND SUNSET
JUNE 26 2017..........SUNRISE   544 AM PDT   SUNSET   807 PM PDT
JUNE 27 2017..........SUNRISE   544 AM PDT   SUNSET   807 PM PDT


-  INDICATES NEGATIVE NUMBERS.
R  INDICATES RECORD WAS SET OR TIED.
MM INDICATES DATA IS MISSING.
T  INDICATES TRACE AMOUNT.




$$
