000
CDUS46 KLOX 200902
CLILGB


CLIMATE REPORT
NATIONAL WEATHER SERVICE LOS ANGELES/OXNARD CA
202 AM PDT FRI OCT 20 2017


...................................

...THE LONG BEACH AIRPORT CA CLIMATE SUMMARY FOR OCTOBER 19 2017...

CLIMATE NORMAL PERIOD 1981 TO 2010
CLIMATE RECORD PERIOD 1958 TO 2017


WEATHER ITEM   OBSERVED TIME   RECORD YEAR NORMAL DEPARTURE LAST
                VALUE   (LST)  VALUE       VALUE  FROM      YEAR
                                                  NORMAL
..................................................................
TEMPERATURE (F)
 YESTERDAY
  MAXIMUM         73    403 PM  95    1981  77     -4       93
                                      1964
  MINIMUM         64   1054 PM  49    1980  58      6       56
  AVERAGE         69                        67      2       75

PRECIPITATION (IN)
  YESTERDAY        0.00          0.61 2010   0.02  -0.02     0.00
  MONTH TO DATE    0.00                      0.32  -0.32     0.29
  SINCE OCT 1      0.00                      0.32  -0.32     0.29
  SINCE JAN 1     14.90                      9.00   5.90     4.28

SNOWFALL (IN)
  YESTERDAY        0.0
  MONTH TO DATE    0.0
  SINCE SEP 1      0.0
  SINCE JUL 1      0.0

DEGREE DAYS
 HEATING
  YESTERDAY        0                         1     -1        0
  MONTH TO DATE    0                         3     -3        1
  SINCE SEP 1      0                         4     -4        1
  SINCE JUL 1      0                         4     -4        1

 COOLING
  YESTERDAY        4                         3      1       10
  MONTH TO DATE  133                        76     57       95
  SINCE SEP 1    399                       307     92      358
  SINCE JAN 1   1365                      1075    290     1302
..................................................................


WIND (MPH)
  HIGHEST WIND SPEED    12   HIGHEST WIND DIRECTION    SW (220)
  HIGHEST GUST SPEED    17   HIGHEST GUST DIRECTION    SW (220)
  AVERAGE WIND SPEED     3.8


SKY COVER
  POSSIBLE SUNSHINE  MM
  AVERAGE SKY COVER 0.4


WEATHER CONDITIONS
 THE FOLLOWING WEATHER WAS RECORDED YESTERDAY.
  NO SIGNIFICANT WEATHER WAS OBSERVED.


RELATIVE HUMIDITY (PERCENT)
 HIGHEST    87          1200 AM
 LOWEST     64          1100 AM
 AVERAGE    76

..........................................................


THE LONG BEACH AIRPORT CA CLIMATE NORMALS FOR TODAY
                         NORMAL    RECORD    YEAR
 MAXIMUM TEMPERATURE (F)   77        99      2016
 MINIMUM TEMPERATURE (F)   58        47      1969


SUNRISE AND SUNSET
OCTOBER 20 2017.......SUNRISE   702 AM PDT   SUNSET   612 PM PDT
OCTOBER 21 2017.......SUNRISE   703 AM PDT   SUNSET   611 PM PDT


-  INDICATES NEGATIVE NUMBERS.
R  INDICATES RECORD WAS SET OR TIED.
MM INDICATES DATA IS MISSING.
T  INDICATES TRACE AMOUNT.




$$
