000
CDHW41 PHFO 271245
CLILIH


CLIMATE REPORT
NATIONAL WEATHER SERVICE HONOLULU HI
245 AM HST THU AUG 27 2015


...................................

...THE LIHUE HI CLIMATE SUMMARY FOR AUGUST 26 2015...

CLIMATE NORMAL PERIOD 1981 TO 2010
CLIMATE RECORD PERIOD 1946 TO 2015


WEATHER ITEM   OBSERVED TIME   RECORD YEAR NORMAL DEPARTURE LAST
                VALUE   (LST)  VALUE       VALUE  FROM      YEAR
                                                  NORMAL
..................................................................
TEMPERATURE (F)
 YESTERDAY
  MAXIMUM         85   1231 PM  89    1981  85      0       85
  MINIMUM         75    642 AM  68    1979  75      0       76
                                      1955
  AVERAGE         80                        80      0       81

PRECIPITATION (IN)
  YESTERDAY        T             0.32 1980   0.07  -0.07     0.02
  MONTH TO DATE    7.39                      1.83   5.56     3.75
  SINCE JUN 1      9.13                      5.31   3.82     8.33
  SINCE JAN 1     15.02                     21.15  -6.13    24.12

SNOWFALL (IN)
  YESTERDAY        0.0
  MONTH TO DATE    0.0
  SINCE JUN 1      0.0
  SINCE JUL 1      0.0
  SNOW DEPTH       0

DEGREE DAYS
 HEATING
  YESTERDAY        0                         0      0        0
  MONTH TO DATE    0                         0      0        0
  SINCE JUN 1      0                         0      0        0
  SINCE JUL 1      0                         0      0        0

 COOLING
  YESTERDAY       15                        15      0       16
  MONTH TO DATE  435                       389     46      381
  SINCE JUN 1   1323                      1222    101     1224
  SINCE JAN 1   2746                      2461    285     2445
..................................................................


WIND (MPH)
  HIGHEST WIND SPEED    13   HIGHEST WIND DIRECTION    NW (310)
  HIGHEST GUST SPEED    15   HIGHEST GUST DIRECTION     W (270)
  AVERAGE WIND SPEED     5.7


SKY COVER
  POSSIBLE SUNSHINE  MM
  AVERAGE SKY COVER 0.3


WEATHER CONDITIONS
 THE FOLLOWING WEATHER WAS RECORDED YESTERDAY.
  LIGHT RAIN


RELATIVE HUMIDITY (PERCENT)
 HIGHEST    82          1200 AM
 LOWEST     52           800 AM
 AVERAGE    67

..........................................................


THE LIHUE HI CLIMATE NORMALS FOR TODAY
                         NORMAL    RECORD    YEAR
 MAXIMUM TEMPERATURE (F)   85        89      1981
 MINIMUM TEMPERATURE (F)   75        68      1979
                                             1964


SUNRISE AND SUNSET
AUGUST 27 2015........SUNRISE   619 AM HST   SUNSET   658 PM HST
AUGUST 28 2015........SUNRISE   619 AM HST   SUNSET   658 PM HST


-  INDICATES NEGATIVE NUMBERS.
R  INDICATES RECORD WAS SET OR TIED.
MM INDICATES DATA IS MISSING.
T  INDICATES TRACE AMOUNT.




$$
