000
CDHW41 PHFO 221245
CLILIH


CLIMATE REPORT
NATIONAL WEATHER SERVICE HONOLULU HI
245 AM HST SUN JAN 22 2017


...................................

...THE LIHUE HI CLIMATE SUMMARY FOR JANUARY 21 2017...

CLIMATE NORMAL PERIOD 1981 TO 2010
CLIMATE RECORD PERIOD 1946 TO 2017


WEATHER ITEM   OBSERVED TIME   RECORD YEAR NORMAL DEPARTURE LAST
                VALUE   (LST)  VALUE       VALUE  FROM      YEAR
                                                  NORMAL
..................................................................
TEMPERATURE (F)
 YESTERDAY
  MAXIMUM         76   1121 AM  83    1961  78     -2       78
  MINIMUM         69    526 AM  52    1969  65      4       64
  AVERAGE         73                        72      1       71

PRECIPITATION (IN)
  YESTERDAY        0.02          4.18 1990   0.12  -0.10     0.00
  MONTH TO DATE    0.18                      2.59  -2.41     0.09
  SINCE DEC 1      1.35                      7.79  -6.44     1.51
  SINCE JAN 1      0.18                      2.59  -2.41     0.09

SNOWFALL (IN)
  YESTERDAY        0.0
  MONTH TO DATE    0.0
  SINCE DEC 1      0.0
  SINCE JUL 1      0.0
  SNOW DEPTH       0

DEGREE DAYS
 HEATING
  YESTERDAY        0                         0      0        0
  MONTH TO DATE    0                         0      0        0
  SINCE DEC 1      0                         0      0        0
  SINCE JUL 1      0                         0      0        0

 COOLING
  YESTERDAY        8                         7      1        6
  MONTH TO DATE  155                       147      8      148
  SINCE DEC 1    425                       401     24      504
  SINCE JAN 1    155                       147      8      148
..................................................................


WIND (MPH)
  HIGHEST WIND SPEED    39   HIGHEST WIND DIRECTION    NE (40)
  HIGHEST GUST SPEED    47   HIGHEST GUST DIRECTION    NE (40)
  AVERAGE WIND SPEED    30.6


SKY COVER
  POSSIBLE SUNSHINE  MM
  AVERAGE SKY COVER 0.9


WEATHER CONDITIONS
 THE FOLLOWING WEATHER WAS RECORDED YESTERDAY.
  RAIN
  LIGHT RAIN
  FOG
  HAZE


RELATIVE HUMIDITY (PERCENT)
 HIGHEST   100           200 PM
 LOWEST     25          1000 AM
 AVERAGE    63

..........................................................


THE LIHUE HI CLIMATE NORMALS FOR TODAY
                         NORMAL    RECORD    YEAR
 MAXIMUM TEMPERATURE (F)   78        82      2006
                                             1981
                                             1961
 MINIMUM TEMPERATURE (F)   65        50      1969


SUNRISE AND SUNSET
JANUARY 22 2017.......SUNRISE   718 AM HST   SUNSET   620 PM HST
JANUARY 23 2017.......SUNRISE   718 AM HST   SUNSET   621 PM HST


-  INDICATES NEGATIVE NUMBERS.
R  INDICATES RECORD WAS SET OR TIED.
MM INDICATES DATA IS MISSING.
T  INDICATES TRACE AMOUNT.




$$
