000
CDUS44 KLZK 060641
CLILIT


CLIMATE REPORT
NATIONAL WEATHER SERVICE LITTLE ROCK AR
1240 AM CST TUE DEC 6 2016


...................................

...THE LITTLE ROCK ADAMS FIELD CLIMATE SUMMARY FOR DECEMBER 5 2016...

CLIMATE NORMAL PERIOD 1981 TO 2010
CLIMATE RECORD PERIOD 1874 TO 2016


WEATHER ITEM   OBSERVED TIME   RECORD YEAR NORMAL DEPARTURE LAST
                VALUE   (LST)  VALUE       VALUE  FROM      YEAR
                                                  NORMAL
..................................................................
TEMPERATURE (F)
 YESTERDAY
  MAXIMUM         45    430 PM  80    1956  55    -10       59
  MINIMUM         37    136 AM  15    1886  36      1       32
  AVERAGE         41                        45     -4       46

PRECIPITATION (IN)
  YESTERDAY        0.18          2.07 2011   0.17   0.01     0.00
  MONTH TO DATE    0.81                      0.89  -0.08     0.00
  SINCE DEC 1      0.81                      0.89  -0.08     0.00
  SINCE JAN 1     52.54                     45.67   6.87    52.85

SNOWFALL (IN)
  YESTERDAY       MM             T    1992   0.0   MM        0.0
                                      1984
                                      1969
  MONTH TO DATE    0.0                       0.0    0.0      0.0
  SINCE DEC 1      0.0                       0.0    0.0      0.0
  SINCE JUL 1      0.0                       T      0.0      0.0
  SNOW DEPTH       0

DEGREE DAYS
 HEATING
  YESTERDAY       24                        20      4       19
  MONTH TO DATE  101                        95      6       99
  SINCE DEC 1    101                        95      6       99
  SINCE JUL 1    440                       609   -169      423

 COOLING
  YESTERDAY        0                         0      0        0
  MONTH TO DATE    0                         0      0        0
  SINCE DEC 1      0                         0      0        0
  SINCE JAN 1   2650                      2204    446     2489
..................................................................


WIND (MPH)
  HIGHEST WIND SPEED    16   HIGHEST WIND DIRECTION     E (90)
  HIGHEST GUST SPEED    20   HIGHEST GUST DIRECTION     E (90)
  AVERAGE WIND SPEED     6.4


SKY COVER
  POSSIBLE SUNSHINE  MM
  AVERAGE SKY COVER 1.0


WEATHER CONDITIONS
 THE FOLLOWING WEATHER WAS RECORDED YESTERDAY.
  THUNDERSTORM
  HEAVY RAIN
  LIGHT RAIN
  FOG


RELATIVE HUMIDITY (PERCENT)
 HIGHEST   100          1200 AM
 LOWEST     92           200 PM
 AVERAGE    96

..........................................................


THE LITTLE ROCK ADAMS FIELD CLIMATE NORMALS FOR TODAY
                         NORMAL    RECORD    YEAR
 MAXIMUM TEMPERATURE (F)   55        77      1998
                                             1956
 MINIMUM TEMPERATURE (F)   36        15      1950


SUNRISE AND SUNSET
DECEMBER  6 2016......SUNRISE   703 AM CST   SUNSET   458 PM CST
DECEMBER  7 2016......SUNRISE   703 AM CST   SUNSET   458 PM CST


-  INDICATES NEGATIVE NUMBERS.
R  INDICATES RECORD WAS SET OR TIED.
MM INDICATES DATA IS MISSING.
T  INDICATES TRACE AMOUNT.




$$
