000
CDUS44 KLZK 192058
CLILIT


CLIMATE REPORT
NATIONAL WEATHER SERVICE LITTLE ROCK AR
357 PM CDT THU OCT 19 2017


...................................

...THE LITTLE ROCK ADAMS FIELD CLIMATE SUMMARY FOR OCTOBER 19 2017...
VALID TODAY AS OF 0300 PM LOCAL TIME.

CLIMATE NORMAL PERIOD 1981 TO 2010
CLIMATE RECORD PERIOD 1874 TO 2017


WEATHER ITEM   OBSERVED TIME   RECORD YEAR NORMAL DEPARTURE LAST
                VALUE   (LST)  VALUE       VALUE  FROM      YEAR
                                                  NORMAL
..................................................................
TEMPERATURE (F)
 TODAY
  MAXIMUM         79    159 PM  90    1963  74      5       86
  MINIMUM         47    626 AM  33    1989  52     -5       66
  AVERAGE         63                        63      0       76

PRECIPITATION (IN)
  TODAY            0.00          2.02 1883   0.18  -0.18     0.00
  MONTH TO DATE    0.46                      2.88  -2.42     1.61
  SINCE SEP 1      0.91                      6.06  -5.15     2.92
  SINCE JAN 1     38.20                     37.47   0.73    48.87

SNOWFALL (IN)
  TODAY            0.0          MM      MM   0.0    0.0      0.0
  MONTH TO DATE    0.0                       0.0    0.0      0.0
  SINCE SEP 1      0.0                       0.0    0.0      0.0
  SINCE JUL 1      0.0                       0.0    0.0      0.0
  SNOW DEPTH       0

DEGREE DAYS
 HEATING
  TODAY            2                         4     -2        0
  MONTH TO DATE   26                        50    -24       11
  SINCE SEP 1     27                        61    -34       11
  SINCE JUL 1     27                        61    -34       11

 COOLING
  TODAY            0                         2     -2       11
  MONTH TO DATE  118                        63     55      105
  SINCE SEP 1    422                       375     47      556
  SINCE JAN 1   1990                      2176   -186     2609
..................................................................


WIND (MPH)
  HIGHEST WIND SPEED    12   HIGHEST WIND DIRECTION     E (80)
  HIGHEST GUST SPEED    15   HIGHEST GUST DIRECTION     E (80)
  AVERAGE WIND SPEED     2.0


SKY COVER
  POSSIBLE SUNSHINE  MM
  AVERAGE SKY COVER 0.4


WEATHER CONDITIONS
 THE FOLLOWING WEATHER WAS RECORDED TODAY.
  NO SIGNIFICANT WEATHER WAS OBSERVED.


RELATIVE HUMIDITY (PERCENT)
 HIGHEST   100           400 AM
 LOWEST     42           100 PM
 AVERAGE    71

..........................................................


THE LITTLE ROCK ADAMS FIELD CLIMATE NORMALS FOR TOMORROW
                         NORMAL    RECORD    YEAR
 MAXIMUM TEMPERATURE (F)   74        90      1963
 MINIMUM TEMPERATURE (F)   51        29      1989


SUNRISE AND SUNSET
OCTOBER 19 2017.......SUNRISE   718 AM CDT   SUNSET   629 PM CDT
OCTOBER 20 2017.......SUNRISE   719 AM CDT   SUNSET   628 PM CDT


-  INDICATES NEGATIVE NUMBERS.
R  INDICATES RECORD WAS SET OR TIED.
MM INDICATES DATA IS MISSING.
T  INDICATES TRACE AMOUNT.




$$
