000
CDUS44 KLZK 250641
CLILIT


CLIMATE REPORT
NATIONAL WEATHER SERVICE LITTLE ROCK AR
140 AM CDT WED MAY 25 2016


...................................

...THE LITTLE ROCK ADAMS FIELD CLIMATE SUMMARY FOR MAY 24 2016...

CLIMATE NORMAL PERIOD 1981 TO 2010
CLIMATE RECORD PERIOD 1874 TO 2016


WEATHER ITEM   OBSERVED TIME   RECORD YEAR NORMAL DEPARTURE LAST
                VALUE   (LST)  VALUE       VALUE  FROM      YEAR
                                                  NORMAL
..................................................................
TEMPERATURE (F)
 YESTERDAY
  MAXIMUM         88    338 PM  95    1978  83      5       86
  MINIMUM         64    334 AM  48    1963  64      0       70
  AVERAGE         76                        74      2       78

PRECIPITATION (IN)
  YESTERDAY        T             2.42 2009   0.14  -0.14     0.47
  MONTH TO DATE    2.08                      3.92  -1.84     6.01
  SINCE MAR 1     22.14                     13.74   8.40    19.54
  SINCE JAN 1     27.83                     20.95   6.88    26.35

SNOWFALL (IN)
  YESTERDAY        0.0          MM      MM   0.0    0.0      0.0
  MONTH TO DATE    0.0                       0.0    0.0      0.0
  SINCE MAR 1      0.0                       0.4   -0.4      5.7
  SINCE JUL 1      5.7                       3.5    2.2     11.1
  SNOW DEPTH       0

DEGREE DAYS
 HEATING
  YESTERDAY        0                         0      0        0
  MONTH TO DATE    8                        18    -10       11
  SINCE MAR 1    302                       537   -235      483
  SINCE JUL 1   2191                      3050   -859     3129

 COOLING
  YESTERDAY       11                         9      2       13
  MONTH TO DATE   98                       141    -43      170
  SINCE MAR 1    187                       211    -24      260
  SINCE JAN 1    193                       213    -20      260
..................................................................


WIND (MPH)
  HIGHEST WIND SPEED    23   HIGHEST WIND DIRECTION    NE (40)
  HIGHEST GUST SPEED    30   HIGHEST GUST DIRECTION    NE (40)
  AVERAGE WIND SPEED     8.1


SKY COVER
  POSSIBLE SUNSHINE  MM
  AVERAGE SKY COVER 0.7


WEATHER CONDITIONS
 THE FOLLOWING WEATHER WAS RECORDED YESTERDAY.
  THUNDERSTORM
  LIGHT RAIN


RELATIVE HUMIDITY (PERCENT)
 HIGHEST    87           300 AM
 LOWEST     50           300 PM
 AVERAGE    69

..........................................................


THE LITTLE ROCK ADAMS FIELD CLIMATE NORMALS FOR TODAY
                         NORMAL    RECORD    YEAR
 MAXIMUM TEMPERATURE (F)   84        94      1978
                                             1964
                                             1962
 MINIMUM TEMPERATURE (F)   64        46      1925


SUNRISE AND SUNSET
MAY 25 2016...........SUNRISE   559 AM CDT   SUNSET   813 PM CDT
MAY 26 2016...........SUNRISE   559 AM CDT   SUNSET   813 PM CDT


-  INDICATES NEGATIVE NUMBERS.
R  INDICATES RECORD WAS SET OR TIED.
MM INDICATES DATA IS MISSING.
T  INDICATES TRACE AMOUNT.




$$
