000
CDUS44 KLZK 200904
CLILIT


CLIMATE REPORT
NATIONAL WEATHER SERVICE LITTLE ROCK AR
404 AM CDT SUN APR 20 2014


...................................

...THE LITTLE ROCK ADAMS FIELD CLIMATE SUMMARY FOR APRIL 19 2014...

CLIMATE NORMAL PERIOD 1981 TO 2010
CLIMATE RECORD PERIOD 1874 TO 2014


WEATHER ITEM   OBSERVED TIME   RECORD YEAR NORMAL DEPARTURE LAST
                VALUE   (LST)  VALUE       VALUE  FROM      YEAR
                                                  NORMAL
..................................................................
TEMPERATURE (F)
 YESTERDAY
  MAXIMUM         78    330 PM  91    2011  74      4       59
  MINIMUM         51    554 AM  31    1983  52     -1       40
  AVERAGE         65                        63      2       50

PRECIPITATION (IN)
  YESTERDAY        0.00          5.92 1878   0.18  -0.18     0.00
  MONTH TO DATE    3.53                      3.16   0.37     3.03
  SINCE MAR 1      8.82                      7.84   0.98     7.60
  SINCE JAN 1     14.39                     15.05  -0.66    17.16

SNOWFALL (IN)
  YESTERDAY        0.0           T    1983   0.0    0.0      0.0
  MONTH TO DATE    T                         0.0    0.0      0.0
  SINCE MAR 1      2.2                       0.4    1.8       T
  SINCE JUL 1      6.2                       3.5    2.7     10.6
  SNOW DEPTH       0

DEGREE DAYS
 HEATING
  YESTERDAY        0                         4     -4       15
  MONTH TO DATE  130                       114     16      135
  SINCE MAR 1    625                       489    136      628
  SINCE JUL 1   3398                      3002    396     2914

 COOLING
  YESTERDAY        0                         2     -2        0
  MONTH TO DATE   28                        28      0       44
  SINCE MAR 1     28                        42    -14       47
  SINCE JAN 1     28                        44    -16       52
..................................................................


WIND (MPH)
  HIGHEST WIND SPEED    10   HIGHEST WIND DIRECTION     E (80)
  HIGHEST GUST SPEED    18   HIGHEST GUST DIRECTION    NE (50)
  AVERAGE WIND SPEED     2.1


SKY COVER
  POSSIBLE SUNSHINE  MM
  AVERAGE SKY COVER 0.4


WEATHER CONDITIONS
 THE FOLLOWING WEATHER WAS RECORDED YESTERDAY.
  NO SIGNIFICANT WEATHER WAS OBSERVED.


RELATIVE HUMIDITY (PERCENT)
 HIGHEST    89           100 AM
 LOWEST     32           300 PM
 AVERAGE    61

..........................................................


THE LITTLE ROCK ADAMS FIELD CLIMATE NORMALS FOR TODAY
                         NORMAL    RECORD    YEAR
 MAXIMUM TEMPERATURE (F)   74        95      1987
 MINIMUM TEMPERATURE (F)   52        34      1983


SUNRISE AND SUNSET
APRIL 20 2014.........SUNRISE   631 AM CDT   SUNSET   745 PM CDT
APRIL 21 2014.........SUNRISE   630 AM CDT   SUNSET   746 PM CDT


-  INDICATES NEGATIVE NUMBERS.
R  INDICATES RECORD WAS SET OR TIED.
MM INDICATES DATA IS MISSING.
T  INDICATES TRACE AMOUNT.




$$
