000
CDUS44 KLZK 222103
CLILIT


CLIMATE REPORT
NATIONAL WEATHER SERVICE LITTLE ROCK AR
403 PM CDT THU JUN 22 2017


...................................

...THE LITTLE ROCK ADAMS FIELD CLIMATE SUMMARY FOR JUNE 22 2017...
VALID TODAY AS OF 0400 PM LOCAL TIME.

CLIMATE NORMAL PERIOD 1981 TO 2010
CLIMATE RECORD PERIOD 1874 TO 2017


WEATHER ITEM   OBSERVED TIME   RECORD YEAR NORMAL DEPARTURE LAST
                VALUE   (LST)  VALUE       VALUE  FROM      YEAR
                                                  NORMAL
..................................................................
TEMPERATURE (F)
 TODAY
  MAXIMUM         86   1154 AM 100    1988  90     -4       96
                                      1954
                                      1933
  MINIMUM         74    529 AM  54    1992  71      3       78
  AVERAGE         80                        81     -1       87

PRECIPITATION (IN)
  TODAY            0.17          2.09 1905   0.12   0.05     0.00
  MONTH TO DATE    2.06                      2.74  -0.68     1.41
  SINCE JUN 1      2.06                      2.74  -0.68     1.41
  SINCE JAN 1     27.88                     24.64   3.24    30.60

SNOWFALL (IN)
  TODAY            0.0          MM      MM   0.0    0.0      0.0
  MONTH TO DATE    0.0                       0.0    0.0      0.0
  SINCE JUN 1      0.0                       0.0    0.0      0.0
  SINCE JUL 1      0.2                       3.5   -3.3      5.7
  SNOW DEPTH       0

DEGREE DAYS
 HEATING
  TODAY            0                         0      0        0
  MONTH TO DATE    0                         0      0        0
  SINCE JUN 1      0                         0      0        0
  SINCE JUL 1   2294                      3052   -758     2191

 COOLING
  TODAY           15                        16     -1       22
  MONTH TO DATE  254                       294    -40      376
  SINCE JUN 1    254                       294    -40      376
  SINCE JAN 1    520                       575    -55      650
..................................................................


WIND (MPH)
  HIGHEST WIND SPEED    18   HIGHEST WIND DIRECTION    SE (150)
  HIGHEST GUST SPEED    26   HIGHEST GUST DIRECTION     S (160)
  AVERAGE WIND SPEED     9.3


SKY COVER
  POSSIBLE SUNSHINE  MM
  AVERAGE SKY COVER 1.0


WEATHER CONDITIONS
 THE FOLLOWING WEATHER WAS RECORDED TODAY.
  THUNDERSTORM
  RAIN
  LIGHT RAIN
  FOG


RELATIVE HUMIDITY (PERCENT)
 HIGHEST   100          1200 AM
 LOWEST     91          1000 AM
 AVERAGE    96

..........................................................


THE LITTLE ROCK ADAMS FIELD CLIMATE NORMALS FOR TOMORROW
                         NORMAL    RECORD    YEAR
 MAXIMUM TEMPERATURE (F)   91       101      1988
 MINIMUM TEMPERATURE (F)   71        57      1902


SUNRISE AND SUNSET
JUNE 22 2017..........SUNRISE   556 AM CDT   SUNSET   826 PM CDT
JUNE 23 2017..........SUNRISE   557 AM CDT   SUNSET   826 PM CDT


-  INDICATES NEGATIVE NUMBERS.
R  INDICATES RECORD WAS SET OR TIED.
MM INDICATES DATA IS MISSING.
T  INDICATES TRACE AMOUNT.




$$
