000
CDUS45 KPIH 140728
CLILLJ


CLIMATE REPORT
NATIONAL WEATHER SERVICE POCATELLO ID
128 AM MDT MON JUL 14 2014


...................................

...THE CHALLIS ID CLIMATE SUMMARY FOR JULY 13 2014...

CLIMATE NORMAL PERIOD 1981 TO 2010
CLIMATE RECORD PERIOD 1898 TO 2014


WEATHER ITEM   OBSERVED TIME   RECORD YEAR NORMAL DEPARTURE LAST
                VALUE   (LST)  VALUE       VALUE  FROM      YEAR
                                                  NORMAL
..................................................................
TEMPERATURE (F)
 YESTERDAY
  MAXIMUM         95    426 PM 101    2002  86      9       88
  MINIMUM         56    552 AM  35    1943  52      4       49
  AVERAGE         76                        69      7       69

PRECIPITATION (IN)
  YESTERDAY        0.00          0.40 1929   0.03  -0.03     0.00
  MONTH TO DATE    T                         0.39  -0.39     0.28
  SINCE OCT 1      3.81                      8.09  -4.28     4.09
  SINCE JAN 1      3.08                      6.16  -3.08     2.02

SNOWFALL (IN)
  YESTERDAY       MM
  MONTH TO DATE   MM
  SINCE JUN 1     MM
  SINCE JUL 1     MM
  SNOW DEPTH      MM

DEGREE DAYS
 HEATING
  YESTERDAY        0                         1     -1        0
  MONTH TO DATE    0                        17    -17        0
  SINCE JUN 1    166                       182    -16      121
  SINCE JUL 1      0                        17    -17        0

 COOLING
  YESTERDAY       11                         4      7        4
  MONTH TO DATE  114                        41     73       96
  SINCE JUN 1    120                        63     57      159
  SINCE JAN 1    120                        65     55      161
..................................................................


WIND (MPH)
  HIGHEST WIND SPEED    10   HIGHEST WIND DIRECTION    NW (310)
  HIGHEST GUST SPEED    13   HIGHEST GUST DIRECTION    NW (320)
  AVERAGE WIND SPEED     3.9


SKY COVER
  POSSIBLE SUNSHINE  MM
  AVERAGE SKY COVER 0.0


WEATHER CONDITIONS
 THE FOLLOWING WEATHER WAS RECORDED YESTERDAY.
  NO SIGNIFICANT WEATHER WAS OBSERVED.


RELATIVE HUMIDITY (PERCENT)
 HIGHEST    25          1100 PM
 LOWEST     10           600 PM
 AVERAGE    18

..........................................................


THE CHALLIS ID CLIMATE NORMALS FOR TODAY
                         NORMAL    RECORD    YEAR
 MAXIMUM TEMPERATURE (F)   86       100      2002
 MINIMUM TEMPERATURE (F)   52        33      1993


SUNRISE AND SUNSET
JULY 14 2014..........SUNRISE   605 AM MDT   SUNSET   920 PM MDT
JULY 15 2014..........SUNRISE   606 AM MDT   SUNSET   919 PM MDT


-  INDICATES NEGATIVE NUMBERS.
R  INDICATES RECORD WAS SET OR TIED.
MM INDICATES DATA IS MISSING.
T  INDICATES TRACE AMOUNT.




$$
