000
CDUS45 KPIH 120748
CLILLJ


CLIMATE REPORT
NATIONAL WEATHER SERVICE POCATELLO ID
1247 AM MST FRI FEB 12 2016


...................................

...THE CHALLIS ID CLIMATE SUMMARY FOR FEBRUARY 11 2016...

CLIMATE NORMAL PERIOD 1981 TO 2010
CLIMATE RECORD PERIOD 1898 TO 2016


WEATHER ITEM   OBSERVED TIME   RECORD YEAR NORMAL DEPARTURE LAST
                VALUE   (LST)  VALUE       VALUE  FROM      YEAR
                                                  NORMAL
..................................................................
TEMPERATURE (F)
 YESTERDAY
  MAXIMUM         34    308 PM  56    1990  34      0       45
  MINIMUM         10    758 AM -20    1895  13     -3       26
  AVERAGE         22                        23     -1       36

PRECIPITATION (IN)
  YESTERDAY        T             0.42 1926   0.02  -0.02     0.00
  MONTH TO DATE    T                         0.25  -0.25     0.45
  SINCE OCT 1      2.90                      2.69   0.21     2.36
  SINCE JAN 1      0.56                      0.76  -0.20     0.57

SNOWFALL (IN)
  YESTERDAY       MM
  MONTH TO DATE   MM
  SINCE DEC 1     MM
  SINCE JUL 1     MM
  SNOW DEPTH      MM

DEGREE DAYS
 HEATING
  YESTERDAY       43                        42      1       29
  MONTH TO DATE  546                       473     73      299
  SINCE DEC 1   3518                      3352    166     2770
  SINCE JUL 1   5384                      5395    -11     4604

 COOLING
  YESTERDAY        0                         0      0        0
  MONTH TO DATE    0                         0      0        0
  SINCE DEC 1      0                         0      0        0
  SINCE JAN 1      0                         0      0        0
..................................................................


WIND (MPH)
  HIGHEST WIND SPEED     7   HIGHEST WIND DIRECTION     N (360)
  HIGHEST GUST SPEED     8   HIGHEST GUST DIRECTION     S (170)
  AVERAGE WIND SPEED     1.6


SKY COVER
  POSSIBLE SUNSHINE  MM
  AVERAGE SKY COVER 0.7


WEATHER CONDITIONS
 THE FOLLOWING WEATHER WAS RECORDED YESTERDAY.
  NO SIGNIFICANT WEATHER WAS OBSERVED.


RELATIVE HUMIDITY (PERCENT)
 HIGHEST    92          1200 AM
 LOWEST     69           200 PM
 AVERAGE    81

..........................................................


THE CHALLIS ID CLIMATE NORMALS FOR TODAY
                         NORMAL    RECORD    YEAR
 MAXIMUM TEMPERATURE (F)   34        54      1977
 MINIMUM TEMPERATURE (F)   13       -14      1895


SUNRISE AND SUNSET
FEBRUARY 12 2016......SUNRISE   742 AM MST   SUNSET   601 PM MST
FEBRUARY 13 2016......SUNRISE   740 AM MST   SUNSET   602 PM MST


-  INDICATES NEGATIVE NUMBERS.
R  INDICATES RECORD WAS SET OR TIED.
MM INDICATES DATA IS MISSING.
T  INDICATES TRACE AMOUNT.




$$
