000
CDUS45 KPIH 022322
CLILLJ


CLIMATE REPORT
NATIONAL WEATHER SERVICE POCATELLO ID
521 PM MDT SUN AUG 2 2015


...................................

...THE CHALLIS ID CLIMATE SUMMARY FOR AUGUST 2 2015...
VALID TODAY AS OF 0500 PM LOCAL TIME.

CLIMATE NORMAL PERIOD 1981 TO 2010
CLIMATE RECORD PERIOD 1898 TO 2015


WEATHER ITEM   OBSERVED TIME   RECORD YEAR NORMAL DEPARTURE LAST
                VALUE   (LST)  VALUE       VALUE  FROM      YEAR
                                                  NORMAL
..................................................................
TEMPERATURE (F)
 TODAY
  MAXIMUM         96    336 PM  97    2000  88      8       86
                                      1949
  MINIMUM         54    609 AM  37    1937  51      3       54
  AVERAGE         75                        70      5       70

PRECIPITATION (IN)
  TODAY            0.00          0.43 2004   0.03  -0.03     0.00
  MONTH TO DATE    0.00                      0.05  -0.05     0.07
  SINCE OCT 1      5.28                      8.58  -3.30     3.92
  SINCE JAN 1      3.49                      6.65  -3.16     3.19

SNOWFALL (IN)
  TODAY           MM
  MONTH TO DATE   MM
  SINCE JUN 1     MM
  SINCE JUL 1     MM
  SNOW DEPTH      MM

DEGREE DAYS
 HEATING
  TODAY            0                         0      0        0
  MONTH TO DATE    0                         0      0        0
  SINCE JUN 1     80                       186   -106      167
  SINCE JUL 1     33                        21     12        1

 COOLING
  TODAY           10                         5      5        5
  MONTH TO DATE   17                        10      7       12
  SINCE JUN 1    216                       164     52      247
  SINCE JAN 1    219                       166     53      247
..................................................................


WIND (MPH)
  HIGHEST WIND SPEED     7   HIGHEST WIND DIRECTION    SE (140)
  HIGHEST GUST SPEED    10   HIGHEST GUST DIRECTION     S (170)
  AVERAGE WIND SPEED     2.1


SKY COVER
  POSSIBLE SUNSHINE  MM
  AVERAGE SKY COVER 0.0


WEATHER CONDITIONS
 THE FOLLOWING WEATHER WAS RECORDED TODAY.
  NO SIGNIFICANT WEATHER WAS OBSERVED.


RELATIVE HUMIDITY (PERCENT)
 HIGHEST    55           600 AM
 LOWEST     10           300 PM
 AVERAGE    33

..........................................................


THE CHALLIS ID CLIMATE NORMALS FOR TOMORROW
                         NORMAL    RECORD    YEAR
 MAXIMUM TEMPERATURE (F)   88       100      1961
 MINIMUM TEMPERATURE (F)   51        39      1956


SUNRISE AND SUNSET
AUGUST  2 2015........SUNRISE   625 AM MDT   SUNSET   901 PM MDT
AUGUST  3 2015........SUNRISE   626 AM MDT   SUNSET   900 PM MDT


-  INDICATES NEGATIVE NUMBERS.
R  INDICATES RECORD WAS SET OR TIED.
MM INDICATES DATA IS MISSING.
T  INDICATES TRACE AMOUNT.




$$
