000
CDUS45 KPIH 252332
CLILLJ


CLIMATE REPORT
NATIONAL WEATHER SERVICE POCATELLO ID
524 PM MDT SAT OCT 25 2014


...................................

...THE CHALLIS ID CLIMATE SUMMARY FOR OCTOBER 25 2014...
VALID TODAY AS OF 0500 PM LOCAL TIME.

CLIMATE NORMAL PERIOD 1981 TO 2010
CLIMATE RECORD PERIOD 1898 TO 2014


WEATHER ITEM   OBSERVED TIME   RECORD YEAR NORMAL DEPARTURE LAST
                VALUE   (LST)  VALUE       VALUE  FROM      YEAR
                                                  NORMAL
..................................................................
TEMPERATURE (F)
 TODAY
  MAXIMUM         67    358 PM  77    1937  54     13       64
  MINIMUM         27    717 AM  11    1919  27      0       27
  AVERAGE         47                        41      6       46

PRECIPITATION (IN)
  TODAY            0.00          0.22 1975   0.03  -0.03     0.00
  MONTH TO DATE    0.27                      0.52  -0.25     0.25
  SINCE OCT 1      0.27                      0.52  -0.25     0.25
  SINCE JAN 1      6.20                      8.65  -2.45     4.45

SNOWFALL (IN)
  TODAY           MM
  MONTH TO DATE   MM
  SINCE SEP 1     MM
  SINCE JUL 1     MM
  SNOW DEPTH      MM

DEGREE DAYS
 HEATING
  TODAY           18                        24     -6       19
  MONTH TO DATE  368                       490   -122      562
  SINCE SEP 1    520                       766   -246      780
  SINCE JUL 1    588                       839   -251      786

 COOLING
  TODAY            0                         0      0        0
  MONTH TO DATE    0                         0      0        0
  SINCE SEP 1      5                         6     -1       30
  SINCE JAN 1    310                       248     62      420
..................................................................


WIND (MPH)
  HIGHEST WIND SPEED    18   HIGHEST WIND DIRECTION     S (180)
  HIGHEST GUST SPEED    25   HIGHEST GUST DIRECTION     S (180)
  AVERAGE WIND SPEED     3.2


SKY COVER
  POSSIBLE SUNSHINE  MM
  AVERAGE SKY COVER 0.0


WEATHER CONDITIONS
 THE FOLLOWING WEATHER WAS RECORDED TODAY.
  FOG


RELATIVE HUMIDITY (PERCENT)
 HIGHEST   100           400 AM
 LOWEST     22           300 PM
 AVERAGE    61

..........................................................


THE CHALLIS ID CLIMATE NORMALS FOR TOMORROW
                         NORMAL    RECORD    YEAR
 MAXIMUM TEMPERATURE (F)   54        74      1999
 MINIMUM TEMPERATURE (F)   27        14      2012


SUNRISE AND SUNSET
OCTOBER 25 2014.......SUNRISE   805 AM MDT   SUNSET   636 PM MDT
OCTOBER 26 2014.......SUNRISE   806 AM MDT   SUNSET   635 PM MDT


-  INDICATES NEGATIVE NUMBERS.
R  INDICATES RECORD WAS SET OR TIED.
MM INDICATES DATA IS MISSING.
T  INDICATES TRACE AMOUNT.




$$
