000
CDUS45 KPIH 232321
CLILLJ


CLIMATE REPORT
NATIONAL WEATHER SERVICE POCATELLO ID
520 PM MDT SAT MAY 23 2015


...................................

...THE CHALLIS ID CLIMATE SUMMARY FOR MAY 23 2015...
VALID TODAY AS OF 0500 PM LOCAL TIME.

CLIMATE NORMAL PERIOD 1981 TO 2010
CLIMATE RECORD PERIOD 1898 TO 2015


WEATHER ITEM   OBSERVED TIME   RECORD YEAR NORMAL DEPARTURE LAST
                VALUE   (LST)  VALUE       VALUE  FROM      YEAR
                                                  NORMAL
..................................................................
TEMPERATURE (F)
 TODAY
  MAXIMUM         69    234 PM  87    1967  68      1       83
  MINIMUM         45    133 AM  20    1916  40      5       40
  AVERAGE         57                        54      3       62

PRECIPITATION (IN)
  TODAY            0.00          0.44 1945   0.06  -0.06     0.00
  MONTH TO DATE    0.61                      1.02  -0.41     0.11
  SINCE OCT 1      3.65                      5.61  -1.96     3.48
  SINCE JAN 1      1.86                      3.68  -1.82     2.75

SNOWFALL (IN)
  TODAY           MM
  MONTH TO DATE   MM
  SINCE MAR 1     MM
  SINCE JUL 1     MM
  SNOW DEPTH      MM

DEGREE DAYS
 HEATING
  TODAY            8                        11     -3        3
  MONTH TO DATE  279                       325    -46      296
  SINCE MAR 1   1603                      1867   -264     1784
  SINCE JUL 1   6741                      7916  -1175     7533

 COOLING
  TODAY            0                         0      0        0
  MONTH TO DATE    0                         0      0        0
  SINCE MAR 1      0                         0      0        0
  SINCE JAN 1      0                         0      0        0
..................................................................


WIND (MPH)
  HIGHEST WIND SPEED    20   HIGHEST WIND DIRECTION    NE (60)
  HIGHEST GUST SPEED    29   HIGHEST GUST DIRECTION     E (70)
  AVERAGE WIND SPEED     6.0


SKY COVER
  POSSIBLE SUNSHINE  MM
  AVERAGE SKY COVER 0.6


WEATHER CONDITIONS
 THE FOLLOWING WEATHER WAS RECORDED TODAY.
  NO SIGNIFICANT WEATHER WAS OBSERVED.


RELATIVE HUMIDITY (PERCENT)
 HIGHEST    86           500 AM
 LOWEST     32           200 PM
 AVERAGE    59

..........................................................


THE CHALLIS ID CLIMATE NORMALS FOR TOMORROW
                         NORMAL    RECORD    YEAR
 MAXIMUM TEMPERATURE (F)   69        87      2001
                                             1969
 MINIMUM TEMPERATURE (F)   40        28      1944


SUNRISE AND SUNSET
MAY 23 2015...........SUNRISE   602 AM MDT   SUNSET   906 PM MDT
MAY 24 2015...........SUNRISE   601 AM MDT   SUNSET   907 PM MDT


-  INDICATES NEGATIVE NUMBERS.
R  INDICATES RECORD WAS SET OR TIED.
MM INDICATES DATA IS MISSING.
T  INDICATES TRACE AMOUNT.




$$
