000
CDUS45 KPIH 170730
CLILLJ


CLIMATE REPORT
NATIONAL WEATHER SERVICE POCATELLO ID
128 AM MDT WED SEP 17 2014


...................................

...THE CHALLIS ID CLIMATE SUMMARY FOR SEPTEMBER 16 2014...

CLIMATE NORMAL PERIOD 1981 TO 2010
CLIMATE RECORD PERIOD 1898 TO 2014


WEATHER ITEM   OBSERVED TIME   RECORD YEAR NORMAL DEPARTURE LAST
                VALUE   (LST)  VALUE       VALUE  FROM      YEAR
                                                  NORMAL
..................................................................
TEMPERATURE (F)
 YESTERDAY
  MAXIMUM         82    258 PM  89    1981  73      9       84
  MINIMUM         48    613 AM  23    1921  39      9       50
  AVERAGE         65                        56      9       67

PRECIPITATION (IN)
  YESTERDAY        T             0.38 1977   0.02  -0.02     0.01
  MONTH TO DATE    T                         0.42  -0.42     0.55
  SINCE OCT 1      5.55                      9.74  -4.19     5.13
  SINCE JAN 1      4.82                      7.81  -2.99     3.06

SNOWFALL (IN)
  YESTERDAY       MM
  MONTH TO DATE   MM
  SINCE SEP 1     MM
  SINCE JUL 1     MM
  SNOW DEPTH      MM

DEGREE DAYS
 HEATING
  YESTERDAY        0                         9     -9        0
  MONTH TO DATE   85                       109    -24       13
  SINCE SEP 1     85                       109    -24       13
  SINCE JUL 1    153                       182    -29       19

 COOLING
  YESTERDAY        0                         0      0        2
  MONTH TO DATE    0                         4     -4       30
  SINCE SEP 1      0                         4     -4       30
  SINCE JAN 1    305                       246     59      420
..................................................................


WIND (MPH)
  HIGHEST WIND SPEED    10   HIGHEST WIND DIRECTION     E (80)
  HIGHEST GUST SPEED    13   HIGHEST GUST DIRECTION    NW (300)
  AVERAGE WIND SPEED     3.4


SKY COVER
  POSSIBLE SUNSHINE  MM
  AVERAGE SKY COVER 0.2


WEATHER CONDITIONS
 THE FOLLOWING WEATHER WAS RECORDED YESTERDAY.
  NO SIGNIFICANT WEATHER WAS OBSERVED.


RELATIVE HUMIDITY (PERCENT)
 HIGHEST    72          1000 PM
 LOWEST     23           300 PM
 AVERAGE    48

..........................................................


THE CHALLIS ID CLIMATE NORMALS FOR TODAY
                         NORMAL    RECORD    YEAR
 MAXIMUM TEMPERATURE (F)   72        90      1929
 MINIMUM TEMPERATURE (F)   39        20      1965


SUNRISE AND SUNSET
SEPTEMBER 17 2014.....SUNRISE   718 AM MDT   SUNSET   744 PM MDT
SEPTEMBER 18 2014.....SUNRISE   719 AM MDT   SUNSET   742 PM MDT


-  INDICATES NEGATIVE NUMBERS.
R  INDICATES RECORD WAS SET OR TIED.
MM INDICATES DATA IS MISSING.
T  INDICATES TRACE AMOUNT.




$$
