000
CDUS45 KPIH 210738
CLILLJ


CLIMATE REPORT
NATIONAL WEATHER SERVICE POCATELLO ID
1237 AM MST TUE NOV 21 2017


...................................

...THE CHALLIS ID CLIMATE SUMMARY FOR NOVEMBER 20 2017...

CLIMATE NORMAL PERIOD 1981 TO 2010
CLIMATE RECORD PERIOD 1898 TO 2017


WEATHER ITEM   OBSERVED TIME   RECORD YEAR NORMAL DEPARTURE LAST
                VALUE   (LST)  VALUE       VALUE  FROM      YEAR
                                                  NORMAL
..................................................................
TEMPERATURE (F)
 YESTERDAY
  MAXIMUM         50    218 PM  55    1966  37     13       48
  MINIMUM         24    110 AM  -1    1977  18      6       26
  AVERAGE         37                        28      9       37

PRECIPITATION (IN)
  YESTERDAY        T             0.30 1895   0.02  -0.02      T
  MONTH TO DATE    0.35                      0.36  -0.01     0.08
  SINCE OCT 1      0.63                      1.03  -0.40     1.96
  SINCE JAN 1      7.71                      9.16  -1.45     5.94

SNOWFALL (IN)
  YESTERDAY       MM
  MONTH TO DATE   MM
  SINCE SEP 1     MM
  SINCE JUL 1     MM
  SNOW DEPTH      MM

DEGREE DAYS
 HEATING
  YESTERDAY       28                        37     -9       28
  MONTH TO DATE  588                       644    -56      517
  SINCE SEP 1   1615                      1565     50     1380
  SINCE JUL 1   1619                      1638    -19     1442

 COOLING
  YESTERDAY        0                         0      0        0
  MONTH TO DATE    0                         0      0        0
  SINCE SEP 1     37                         6     31        4
  SINCE JAN 1    378                       248    130      277
..................................................................


WIND (MPH)
  HIGHEST WIND SPEED    20   HIGHEST WIND DIRECTION     S (160)
  HIGHEST GUST SPEED    25   HIGHEST GUST DIRECTION     S (170)
  AVERAGE WIND SPEED     3.9


SKY COVER
  POSSIBLE SUNSHINE  MM
  AVERAGE SKY COVER 0.7


WEATHER CONDITIONS
 THE FOLLOWING WEATHER WAS RECORDED YESTERDAY.
  LIGHT RAIN


RELATIVE HUMIDITY (PERCENT)
 HIGHEST    92          1100 PM
 LOWEST     59          1200 PM
 AVERAGE    76

..........................................................


THE CHALLIS ID CLIMATE NORMALS FOR TODAY
                         NORMAL    RECORD    YEAR
 MAXIMUM TEMPERATURE (F)   36        58      1989
 MINIMUM TEMPERATURE (F)   18        -3      2015


SUNRISE AND SUNSET
NOVEMBER 21 2017......SUNRISE   741 AM MST   SUNSET   504 PM MST
NOVEMBER 22 2017......SUNRISE   743 AM MST   SUNSET   503 PM MST


-  INDICATES NEGATIVE NUMBERS.
R  INDICATES RECORD WAS SET OR TIED.
MM INDICATES DATA IS MISSING.
T  INDICATES TRACE AMOUNT.




$$
