000
CDUS46 KMFR 290838
CLILMT


CLIMATE REPORT
NATIONAL WEATHER SERVICE MEDFORD, OR
137 AM PDT FRI JUL 29 2016


...................................

...THE KLAMATH FALLS OR CLIMATE SUMMARY FOR JULY 28 2016...

CLIMATE NORMAL PERIOD 1981 TO 2010
CLIMATE RECORD PERIOD 1928 TO 2016


WEATHER ITEM   OBSERVED TIME   RECORD YEAR NORMAL DEPARTURE LAST
                VALUE   (LST)  VALUE       VALUE  FROM      YEAR
                                                  NORMAL
..................................................................
TEMPERATURE (F)
 YESTERDAY
  MAXIMUM         97R   450 PM  97    1968  86     11       84
  MINIMUM         55    454 AM  40    2001  49      6       45
  AVERAGE         76                        67      9       65

PRECIPITATION (IN)
  YESTERDAY        0.00          0.27 1947   0.01  -0.01     0.00
  MONTH TO DATE    0.42                      0.46  -0.04     0.52
  SINCE OCT 1     11.64                     13.98  -2.34    12.40
  SINCE JAN 1      7.11                      9.29  -2.18     5.94

SNOWFALL (IN)
  YESTERDAY       MM                        MM     MM       MM
  MONTH TO DATE   MM                        MM     MM       MM
  SINCE JUL 1     MM                        MM     MM       MM
  SNOW DEPTH      MM

DEGREE DAYS
 HEATING
  YESTERDAY        0                         1     -1        0
  MONTH TO DATE   72                        44     28       18
  SINCE JUN 1    240                       261    -21       70
  SINCE JUL 1     72                        44     28       18

 COOLING
  YESTERDAY       11                         3      8        0
  MONTH TO DATE   51                        69    -18      103
  SINCE JUN 1    100                        80     20      194
  SINCE JAN 1    100                        81     19      197
..................................................................


WIND (MPH)
  HIGHEST WIND SPEED    16   HIGHEST WIND DIRECTION     N (340)
  HIGHEST GUST SPEED    19   HIGHEST GUST DIRECTION     N (340)
  AVERAGE WIND SPEED     5.3


SKY COVER
  POSSIBLE SUNSHINE  MM
  AVERAGE SKY COVER 0.0


WEATHER CONDITIONS
 THE FOLLOWING WEATHER WAS RECORDED YESTERDAY.
  HAZE


RELATIVE HUMIDITY (PERCENT)
 HIGHEST    86           400 AM
 LOWEST     12           200 PM

..........................................................


THE KLAMATH FALLS OR CLIMATE NORMALS FOR TODAY
                         NORMAL    RECORD    YEAR
 MAXIMUM TEMPERATURE (F)   86        96      2009
                                             2003
 MINIMUM TEMPERATURE (F)   49        37      1950


SUNRISE AND SUNSET
JULY 29 2016..........SUNRISE   558 AM PDT   SUNSET   828 PM PDT
JULY 30 2016..........SUNRISE   559 AM PDT   SUNSET   827 PM PDT


-  INDICATES NEGATIVE NUMBERS.
R  INDICATES RECORD WAS SET OR TIED.
MM INDICATES DATA IS MISSING.
T  INDICATES TRACE AMOUNT.




$$
