000
CDUS46 KMFR 210837
CLILMT


CLIMATE REPORT
NATIONAL WEATHER SERVICE MEDFORD, OR
137 AM PDT THU AUG 21 2014


...................................

...THE KLAMATH FALLS OR CLIMATE SUMMARY FOR AUGUST 20 2014...

CLIMATE NORMAL PERIOD 1981 TO 2010
CLIMATE RECORD PERIOD 1928 TO 2014


WEATHER ITEM   OBSERVED TIME   RECORD YEAR NORMAL DEPARTURE LAST
                VALUE   (LST)  VALUE       VALUE  FROM      YEAR
                                                  NORMAL
..................................................................
TEMPERATURE (F)
 YESTERDAY
  MAXIMUM         81    210 PM  94    2009  83     -2       89
  MINIMUM         47    455 AM  34    1974  46      1       49
  AVERAGE         64                        64      0       69

PRECIPITATION (IN)
  YESTERDAY        0.00          1.34 1959   0.01  -0.01     0.00
  MONTH TO DATE    0.92                      0.24   0.68     0.05
  SINCE SEP 1      8.25                     14.77  -6.52     8.26
  SINCE JAN 1      7.51                      9.55  -2.04     4.60

SNOWFALL (IN)
  YESTERDAY       MM                        MM     MM       MM
  MONTH TO DATE   MM                        MM     MM       MM
  SINCE JUL 1     MM                        MM     MM       MM
  SNOW DEPTH      MM

DEGREE DAYS
 HEATING
  YESTERDAY        1                         2     -1        0
  MONTH TO DATE    8                        33    -25       35
  SINCE JUN 1    193                       300   -107      214
  SINCE JUL 1     18                        83    -65       36

 COOLING
  YESTERDAY        0                         2     -2        4
  MONTH TO DATE   83                        52     31       41
  SINCE JUN 1    311                       145    166      259
  SINCE JAN 1    311                       146    165      259
..................................................................


WIND (MPH)
  HIGHEST WIND SPEED    22   HIGHEST WIND DIRECTION    NW (330)
  HIGHEST GUST SPEED    29   HIGHEST GUST DIRECTION     N (340)
  AVERAGE WIND SPEED     7.0


SKY COVER
  POSSIBLE SUNSHINE  MM
  AVERAGE SKY COVER 0.0


WEATHER CONDITIONS
 THE FOLLOWING WEATHER WAS RECORDED YESTERDAY.
  NO SIGNIFICANT WEATHER WAS OBSERVED.


RELATIVE HUMIDITY (PERCENT)
 HIGHEST    93           400 AM
 LOWEST     28           100 PM

..........................................................


THE KLAMATH FALLS OR CLIMATE NORMALS FOR TODAY
                         NORMAL    RECORD    YEAR
 MAXIMUM TEMPERATURE (F)   82        93      1950
 MINIMUM TEMPERATURE (F)   46        33      2002


SUNRISE AND SUNSET
AUGUST 21 2014........SUNRISE   621 AM PDT   SUNSET   758 PM PDT
AUGUST 22 2014........SUNRISE   622 AM PDT   SUNSET   757 PM PDT


-  INDICATES NEGATIVE NUMBERS.
R  INDICATES RECORD WAS SET OR TIED.
MM INDICATES DATA IS MISSING.
T  INDICATES TRACE AMOUNT.




$$
