000
CDUS46 KMFR 280037
CLILMT


CLIMATE REPORT
NATIONAL WEATHER SERVICE MEDFORD, OR
537 PM PDT MON JUL 27 2015


...................................

...THE KLAMATH FALLS OR CLIMATE SUMMARY FOR JULY 27 2015...
VALID TODAY AS OF 0500 PM LOCAL TIME.

CLIMATE NORMAL PERIOD 1981 TO 2010
CLIMATE RECORD PERIOD 1928 TO 2015


WEATHER ITEM   OBSERVED TIME   RECORD YEAR NORMAL DEPARTURE LAST
                VALUE   (LST)  VALUE       VALUE  FROM      YEAR
                                                  NORMAL
..................................................................
TEMPERATURE (F)
 TODAY
  MAXIMUM         75    359 PM  96    1998  86    -11       89
  MINIMUM         40R   511 AM  40    1987  49     -9       52
  AVERAGE         58                        67     -9       71

PRECIPITATION (IN)
  TODAY            0.00          0.33 1947   0.01  -0.01     0.00
  MONTH TO DATE    0.52                      0.45   0.07     0.09
  SINCE OCT 1     12.40                     13.97  -1.57     7.22
  SINCE JAN 1      5.94                      9.28  -3.34     6.59

SNOWFALL (IN)
  TODAY           MM                        MM     MM       MM
  MONTH TO DATE   MM                        MM     MM       MM
  SINCE JUL 1     MM                        MM     MM       MM
  SNOW DEPTH      MM

DEGREE DAYS
 HEATING
  TODAY            7                         1      6        0
  MONTH TO DATE   18                        43    -25       10
  SINCE JUN 1     70                       260   -190      185
  SINCE JUL 1     18                        43    -25       10

 COOLING
  TODAY            0                         3     -3        6
  MONTH TO DATE  103                        66     37      192
  SINCE JUN 1    194                        77    117      199
  SINCE JAN 1    197                        78    119      199
..................................................................


WIND (MPH)
  HIGHEST WIND SPEED    14   HIGHEST WIND DIRECTION    NW (310)
  HIGHEST GUST SPEED    19   HIGHEST GUST DIRECTION     W (270)
  AVERAGE WIND SPEED     4.7


SKY COVER
  POSSIBLE SUNSHINE  MM
  AVERAGE SKY COVER 0.0


WEATHER CONDITIONS
 THE FOLLOWING WEATHER WAS RECORDED TODAY.
  NO SIGNIFICANT WEATHER WAS OBSERVED.


RELATIVE HUMIDITY (PERCENT)
 HIGHEST    92           500 AM
 LOWEST     16           300 PM

..........................................................


THE KLAMATH FALLS OR CLIMATE NORMALS FOR TOMORROW
                         NORMAL    RECORD    YEAR
 MAXIMUM TEMPERATURE (F)   86        97      1968
 MINIMUM TEMPERATURE (F)   49        40      2001


SUNRISE AND SUNSET
JULY 27 2015..........SUNRISE   555 AM PDT   SUNSET   831 PM PDT
JULY 28 2015..........SUNRISE   556 AM PDT   SUNSET   830 PM PDT


-  INDICATES NEGATIVE NUMBERS.
R  INDICATES RECORD WAS SET OR TIED.
MM INDICATES DATA IS MISSING.
T  INDICATES TRACE AMOUNT.




$$
