000
CDUS46 KMFR 260039
CLILMT


CLIMATE REPORT
NATIONAL WEATHER SERVICE MEDFORD, OR
439 PM PST THU DEC 25 2014


...................................

...THE KLAMATH FALLS OR CLIMATE SUMMARY FOR DECEMBER 25 2014...
VALID TODAY AS OF 0400 PM LOCAL TIME.

CLIMATE NORMAL PERIOD 1981 TO 2010
CLIMATE RECORD PERIOD 1928 TO 2014


WEATHER ITEM   OBSERVED TIME   RECORD YEAR NORMAL DEPARTURE LAST
                VALUE   (LST)  VALUE       VALUE  FROM      YEAR
                                                  NORMAL
..................................................................
TEMPERATURE (F)
 TODAY
  MAXIMUM         MM        MM  57    1980  38     MM       40
  MINIMUM         37    804 AM  -1    1982  20     17       19
  AVERAGE         MM                        29     MM       30

PRECIPITATION (IN)
  TODAY            0.00          0.56 1964   0.05  -0.05     0.00
  MONTH TO DATE    3.21                      1.20   2.01     0.28
  SINCE SEP 1      7.38                      4.97   2.41     0.74
  SINCE JAN 1     14.89                     14.71   0.18     5.53

SNOWFALL (IN)
  TODAY           MM                        MM     MM       MM
  MONTH TO DATE   MM                        MM     MM       MM
  SINCE JUL 1     MM                        MM     MM        0.0
  SNOW DEPTH      MM

DEGREE DAYS
 HEATING
  TODAY           MM                        36     MM       35
  MONTH TO DATE  561                       886   -325     1091
  SINCE DEC 1    561                       886   -325     1091
  SINCE JUL 1   1951                      2688   -737     2827

 COOLING
  TODAY           MM                         0     MM        0
  MONTH TO DATE    0                         0      0        0
  SINCE DEC 1      0                         0      0        0
  SINCE JAN 1    327                       169    158      285
..................................................................


WIND (MPH)
  HIGHEST WIND SPEED    17   HIGHEST WIND DIRECTION    NW (320)
  HIGHEST GUST SPEED    22   HIGHEST GUST DIRECTION    NW (320)
  AVERAGE WIND SPEED     8.1


SKY COVER
  POSSIBLE SUNSHINE  MM
  AVERAGE SKY COVER 0.5


WEATHER CONDITIONS
 THE FOLLOWING WEATHER WAS RECORDED TODAY.
  NO SIGNIFICANT WEATHER WAS OBSERVED.


RELATIVE HUMIDITY (PERCENT)
 HIGHEST    54           100 AM
 LOWEST     18          1200 PM

..........................................................


THE KLAMATH FALLS OR CLIMATE NORMALS FOR TOMORROW
                         NORMAL    RECORD    YEAR
 MAXIMUM TEMPERATURE (F)   38        59      1980
 MINIMUM TEMPERATURE (F)   20       -10      1988


SUNRISE AND SUNSET
DECEMBER 25 2014......SUNRISE   734 AM PST   SUNSET   440 PM PST
DECEMBER 26 2014......SUNRISE   734 AM PST   SUNSET   441 PM PST


-  INDICATES NEGATIVE NUMBERS.
R  INDICATES RECORD WAS SET OR TIED.
MM INDICATES DATA IS MISSING.
T  INDICATES TRACE AMOUNT.




$$
