000
CDUS46 KMFR 270100
CLILMT


CLIMATE REPORT
NATIONAL WEATHER SERVICE MEDFORD, OR
559 PM PDT THU MAY 26 2016


...................................

...THE KLAMATH FALLS OR CLIMATE SUMMARY FOR MAY 26 2016...
VALID TODAY AS OF 0500 PM LOCAL TIME.

CLIMATE NORMAL PERIOD 1981 TO 2010
CLIMATE RECORD PERIOD 1928 TO 2016


WEATHER ITEM   OBSERVED TIME   RECORD YEAR NORMAL DEPARTURE LAST
                VALUE   (LST)  VALUE       VALUE  FROM      YEAR
                                                  NORMAL
..................................................................
TEMPERATURE (F)
 TODAY
  MAXIMUM         70    305 PM  88    1983  68      2       74
  MINIMUM         32    510 AM  29    1989  38     -6       36
  AVERAGE         51                        53     -2       55

PRECIPITATION (IN)
  TODAY            0.00          0.52 1971   0.02  -0.02     0.00
  MONTH TO DATE    0.81                      1.30  -0.49     1.45
  SINCE OCT 1     10.40                     12.40  -2.00    11.51
  SINCE JAN 1      5.87                      7.71  -1.84     5.05

SNOWFALL (IN)
  TODAY           MM                        MM     MM       MM
  MONTH TO DATE   MM                        MM     MM       MM
  SINCE JUL 1     MM                        MM     MM       MM
  SNOW DEPTH      MM

DEGREE DAYS
 HEATING
  TODAY           14                        12      2       10
  MONTH TO DATE  320                       381    -61      368
  SINCE MAR 1   1545                      1859   -314     1658
  SINCE JUL 1   6035                      6700   -665     5232

 COOLING
  TODAY            0                         0      0        0
  MONTH TO DATE    0                         0      0        0
  SINCE MAR 1      0                         0      0        0
  SINCE JAN 1      0                         0      0        0
..................................................................


WIND (MPH)
  HIGHEST WIND SPEED    17   HIGHEST WIND DIRECTION     W (270)
  HIGHEST GUST SPEED    23   HIGHEST GUST DIRECTION     W (280)
  AVERAGE WIND SPEED     4.8


SKY COVER
  POSSIBLE SUNSHINE  MM
  AVERAGE SKY COVER 0.1


WEATHER CONDITIONS
 THE FOLLOWING WEATHER WAS RECORDED TODAY.
  FOG
  FOG W/VISIBILITY <= 1/4 MILE


RELATIVE HUMIDITY (PERCENT)
 HIGHEST   100           400 AM
 LOWEST     26           400 PM

..........................................................


THE KLAMATH FALLS OR CLIMATE NORMALS FOR TOMORROW
                         NORMAL    RECORD    YEAR
 MAXIMUM TEMPERATURE (F)   68        90      1983
 MINIMUM TEMPERATURE (F)   39        28      1982


SUNRISE AND SUNSET
MAY 26 2016...........SUNRISE   536 AM PDT   SUNSET   832 PM PDT
MAY 27 2016...........SUNRISE   536 AM PDT   SUNSET   833 PM PDT


-  INDICATES NEGATIVE NUMBERS.
R  INDICATES RECORD WAS SET OR TIED.
MM INDICATES DATA IS MISSING.
T  INDICATES TRACE AMOUNT.




$$
