000
CDUS46 KMFR 300840
CLILMT


CLIMATE REPORT
NATIONAL WEATHER SERVICE MEDFORD, OR
140 AM PDT SUN AUG 30 2015


...................................

...THE KLAMATH FALLS OR CLIMATE SUMMARY FOR AUGUST 29 2015...

CLIMATE NORMAL PERIOD 1981 TO 2010
CLIMATE RECORD PERIOD 1928 TO 2015


WEATHER ITEM   OBSERVED TIME   RECORD YEAR NORMAL DEPARTURE LAST
                VALUE   (LST)  VALUE       VALUE  FROM      YEAR
                                                  NORMAL
..................................................................
TEMPERATURE (F)
 YESTERDAY
  MAXIMUM         76    255 PM  95    1996  80     -4       85
  MINIMUM         46   1145 PM  34    2010  44      2       49
                                      1964
  AVERAGE         61                        62     -1       67

PRECIPITATION (IN)
  YESTERDAY        T             0.50 1982   0.03  -0.03     0.00
  MONTH TO DATE    0.42                      0.38   0.04     0.92
  SINCE OCT 1     12.82                     14.38  -1.56     8.14
  SINCE JAN 1      6.36                      9.69  -3.33     7.51

SNOWFALL (IN)
  YESTERDAY       MM                        MM     MM       MM
  MONTH TO DATE   MM                        MM     MM       MM
  SINCE JUL 1     MM                        MM     MM       MM
  SNOW DEPTH      MM

DEGREE DAYS
 HEATING
  YESTERDAY        4                         4      0        0
  MONTH TO DATE   21                        60    -39       24
  SINCE JUN 1     91                       327   -236      209
  SINCE JUL 1     39                       110    -71       34

 COOLING
  YESTERDAY        0                         1     -1        2
  MONTH TO DATE   68                        61      7       93
  SINCE JUN 1    287                       154    133      321
  SINCE JAN 1    290                       155    135      321
..................................................................


WIND (MPH)
  HIGHEST WIND SPEED    31   HIGHEST WIND DIRECTION     S (180)
  HIGHEST GUST SPEED    41   HIGHEST GUST DIRECTION     S (180)
  AVERAGE WIND SPEED    14.6


SKY COVER
  POSSIBLE SUNSHINE  MM
  AVERAGE SKY COVER 0.3


WEATHER CONDITIONS
 THE FOLLOWING WEATHER WAS RECORDED YESTERDAY.
  NO SIGNIFICANT WEATHER WAS OBSERVED.


RELATIVE HUMIDITY (PERCENT)
 HIGHEST    77           700 AM
 LOWEST     21           200 PM

..........................................................


THE KLAMATH FALLS OR CLIMATE NORMALS FOR TODAY
                         NORMAL    RECORD    YEAR
 MAXIMUM TEMPERATURE (F)   80        93      1998
 MINIMUM TEMPERATURE (F)   44        34      2005


SUNRISE AND SUNSET
AUGUST 30 2015........SUNRISE   630 AM PDT   SUNSET   744 PM PDT
AUGUST 31 2015........SUNRISE   631 AM PDT   SUNSET   743 PM PDT


-  INDICATES NEGATIVE NUMBERS.
R  INDICATES RECORD WAS SET OR TIED.
MM INDICATES DATA IS MISSING.
T  INDICATES TRACE AMOUNT.




$$
