000
CDUS46 KMFR 290841
CLILMT


CLIMATE REPORT
NATIONAL WEATHER SERVICE MEDFORD, OR
141 AM PDT WED MAR 29 2017


...................................

...THE KLAMATH FALLS OR CLIMATE SUMMARY FOR MARCH 28 2017...

CLIMATE NORMAL PERIOD 1981 TO 2010
CLIMATE RECORD PERIOD 1928 TO 2017


WEATHER ITEM   OBSERVED TIME   RECORD YEAR NORMAL DEPARTURE LAST
                VALUE   (LST)  VALUE       VALUE  FROM      YEAR
                                                  NORMAL
..................................................................
TEMPERATURE (F)
 YESTERDAY
  MAXIMUM         54    349 PM  72    1966  52      2       49
  MINIMUM         30    330 AM  16    1988  27      3       27
  AVERAGE         42                        40      2       38

PRECIPITATION (IN)
  YESTERDAY        0.00          0.54 1960   0.05  -0.05     0.00
  MONTH TO DATE    1.58                      1.13   0.45     1.84
  SINCE OCT 1      9.55                      9.59  -0.04     8.90
  SINCE JAN 1      4.80                      4.90  -0.10     4.37

SNOWFALL (IN)
  YESTERDAY       MM                        MM     MM       MM
  MONTH TO DATE   MM                        MM     MM       MM
  SINCE JUL 1     MM                        MM     MM       MM
  SNOW DEPTH      MM

DEGREE DAYS
 HEATING
  YESTERDAY       23                        25     -2       27
  MONTH TO DATE  641                       747   -106      668
  SINCE MAR 1    641                       747   -106      668
  SINCE JUL 1   5479                      5588   -109     5158

 COOLING
  YESTERDAY        0                         0      0        0
  MONTH TO DATE    0                         0      0        0
  SINCE MAR 1      0                         0      0        0
  SINCE JAN 1      0                         0      0        0
..................................................................


WIND (MPH)
  HIGHEST WIND SPEED    14   HIGHEST WIND DIRECTION    NW (320)
  HIGHEST GUST SPEED    23   HIGHEST GUST DIRECTION    NW (330)
  AVERAGE WIND SPEED     4.1


SKY COVER
  POSSIBLE SUNSHINE  MM
  AVERAGE SKY COVER 0.5


WEATHER CONDITIONS
 THE FOLLOWING WEATHER WAS RECORDED YESTERDAY.
  NO SIGNIFICANT WEATHER WAS OBSERVED.


RELATIVE HUMIDITY (PERCENT)
 HIGHEST    92           400 AM
 LOWEST     41           400 PM

..........................................................


THE KLAMATH FALLS OR CLIMATE NORMALS FOR TODAY
                         NORMAL    RECORD    YEAR
 MAXIMUM TEMPERATURE (F)   53        74      1966
 MINIMUM TEMPERATURE (F)   27        14      2008


SUNRISE AND SUNSET
MARCH 29 2017.........SUNRISE   654 AM PDT   SUNSET   730 PM PDT
MARCH 30 2017.........SUNRISE   652 AM PDT   SUNSET   731 PM PDT


-  INDICATES NEGATIVE NUMBERS.
R  INDICATES RECORD WAS SET OR TIED.
MM INDICATES DATA IS MISSING.
T  INDICATES TRACE AMOUNT.




$$
