000
CDUS45 KRIW 240042
CLILND


CLIMATE REPORT
NATIONAL WEATHER SERVICE RIVERTON WY
636 PM MDT TUE SEP 23 2014


...................................

...THE LANDER WY CLIMATE SUMMARY FOR SEPTEMBER 23 2014...
VALID TODAY AS OF 0500 PM LOCAL TIME.

CLIMATE NORMAL PERIOD 1981 TO 2010
CLIMATE RECORD PERIOD 1891 TO 2014


WEATHER ITEM   OBSERVED TIME   RECORD YEAR NORMAL DEPARTURE LAST
                VALUE   (LST)  VALUE       VALUE  FROM      YEAR
                                                  NORMAL
..................................................................
TEMPERATURE (F)
 TODAY
  MAXIMUM         79        MM  89    1905  69     10       69
  MINIMUM         46        MM  19    1895  41      5       45
  AVERAGE         63                        55      8       57

PRECIPITATION (IN)
  TODAY            0.00          0.42 1891   0.04  -0.04     0.00
  MONTH TO DATE    0.18                      0.73  -0.55     2.20
  SINCE SEP 1      0.18                      0.73  -0.55     2.20
  SINCE JAN 1      7.20                      9.61  -2.41    10.06

SNOWFALL (IN)
  TODAY            0.0                       0.1   -0.1      0.0
  MONTH TO DATE    T                         1.5   -1.5      0.0
  SINCE SEP 1      T                         1.5   -1.5      0.0
  SINCE JUL 1      T                         1.5   -1.5      0.0
  SNOW DEPTH       0

DEGREE DAYS
 HEATING
  TODAY            2                        10     -8        8
  MONTH TO DATE  111                       135    -24       81
  SINCE SEP 1    111                       135    -24       81
  SINCE JUL 1    155                       175    -20       81

 COOLING
  TODAY            0                         0      0        0
  MONTH TO DATE   23                        26     -3       65
  SINCE SEP 1     23                        26     -3       65
  SINCE JAN 1    429                       471    -42      743
..................................................................


WIND (MPH)
  HIGHEST WIND SPEED     9   HIGHEST WIND DIRECTION     N (10)
  HIGHEST GUST SPEED    MM   HIGHEST GUST DIRECTION    MM
  AVERAGE WIND SPEED     4.5


SKY COVER
  POSSIBLE SUNSHINE  MM
  AVERAGE SKY COVER 0.1


WEATHER CONDITIONS
 THE FOLLOWING WEATHER WAS RECORDED TODAY.
  NO SIGNIFICANT WEATHER WAS OBSERVED.


RELATIVE HUMIDITY (PERCENT)
 HIGHEST    76           500 AM
 LOWEST     25           100 PM
 AVERAGE    51

..........................................................


THE LANDER WY CLIMATE NORMALS FOR TOMORROW
                         NORMAL    RECORD    YEAR
 MAXIMUM TEMPERATURE (F)   68        84      2011
                                             2001
 MINIMUM TEMPERATURE (F)   41        17      2000


SUNRISE AND SUNSET
SEPTEMBER 23 2014.....SUNRISE   703 AM MDT   SUNSET   710 PM MDT
SEPTEMBER 24 2014.....SUNRISE   704 AM MDT   SUNSET   709 PM MDT


-  INDICATES NEGATIVE NUMBERS.
R  INDICATES RECORD WAS SET OR TIED.
MM INDICATES DATA IS MISSING.
T  INDICATES TRACE AMOUNT.




$$
