000
CDUS45 KRIW 300733
CLILND


CLIMATE REPORT
NATIONAL WEATHER SERVICE RIVERTON WY
132 AM MDT TUE SEP 30 2014


...................................

...THE LANDER WY CLIMATE SUMMARY FOR SEPTEMBER 29 2014...

CLIMATE NORMAL PERIOD 1981 TO 2010
CLIMATE RECORD PERIOD 1891 TO 2014


WEATHER ITEM   OBSERVED TIME   RECORD YEAR NORMAL DEPARTURE LAST
                VALUE   (LST)  VALUE       VALUE  FROM      YEAR
                                                  NORMAL
..................................................................
TEMPERATURE (F)
 YESTERDAY
  MAXIMUM         65    252 PM  84    1969  66     -1       69
  MINIMUM         45   1135 PM  23    1985  39      6       37
  AVERAGE         55                        52      3       53

PRECIPITATION (IN)
  YESTERDAY        0.02          0.80 1905   0.05  -0.03     0.00
  MONTH TO DATE    1.79                      1.01   0.78     3.78
  SINCE SEP 1      1.79                      1.01   0.78     3.78
  SINCE JAN 1      8.81                      9.89  -1.08    11.64

SNOWFALL (IN)
  YESTERDAY        0.0                       0.2   -0.2      0.0
  MONTH TO DATE    T                         2.5   -2.5      4.1
  SINCE SEP 1      T                         2.5   -2.5      4.1
  SINCE JUL 1      T                         2.5   -2.5      4.1
  SNOW DEPTH       0

DEGREE DAYS
 HEATING
  YESTERDAY       10                        13     -3       12
  MONTH TO DATE  140                       206    -66      187
  SINCE SEP 1    140                       206    -66      187
  SINCE JUL 1    184                       246    -62      187

 COOLING
  YESTERDAY        0                         0      0        0
  MONTH TO DATE   39                        26     13       65
  SINCE SEP 1     39                        26     13       65
  SINCE JAN 1    445                       471    -26      743
..................................................................


WIND (MPH)
  HIGHEST WIND SPEED    21   HIGHEST WIND DIRECTION    SW (230)
  HIGHEST GUST SPEED    24   HIGHEST GUST DIRECTION    SW (220)
  AVERAGE WIND SPEED     5.6


SKY COVER
  POSSIBLE SUNSHINE  MM
  AVERAGE SKY COVER 0.4


WEATHER CONDITIONS
 THE FOLLOWING WEATHER WAS RECORDED YESTERDAY.
  LIGHT RAIN
  FOG


RELATIVE HUMIDITY (PERCENT)
 HIGHEST   100           200 AM
 LOWEST     31           400 PM
 AVERAGE    66

..........................................................


THE LANDER WY CLIMATE NORMALS FOR TODAY
                         NORMAL    RECORD    YEAR
 MAXIMUM TEMPERATURE (F)   65        86      1980
 MINIMUM TEMPERATURE (F)   38        20      1985


SUNRISE AND SUNSET
SEPTEMBER 30 2014.....SUNRISE   711 AM MDT   SUNSET   658 PM MDT
OCTOBER  1 2014.......SUNRISE   712 AM MDT   SUNSET   656 PM MDT


-  INDICATES NEGATIVE NUMBERS.
R  INDICATES RECORD WAS SET OR TIED.
MM INDICATES DATA IS MISSING.
T  INDICATES TRACE AMOUNT.




$$
