000
CDUS45 KRIW 200740
CLILND


CLIMATE REPORT
NATIONAL WEATHER SERVICE RIVERTON WY
136 AM MDT WED AUG 20 2014


...................................

...THE LANDER WY CLIMATE SUMMARY FOR AUGUST 19 2014...

CLIMATE NORMAL PERIOD 1981 TO 2010
CLIMATE RECORD PERIOD 1891 TO 2014


WEATHER ITEM   OBSERVED TIME   RECORD YEAR NORMAL DEPARTURE LAST
                VALUE   (LST)  VALUE       VALUE  FROM      YEAR
                                                  NORMAL
..................................................................
TEMPERATURE (F)
 YESTERDAY
  MAXIMUM         83    215 PM  96    2013  85     -2       96
  MINIMUM         53    506 AM  38    1912  54     -1       56
  AVERAGE         68                        69     -1       76

PRECIPITATION (IN)
  YESTERDAY        0.02          1.00 1979   0.01   0.01     0.00
  MONTH TO DATE    0.80                      0.41   0.39     0.01
  SINCE JUN 1      2.02                      2.46  -0.44     0.34
  SINCE JAN 1      6.21                      8.68  -2.47     7.86

SNOWFALL (IN)
  YESTERDAY        0.0                       0.0    0.0      0.0
  MONTH TO DATE    0.0                       0.0    0.0      0.0
  SINCE JUN 1      0.0                       0.1   -0.1      0.0
  SINCE JUL 1      0.0                       0.0    0.0      0.0
  SNOW DEPTH       0

DEGREE DAYS
 HEATING
  YESTERDAY        0                         1     -1        0
  MONTH TO DATE    0                         7     -7        0
  SINCE JUN 1    139                       149    -10       54
  SINCE JUL 1      3                        23    -20        0

 COOLING
  YESTERDAY        3                         5     -2       11
  MONTH TO DATE  109                       121    -12      153
  SINCE JUN 1    374                       393    -19      561
  SINCE JAN 1    392                       398     -6      570
..................................................................


WIND (MPH)
  HIGHEST WIND SPEED    22   HIGHEST WIND DIRECTION     W (260)
  HIGHEST GUST SPEED    30   HIGHEST GUST DIRECTION     W (260)
  AVERAGE WIND SPEED     5.6


SKY COVER
  POSSIBLE SUNSHINE  MM
  AVERAGE SKY COVER 0.2


WEATHER CONDITIONS
 THE FOLLOWING WEATHER WAS RECORDED YESTERDAY.
  NO SIGNIFICANT WEATHER WAS OBSERVED.


RELATIVE HUMIDITY (PERCENT)
 HIGHEST    55           500 AM
 LOWEST     20           300 PM
 AVERAGE    38

..........................................................


THE LANDER WY CLIMATE NORMALS FOR TODAY
                         NORMAL    RECORD    YEAR
 MAXIMUM TEMPERATURE (F)   84        94      2003
                                             1960
 MINIMUM TEMPERATURE (F)   54        38      1964


SUNRISE AND SUNSET
AUGUST 20 2014........SUNRISE   627 AM MDT   SUNSET   809 PM MDT
AUGUST 21 2014........SUNRISE   628 AM MDT   SUNSET   807 PM MDT


-  INDICATES NEGATIVE NUMBERS.
R  INDICATES RECORD WAS SET OR TIED.
MM INDICATES DATA IS MISSING.
T  INDICATES TRACE AMOUNT.




$$
