000
CDUS45 KRIW 170734
CLILND


CLIMATE REPORT
NATIONAL WEATHER SERVICE RIVERTON WY
1234 AM MST SAT FEB 17 2018


...................................

...THE LANDER WY CLIMATE SUMMARY FOR FEBRUARY 16 2018...

CLIMATE NORMAL PERIOD 1981 TO 2010
CLIMATE RECORD PERIOD 1891 TO 2018


WEATHER ITEM   OBSERVED TIME   RECORD YEAR NORMAL DEPARTURE LAST
                VALUE   (LST)  VALUE       VALUE  FROM      YEAR
                                                  NORMAL
..................................................................
TEMPERATURE (F)
 YESTERDAY
  MAXIMUM         32    400 PM  60    1996  37     -5       50
  MINIMUM          2    328 AM -30    1900  14    -12       24
  AVERAGE         17                        25     -8       37

PRECIPITATION (IN)
  YESTERDAY        0.00          0.22 2015   0.02  -0.02     0.00
  MONTH TO DATE    0.45                      0.29   0.16     0.13
  SINCE DEC 1      2.36                      1.28   1.08     2.30
  SINCE JAN 1      1.13                      0.70   0.43     1.40

SNOWFALL (IN)
  YESTERDAY        0.0                       0.4   -0.4      0.0
  MONTH TO DATE    5.4                       5.6   -0.2      3.4
  SINCE DEC 1     35.3                      23.3   12.0     30.8
  SINCE JUL 1     43.3                      48.9   -5.6     44.8
  SNOW DEPTH       2

DEGREE DAYS
 HEATING
  YESTERDAY       48                        40      8       28
  MONTH TO DATE  633                       665    -32      585
  SINCE DEC 1   3253                      3382   -129     3704
  SINCE JUL 1   4853                      5255   -402     5260

 COOLING
  YESTERDAY        0                         0      0        0
  MONTH TO DATE    0                         0      0        0
  SINCE DEC 1      0                         0      0        0
  SINCE JAN 1      0                         0      0        0
..................................................................


WIND (MPH)
  HIGHEST WIND SPEED    24   HIGHEST WIND DIRECTION     W (250)
  HIGHEST GUST SPEED    28   HIGHEST GUST DIRECTION     W (250)
  AVERAGE WIND SPEED     5.7


SKY COVER
  POSSIBLE SUNSHINE  MM
  AVERAGE SKY COVER 0.0


WEATHER CONDITIONS
 THE FOLLOWING WEATHER WAS RECORDED YESTERDAY.
  NO SIGNIFICANT WEATHER WAS OBSERVED.


RELATIVE HUMIDITY (PERCENT)
 HIGHEST    87           500 AM
 LOWEST     43           200 PM
 AVERAGE    65

..........................................................


THE LANDER WY CLIMATE NORMALS FOR TODAY
                         NORMAL    RECORD    YEAR
 MAXIMUM TEMPERATURE (F)   37        59      1996
 MINIMUM TEMPERATURE (F)   14       -24      1942


SUNRISE AND SUNSET
FEBRUARY 17 2018......SUNRISE   709 AM MST   SUNSET   549 PM MST
FEBRUARY 18 2018......SUNRISE   708 AM MST   SUNSET   551 PM MST


-  INDICATES NEGATIVE NUMBERS.
R  INDICATES RECORD WAS SET OR TIED.
MM INDICATES DATA IS MISSING.
T  INDICATES TRACE AMOUNT.




$$
