000
CDUS45 KRIW 250735
CLILND


CLIMATE REPORT
NATIONAL WEATHER SERVICE RIVERTON WY
1234 AM MST SAT FEB 25 2017


...................................

...THE LANDER WY CLIMATE SUMMARY FOR FEBRUARY 24 2017...

CLIMATE NORMAL PERIOD 1981 TO 2010
CLIMATE RECORD PERIOD 1891 TO 2017


WEATHER ITEM   OBSERVED TIME   RECORD YEAR NORMAL DEPARTURE LAST
                VALUE   (LST)  VALUE       VALUE  FROM      YEAR
                                                  NORMAL
..................................................................
TEMPERATURE (F)
 YESTERDAY
  MAXIMUM         23    347 PM  62    1954  40    -17       41
  MINIMUM          7    932 PM -20    1913  17    -10       18
  AVERAGE         15                        28    -13       30

PRECIPITATION (IN)
  YESTERDAY        0.08          0.75 1912   0.03   0.05     0.00
  MONTH TO DATE    1.09                      0.48   0.61     0.50
  SINCE DEC 1      3.26                      1.47   1.79     1.40
  SINCE JAN 1      2.36                      0.89   1.47     0.92

SNOWFALL (IN)
  YESTERDAY        1.7                       0.4    1.3      0.0
  MONTH TO DATE   19.6                       8.7   10.9      3.9
  SINCE DEC 1     47.0                      26.4   20.6     18.0
  SINCE JUL 1     61.0                      52.0    9.0     37.0
  SNOW DEPTH      11

DEGREE DAYS
 HEATING
  YESTERDAY       50                        37     13       35
  MONTH TO DATE  825                       970   -145      798
  SINCE DEC 1   3944                      3687    257     3517
  SINCE JUL 1   5500                      5560    -60     5029

 COOLING
  YESTERDAY        0                         0      0        0
  MONTH TO DATE    0                         0      0        0
  SINCE DEC 1      0                         0      0        0
  SINCE JAN 1      0                         0      0        0
..................................................................


WIND (MPH)
  HIGHEST WIND SPEED    12   HIGHEST WIND DIRECTION     W (250)
  HIGHEST GUST SPEED    13   HIGHEST GUST DIRECTION     W (250)
  AVERAGE WIND SPEED     2.5


SKY COVER
  POSSIBLE SUNSHINE  MM
  AVERAGE SKY COVER 0.6


WEATHER CONDITIONS
 THE FOLLOWING WEATHER WAS RECORDED YESTERDAY.
  LIGHT SNOW
  FOG


RELATIVE HUMIDITY (PERCENT)
 HIGHEST    92           100 AM
 LOWEST     71           400 PM
 AVERAGE    82

..........................................................


THE LANDER WY CLIMATE NORMALS FOR TODAY
                         NORMAL    RECORD    YEAR
 MAXIMUM TEMPERATURE (F)   40        64      1986
 MINIMUM TEMPERATURE (F)   17       -14      1935


SUNRISE AND SUNSET
FEBRUARY 25 2017......SUNRISE   657 AM MST   SUNSET   600 PM MST
FEBRUARY 26 2017......SUNRISE   655 AM MST   SUNSET   601 PM MST


-  INDICATES NEGATIVE NUMBERS.
R  INDICATES RECORD WAS SET OR TIED.
MM INDICATES DATA IS MISSING.
T  INDICATES TRACE AMOUNT.




$$
