000
CDUS45 KRIW 080035
CLILND


CLIMATE REPORT
NATIONAL WEATHER SERVICE RIVERTON WY
635 PM MDT TUE JUL 7 2015


...................................

...THE LANDER WY CLIMATE SUMMARY FOR JULY 7 2015...
VALID TODAY AS OF 0500 PM LOCAL TIME.

CLIMATE NORMAL PERIOD 1981 TO 2010
CLIMATE RECORD PERIOD 1891 TO 2015


WEATHER ITEM   OBSERVED TIME   RECORD YEAR NORMAL DEPARTURE LAST
                VALUE   (LST)  VALUE       VALUE  FROM      YEAR
                                                  NORMAL
..................................................................
TEMPERATURE (F)
 TODAY
  MAXIMUM         78        MM  98    1989  86     -8       88
  MINIMUM         55        MM  36    1902  54      1       56
                                      1895
  AVERAGE         67                        70     -3       72

PRECIPITATION (IN)
  TODAY            0.00          0.90 1933   0.03  -0.03     0.00
  MONTH TO DATE    0.29                      0.13   0.16      T
  SINCE JUN 1      1.09                      1.40  -0.31     0.60
  SINCE JAN 1     11.61                      7.62   3.99     4.79

DEGREE DAYS
 HEATING
  TODAY            0                         1     -1        0
  MONTH TO DATE    4                         7     -3        3
  SINCE JUN 1     35                       133    -98      139
  SINCE JUL 1      4                         7     -3        3

 COOLING
  TODAY            2                         6     -4        7
  MONTH TO DATE   44                        37      7       51
  SINCE JUN 1    154                       101     53       74
  SINCE JAN 1    154                       106     48       92
..................................................................


WIND (MPH)
  HIGHEST WIND SPEED    13   HIGHEST WIND DIRECTION    NW (310)
  HIGHEST GUST SPEED    MM   HIGHEST GUST DIRECTION    MM
  AVERAGE WIND SPEED     4.7


SKY COVER
  POSSIBLE SUNSHINE  MM
  AVERAGE SKY COVER 0.6


WEATHER CONDITIONS
 THE FOLLOWING WEATHER WAS RECORDED TODAY.
  NO SIGNIFICANT WEATHER WAS OBSERVED.


RELATIVE HUMIDITY (PERCENT)
 HIGHEST    93           200 AM
 LOWEST     38           300 PM
 AVERAGE    66

..........................................................


THE LANDER WY CLIMATE NORMALS FOR TOMORROW
                         NORMAL    RECORD    YEAR
 MAXIMUM TEMPERATURE (F)   86       100      2002
 MINIMUM TEMPERATURE (F)   55        38      1893


SUNRISE AND SUNSET
JULY  7 2015..........SUNRISE   544 AM MDT   SUNSET   856 PM MDT
JULY  8 2015..........SUNRISE   544 AM MDT   SUNSET   855 PM MDT


-  INDICATES NEGATIVE NUMBERS.
R  INDICATES RECORD WAS SET OR TIED.
MM INDICATES DATA IS MISSING.
T  INDICATES TRACE AMOUNT.




$$
