000
CDUS45 KRIW 280742
CLILND


CLIMATE REPORT
NATIONAL WEATHER SERVICE RIVERTON WY
127 AM MDT SAT MAR 28 2015


...................................

...THE LANDER WY CLIMATE SUMMARY FOR MARCH 27 2015...

CLIMATE NORMAL PERIOD 1981 TO 2010
CLIMATE RECORD PERIOD 1891 TO 2015


WEATHER ITEM   OBSERVED TIME   RECORD YEAR NORMAL DEPARTURE LAST
                VALUE   (LST)  VALUE       VALUE  FROM      YEAR
                                                  NORMAL
..................................................................
TEMPERATURE (F)
 YESTERDAY
  MAXIMUM         74R   233 PM  73    1946  51     23       49
  MINIMUM         36    635 AM  -7    1931  27      9       29
  AVERAGE         55                        39     16       39

PRECIPITATION (IN)
  YESTERDAY        0.00          0.74 1905   0.05  -0.05      T
  MONTH TO DATE    0.55                      0.97  -0.42     0.82
  SINCE MAR 1      0.55                      0.97  -0.42     0.82
  SINCE JAN 1      2.11                      1.96   0.15     1.62

SNOWFALL (IN)
  YESTERDAY        0.0                       0.6   -0.6       T
  MONTH TO DATE    8.9                      13.7   -4.8     11.3
  SINCE MAR 1      8.9                      13.7   -4.8     11.3
  SINCE JUL 1     62.8                      67.3   -4.5     66.6
  SNOW DEPTH       0

DEGREE DAYS
 HEATING
  YESTERDAY       10                        26    -16       26
  MONTH TO DATE  719                       813    -94      797
  SINCE MAR 1    719                       813    -94      797
  SINCE JUL 1   5843                      6517   -674     6533

 COOLING
  YESTERDAY        0                         0      0        0
  MONTH TO DATE    0                         0      0        0
  SINCE MAR 1      0                         0      0        0
  SINCE JAN 1      0                         0      0        0
..................................................................


WIND (MPH)
  HIGHEST WIND SPEED    23   HIGHEST WIND DIRECTION     N (340)
  HIGHEST GUST SPEED    28   HIGHEST GUST DIRECTION     N (340)
  AVERAGE WIND SPEED     8.9


SKY COVER
  POSSIBLE SUNSHINE  MM
  AVERAGE SKY COVER 0.0


WEATHER CONDITIONS
 THE FOLLOWING WEATHER WAS RECORDED YESTERDAY.
  NO SIGNIFICANT WEATHER WAS OBSERVED.


RELATIVE HUMIDITY (PERCENT)
 HIGHEST    64           400 AM
 LOWEST     13           300 PM
 AVERAGE    39

..........................................................


THE LANDER WY CLIMATE NORMALS FOR TODAY
                         NORMAL    RECORD    YEAR
 MAXIMUM TEMPERATURE (F)   51        72      1986
 MINIMUM TEMPERATURE (F)   27        -3      1944


SUNRISE AND SUNSET
MARCH 28 2015.........SUNRISE   704 AM MDT   SUNSET   736 PM MDT
MARCH 29 2015.........SUNRISE   703 AM MDT   SUNSET   737 PM MDT


-  INDICATES NEGATIVE NUMBERS.
R  INDICATES RECORD WAS SET OR TIED.
MM INDICATES DATA IS MISSING.
T  INDICATES TRACE AMOUNT.




$$
