000
CDUS43 KOAX 272152
CLILNK


CLIMATE REPORT
NATIONAL WEATHER SERVICE OMAHA NEBRASKA
450 PM CDT WED JUL 27 2016


...................................

...THE LINCOLN, NEBRASKA CLIMATE SUMMARY FOR JULY 27 2016...
VALID TODAY AS OF 400 PM LOCAL TIME.

CLIMATE NORMAL PERIOD 1981 TO 2010
CLIMATE RECORD PERIOD 1887 TO 2016


WEATHER ITEM   OBSERVED TIME   RECORD YEAR NORMAL DEPARTURE LAST
                VALUE   (LST)  VALUE       VALUE  FROM      YEAR
                                                  NORMAL
..................................................................
TEMPERATURE (F)
 TODAY
  MAXIMUM         89    246 PM 108    1930  89      0       91
  MINIMUM         69   1212 AM  50    2005  66      3       76
  AVERAGE         79                        78      1       84

PRECIPITATION (IN)
  TODAY            T             1.32 1896   0.10  -0.10     0.00
  MONTH TO DATE    4.21                      2.98   1.23     2.37
  SINCE JUN 1      4.79                      7.33  -2.54    10.03
  SINCE JAN 1     17.10                     17.67  -0.57    25.53

SNOWFALL (IN)
  TODAY            0.0                       0.0    0.0      0.0
  MONTH TO DATE    0.0                       0.0    0.0      0.0
  SINCE JUL 1      0.0                       0.0    0.0      0.0
  SNOW DEPTH       0

DEGREE DAYS
 HEATING
  TODAY            0                         0      0        0
  MONTH TO DATE    0                         0      0        1
  SINCE JUN 1      0                        16    -16        1
  SINCE JUL 1      0                         0      0        1

 COOLING
  TODAY           14                        13      1       19
  MONTH TO DATE  361                       344     17      333
  SINCE JUN 1    781                       586    195      596
  SINCE JAN 1    852                       665    187      648
..................................................................


WIND (MPH)
  HIGHEST WIND SPEED    22   HIGHEST WIND DIRECTION    SE (150)
  HIGHEST GUST SPEED    27   HIGHEST GUST DIRECTION    SE (150)
  AVERAGE WIND SPEED     8.2


SKY COVER
  POSSIBLE SUNSHINE  MM
  AVERAGE SKY COVER 0.1


WEATHER CONDITIONS
 THE FOLLOWING WEATHER WAS RECORDED TODAY.
  LIGHT RAIN


RELATIVE HUMIDITY (PERCENT)
 HIGHEST    84           400 AM
 LOWEST     45          1200 PM
 AVERAGE    65

..........................................................


THE LINCOLN, NEBRASKA CLIMATE NORMALS FOR TOMORROW
                         NORMAL    RECORD    YEAR
 MAXIMUM TEMPERATURE (F)   89       106      1940
 MINIMUM TEMPERATURE (F)   66        47      2013
                                             1994


SUNRISE AND SUNSET
JULY 27 2016..........SUNRISE   619 AM CDT   SUNSET   847 PM CDT
JULY 28 2016..........SUNRISE   620 AM CDT   SUNSET   846 PM CDT


-  INDICATES NEGATIVE NUMBERS.
R  INDICATES RECORD WAS SET OR TIED.
MM INDICATES DATA IS MISSING.
T  INDICATES TRACE AMOUNT.




$$

KLISH
