000
CDUS43 KOAX 200626
CLILNK


CLIMATE REPORT
NATIONAL WEATHER SERVICE OMAHA NEBRASKA
123 AM CDT FRI OCT 20 2017


...................................

...THE LINCOLN, NEBRASKA CLIMATE SUMMARY FOR OCTOBER 19 2017...

CLIMATE NORMAL PERIOD 1981 TO 2010
CLIMATE RECORD PERIOD 1887 TO 2017


WEATHER ITEM   OBSERVED TIME   RECORD YEAR NORMAL DEPARTURE LAST
                VALUE   (LST)  VALUE       VALUE  FROM      YEAR
                                                  NORMAL
..................................................................
TEMPERATURE (F)
 YESTERDAY
  MAXIMUM         80    338 PM  88    2003  65     15       73
  MINIMUM         41    549 AM  12    1972  40      1       49
  AVERAGE         61                        52      9       61

PRECIPITATION (IN)
  YESTERDAY        0.00          1.02 1962   0.06  -0.06     0.27
  MONTH TO DATE    4.89                      1.29   3.60     1.85
  SINCE SEP 1      6.74                      4.31   2.43     5.23
  SINCE JAN 1     36.57                     25.89  10.68    26.62

SNOWFALL (IN)
  YESTERDAY        0.0                       0.0    0.0      0.0
  MONTH TO DATE    0.0                       0.2   -0.2      0.0
  SINCE JUL 1      0.0                       0.2   -0.2      0.0
  SNOW DEPTH       0

DEGREE DAYS
 HEATING
  YESTERDAY        4                        13     -9        4
  MONTH TO DATE  124                       192    -68      125
  SINCE SEP 1    158                       284   -126      164
  SINCE JUL 1    158                       290   -132      165

 COOLING
  YESTERDAY        0                         0      0        0
  MONTH TO DATE   18                        12      6       13
  SINCE SEP 1    220                       135     85      216
  SINCE JAN 1   1250                      1170     80     1445
..................................................................


WIND (MPH)
  HIGHEST WIND SPEED    17   HIGHEST WIND DIRECTION     S (180)
  HIGHEST GUST SPEED    24   HIGHEST GUST DIRECTION     S (190)
  AVERAGE WIND SPEED     6.9


SKY COVER
  POSSIBLE SUNSHINE  MM
  AVERAGE SKY COVER 0.0


WEATHER CONDITIONS
 THE FOLLOWING WEATHER WAS RECORDED YESTERDAY.
  NO SIGNIFICANT WEATHER WAS OBSERVED.


RELATIVE HUMIDITY (PERCENT)
 HIGHEST    89           300 AM
 LOWEST     39           200 PM
 AVERAGE    64

..........................................................


THE LINCOLN, NEBRASKA CLIMATE NORMALS FOR TODAY
                         NORMAL    RECORD    YEAR
 MAXIMUM TEMPERATURE (F)   64        90      1947
 MINIMUM TEMPERATURE (F)   39        18      1916


SUNRISE AND SUNSET
OCTOBER 20 2017.......SUNRISE   744 AM CDT   SUNSET   639 PM CDT
OCTOBER 21 2017.......SUNRISE   745 AM CDT   SUNSET   637 PM CDT


-  INDICATES NEGATIVE NUMBERS.
R  INDICATES RECORD WAS SET OR TIED.
MM INDICATES DATA IS MISSING.
T  INDICATES TRACE AMOUNT.




$$
