000
CDUS43 KOAX 300630
CLILNK


CLIMATE REPORT
NATIONAL WEATHER SERVICE OMAHA NEBRASKA
127 AM CDT THU JUL 30 2015


...................................

...THE LINCOLN, NEBRASKA CLIMATE SUMMARY FOR JULY 29 2015...

CLIMATE NORMAL PERIOD 1981 TO 2010
CLIMATE RECORD PERIOD 1887 TO 2015


WEATHER ITEM   OBSERVED TIME   RECORD YEAR NORMAL DEPARTURE LAST
                VALUE   (LST)  VALUE       VALUE  FROM      YEAR
                                                  NORMAL
..................................................................
TEMPERATURE (F)
 YESTERDAY
  MAXIMUM         88    223 PM 105    1947  89     -1       84
                                      1917
  MINIMUM         59    549 AM  49    1994  66     -7       54
  AVERAGE         74                        77     -3       69

PRECIPITATION (IN)
  YESTERDAY        0.00          1.92 1948   0.11  -0.11     0.00
  MONTH TO DATE    2.39                      3.19  -0.80     0.51
  SINCE JUN 1     10.05                      7.54   2.51     6.41
  SINCE JAN 1     25.55                     17.88   7.67    16.16

SNOWFALL (IN)
  YESTERDAY        0.0                       0.0    0.0      0.0
  MONTH TO DATE    0.0                       0.0    0.0      0.0
  SINCE JUL 1      0.0                       0.0    0.0      0.0
  SNOW DEPTH       0

DEGREE DAYS
 HEATING
  YESTERDAY        0                         0      0        0
  MONTH TO DATE    1                         0      1        2
  SINCE JUN 1      1                        16    -15        4
  SINCE JUL 1      1                         0      1        2

 COOLING
  YESTERDAY        9                        12     -3        4
  MONTH TO DATE  357                       369    -12      310
  SINCE JUN 1    620                       611      9      588
  SINCE JAN 1    672                       690    -18      748
..................................................................


WIND (MPH)
  HIGHEST WIND SPEED    14   HIGHEST WIND DIRECTION     N (350)
  HIGHEST GUST SPEED    18   HIGHEST GUST DIRECTION     N (360)
  AVERAGE WIND SPEED     5.0


SKY COVER
  POSSIBLE SUNSHINE  MM
  AVERAGE SKY COVER 0.0


WEATHER CONDITIONS
 THE FOLLOWING WEATHER WAS RECORDED YESTERDAY.
  NO SIGNIFICANT WEATHER WAS OBSERVED.


RELATIVE HUMIDITY (PERCENT)
 HIGHEST   100           300 AM
 LOWEST     25          1200 PM
 AVERAGE    63

..........................................................


THE LINCOLN, NEBRASKA CLIMATE NORMALS FOR TODAY
                         NORMAL    RECORD    YEAR
 MAXIMUM TEMPERATURE (F)   89       106      1917
 MINIMUM TEMPERATURE (F)   66        46      1971


SUNRISE AND SUNSET
JULY 30 2015..........SUNRISE   621 AM CDT   SUNSET   845 PM CDT
JULY 31 2015..........SUNRISE   622 AM CDT   SUNSET   844 PM CDT


-  INDICATES NEGATIVE NUMBERS.
R  INDICATES RECORD WAS SET OR TIED.
MM INDICATES DATA IS MISSING.
T  INDICATES TRACE AMOUNT.


$$

BCM
