000
CDUS43 KOAX 080656
CLILNK


CLIMATE REPORT
NATIONAL WEATHER SERVICE OMAHA NEBRASKA
1255 AM CST MON FEB 8 2016


...................................

...THE LINCOLN, NEBRASKA CLIMATE SUMMARY FOR FEBRUARY 7 2016...

CLIMATE NORMAL PERIOD 1981 TO 2010
CLIMATE RECORD PERIOD 1887 TO 2016


WEATHER ITEM   OBSERVED TIME   RECORD YEAR NORMAL DEPARTURE LAST
                VALUE   (LST)  VALUE       VALUE  FROM      YEAR
                                                  NORMAL
..................................................................
TEMPERATURE (F)
 YESTERDAY
  MAXIMUM         44    227 PM  71    1987  38      6       53
  MINIMUM         26    321 AM -18    1895  16     10       24
  AVERAGE         35                        27      8       39

PRECIPITATION (IN)
  YESTERDAY        T             0.28 1928   0.02  -0.02     0.00
  MONTH TO DATE    0.75                      0.18   0.57     0.82
  SINCE DEC 1      6.00                      1.77   4.23     2.95
  SINCE JAN 1      1.58                      0.82   0.76     1.73

SNOWFALL (IN)
  YESTERDAY        T                         0.2   -0.2      0.0
  MONTH TO DATE    7.3                       1.5    5.8     11.5
  SINCE JUL 1     20.5                      15.6    4.9     20.5
  SNOW DEPTH       2

DEGREE DAYS
 HEATING
  YESTERDAY       30                        38     -8       26
  MONTH TO DATE  268                       272     -4      325
  SINCE DEC 1   2418                      2708   -290     2495
  SINCE JUL 1   3318                      3969   -651     3804

 COOLING
  YESTERDAY        0                         0      0        0
  MONTH TO DATE    0                         0      0        0
  SINCE DEC 1      0                         0      0        0
  SINCE JAN 1      0                         0      0        0
..................................................................


WIND (MPH)
  HIGHEST WIND SPEED    38   HIGHEST WIND DIRECTION    NW (330)
  HIGHEST GUST SPEED    50   HIGHEST GUST DIRECTION    NW (330)
  AVERAGE WIND SPEED    15.4


SKY COVER
  POSSIBLE SUNSHINE  MM
  AVERAGE SKY COVER 0.4


WEATHER CONDITIONS
 THE FOLLOWING WEATHER WAS RECORDED YESTERDAY.
  LIGHT SNOW


RELATIVE HUMIDITY (PERCENT)
 HIGHEST    78           200 AM
 LOWEST     43           300 PM
 AVERAGE    61

..........................................................


THE LINCOLN, NEBRASKA CLIMATE NORMALS FOR TODAY
                         NORMAL    RECORD    YEAR
 MAXIMUM TEMPERATURE (F)   38        71      1999
 MINIMUM TEMPERATURE (F)   16       -19      1899


SUNRISE AND SUNSET
FEBRUARY  8 2016......SUNRISE   730 AM CST   SUNSET   553 PM CST
FEBRUARY  9 2016......SUNRISE   729 AM CST   SUNSET   554 PM CST


-  INDICATES NEGATIVE NUMBERS.
R  INDICATES RECORD WAS SET OR TIED.
MM INDICATES DATA IS MISSING.
T  INDICATES TRACE AMOUNT.




$$
