000
CDUS43 KOAX 102225
CLILNK


CLIMATE REPORT
NATIONAL WEATHER SERVICE OMAHA NEBRASKA
425 PM CST SAT DEC 10 2016


...................................

...THE LINCOLN, NEBRASKA CLIMATE SUMMARY FOR DECEMBER 10 2016...
VALID TODAY AS OF 0400 PM LOCAL TIME.

CLIMATE NORMAL PERIOD 1981 TO 2010
CLIMATE RECORD PERIOD 1887 TO 2016


WEATHER ITEM   OBSERVED TIME   RECORD YEAR NORMAL DEPARTURE LAST
                VALUE   (LST)  VALUE       VALUE  FROM      YEAR
                                                  NORMAL
..................................................................
TEMPERATURE (F)
 TODAY
  MAXIMUM         33    359 PM  71    1890  38     -5       62
  MINIMUM         22    302 AM -20    1919  17      5       35
  AVERAGE         28                        28      0       49

PRECIPITATION (IN)
  TODAY            0.00          0.66 1911   0.04  -0.04     0.00
  MONTH TO DATE    0.53                      0.36   0.17      T
  SINCE DEC 1      0.53                      0.36   0.17      T
  SINCE JAN 1     27.81                     28.36  -0.55    36.74

SNOWFALL (IN)
  TODAY            0.0                       0.2   -0.2      0.0
  MONTH TO DATE    1.5                       1.8   -0.3       T
  SINCE JUL 1      1.5                       4.6   -3.1      1.3
  SNOW DEPTH       0

DEGREE DAYS
 HEATING
  TODAY           37                        37      0       16
  MONTH TO DATE  373                       357     16      241
  SINCE DEC 1    373                       357     16      241
  SINCE JUL 1   1181                      1618   -437     1141

 COOLING
  TODAY            0                         0      0        0
  MONTH TO DATE    0                         0      0        0
  SINCE DEC 1      0                         0      0        0
  SINCE JAN 1   1449                      1173    276     1243
..................................................................


WIND (MPH)
  HIGHEST WIND SPEED    18   HIGHEST WIND DIRECTION    SE (150)
  HIGHEST GUST SPEED    25   HIGHEST GUST DIRECTION    SE (150)
  AVERAGE WIND SPEED     8.3


SKY COVER
  POSSIBLE SUNSHINE  MM
  AVERAGE SKY COVER 0.9


WEATHER CONDITIONS
 THE FOLLOWING WEATHER WAS RECORDED TODAY.
  NO SIGNIFICANT WEATHER WAS OBSERVED.


RELATIVE HUMIDITY (PERCENT)
 HIGHEST    81           400 AM
 LOWEST     47           300 PM
 AVERAGE    64

..........................................................


THE LINCOLN, NEBRASKA CLIMATE NORMALS FOR TOMORROW
                         NORMAL    RECORD    YEAR
 MAXIMUM TEMPERATURE (F)   38        66      1990
 MINIMUM TEMPERATURE (F)   17       -10      1932


SUNRISE AND SUNSET
DECEMBER 10 2016......SUNRISE   741 AM CST   SUNSET   459 PM CST
DECEMBER 11 2016......SUNRISE   742 AM CST   SUNSET   459 PM CST


-  INDICATES NEGATIVE NUMBERS.
R  INDICATES RECORD WAS SET OR TIED.
MM INDICATES DATA IS MISSING.
T  INDICATES TRACE AMOUNT.




$$
