000
CDUS43 KOAX 250627
CLILNK


CLIMATE REPORT
NATIONAL WEATHER SERVICE OMAHA NEBRASKA
125 AM CDT SUN JUN 25 2017


...................................

...THE LINCOLN, NEBRASKA CLIMATE SUMMARY FOR JUNE 24 2017...

CLIMATE NORMAL PERIOD 1981 TO 2010
CLIMATE RECORD PERIOD 1887 TO 2017


WEATHER ITEM   OBSERVED TIME   RECORD YEAR NORMAL DEPARTURE LAST
                VALUE   (LST)  VALUE       VALUE  FROM      YEAR
                                                  NORMAL
..................................................................
TEMPERATURE (F)
 YESTERDAY
  MAXIMUM         81    509 PM 103    1988  87     -6       94
                                      1934
  MINIMUM         47R   512 AM  47    2004  64    -17       63
  AVERAGE         64                        75    -11       79

PRECIPITATION (IN)
  YESTERDAY        0.00          4.59 1963   0.15  -0.15     0.00
  MONTH TO DATE    4.76                      3.52   1.24     0.57
  SINCE JUN 1      4.76                      3.52   1.24     0.57
  SINCE JAN 1     17.87                     13.86   4.01    12.88

SNOWFALL (IN)
  YESTERDAY        0.0                       0.0    0.0      0.0
  MONTH TO DATE    T                         0.0    0.0      0.0
  SINCE JUL 1      7.5                      25.9  -18.4     20.5
  SNOW DEPTH       0

DEGREE DAYS
 HEATING
  YESTERDAY        1                         0      1        0
  MONTH TO DATE    1                        13    -12        0
  SINCE JUN 1      1                        13    -12        0
  SINCE JUL 1   5017                      6053  -1036     4880

 COOLING
  YESTERDAY        0                        10    -10       14
  MONTH TO DATE  270                       176     94      325
  SINCE JUN 1    270                       176     94      325
  SINCE JAN 1    353                       255     98      396
..................................................................


WIND (MPH)
  HIGHEST WIND SPEED    18   HIGHEST WIND DIRECTION     W (270)
  HIGHEST GUST SPEED    23   HIGHEST GUST DIRECTION     W (270)
  AVERAGE WIND SPEED     6.9


SKY COVER
  POSSIBLE SUNSHINE  MM
  AVERAGE SKY COVER 0.2


WEATHER CONDITIONS
 THE FOLLOWING WEATHER WAS RECORDED YESTERDAY.
  NO SIGNIFICANT WEATHER WAS OBSERVED.


RELATIVE HUMIDITY (PERCENT)
 HIGHEST    89          1200 AM
 LOWEST     23          1200 PM
 AVERAGE    56

..........................................................


THE LINCOLN, NEBRASKA CLIMATE NORMALS FOR TODAY
                         NORMAL    RECORD    YEAR
 MAXIMUM TEMPERATURE (F)   87       103      1911
 MINIMUM TEMPERATURE (F)   64        42      2004


SUNRISE AND SUNSET
JUNE 25 2017..........SUNRISE   557 AM CDT   SUNSET   903 PM CDT
JUNE 26 2017..........SUNRISE   557 AM CDT   SUNSET   903 PM CDT


-  INDICATES NEGATIVE NUMBERS.
R  INDICATES RECORD WAS SET OR TIED.
MM INDICATES DATA IS MISSING.
T  INDICATES TRACE AMOUNT.




$$
