000
CDUS43 KOAX 210646
CLILNK


CLIMATE REPORT
NATIONAL WEATHER SERVICE OMAHA NEBRASKA
146 AM CDT THU AUG 21 2014


...................................

...THE LINCOLN, NEBRASKA CLIMATE SUMMARY FOR AUGUST 20 2014...

CLIMATE NORMAL PERIOD 1981 TO 2010
CLIMATE RECORD PERIOD 1887 TO 2014


WEATHER ITEM   OBSERVED TIME   RECORD YEAR NORMAL DEPARTURE LAST
                VALUE   (LST)  VALUE       VALUE  FROM      YEAR
                                                  NORMAL
..................................................................
TEMPERATURE (F)
 YESTERDAY
  MAXIMUM         96    326 PM 102    1936  87      9       91
                                      1913
  MINIMUM         74    313 AM  39    1950  63     11       70
  AVERAGE         85                        75     10       81

PRECIPITATION (IN)
  YESTERDAY        0.00          2.73 1888   0.11  -0.11     0.00
  MONTH TO DATE    1.45                      2.20  -0.75     1.10
  SINCE JUN 1      7.86                      9.95  -2.09     4.59
  SINCE JAN 1     17.61                     20.29  -2.68    20.44

SNOWFALL (IN)
  YESTERDAY        0.0                       0.0    0.0      0.0
  MONTH TO DATE    0.0                       0.0    0.0      0.0
  SINCE JUL 1      0.0                       0.0    0.0      0.0
  SNOW DEPTH       0

DEGREE DAYS
 HEATING
  YESTERDAY        0                         0      0        0
  MONTH TO DATE    0                         0      0        0
  SINCE JUN 1      4                        17    -13       23
  SINCE JUL 1      2                         1      1        3

 COOLING
  YESTERDAY       20                        10     10       16
  MONTH TO DATE  220                       226     -6      152
  SINCE JUN 1    819                       858    -39      729
  SINCE JAN 1    979                       937     42      816
..................................................................


WIND (MPH)
  HIGHEST WIND SPEED    24   HIGHEST WIND DIRECTION     S (170)
  HIGHEST GUST SPEED    30   HIGHEST GUST DIRECTION     S (160)
  AVERAGE WIND SPEED    11.7


SKY COVER
  POSSIBLE SUNSHINE  MM
  AVERAGE SKY COVER 0.0


WEATHER CONDITIONS
 THE FOLLOWING WEATHER WAS RECORDED YESTERDAY.
  NO SIGNIFICANT WEATHER WAS OBSERVED.


RELATIVE HUMIDITY (PERCENT)
 HIGHEST    87           300 AM
 LOWEST     39           300 PM
 AVERAGE    63

..........................................................


THE LINCOLN, NEBRASKA CLIMATE NORMALS FOR TODAY
                         NORMAL    RECORD    YEAR
 MAXIMUM TEMPERATURE (F)   86       104      1929
 MINIMUM TEMPERATURE (F)   63        47      1994
                                             1890


SUNRISE AND SUNSET
AUGUST 21 2014........SUNRISE   643 AM CDT   SUNSET   816 PM CDT
AUGUST 22 2014........SUNRISE   644 AM CDT   SUNSET   815 PM CDT


-  INDICATES NEGATIVE NUMBERS.
R  INDICATES RECORD WAS SET OR TIED.
MM INDICATES DATA IS MISSING.
T  INDICATES TRACE AMOUNT.




$$
