000
CDUS43 KOAX 222202
CLILNK


CLIMATE REPORT
NATIONAL WEATHER SERVICE OMAHA NEBRASKA
500 PM CDT MON MAY 22 2017


...................................

...THE LINCOLN, NEBRASKA CLIMATE SUMMARY FOR MAY 22 2017...
VALID TODAY AS OF 400 PM LOCAL TIME.

CLIMATE NORMAL PERIOD 1981 TO 2010
CLIMATE RECORD PERIOD 1887 TO 2017


WEATHER ITEM   OBSERVED TIME   RECORD YEAR NORMAL DEPARTURE LAST
                VALUE   (LST)  VALUE       VALUE  FROM      YEAR
                                                  NORMAL
..................................................................
TEMPERATURE (F)
 TODAY
  MAXIMUM         74   1207 PM  96    1925  76     -2       84
  MINIMUM         47    239 AM  36    1963  53     -6       60
  AVERAGE         61                        64     -3       72

PRECIPITATION (IN)
  TODAY            0.00          2.43 1965   0.14  -0.14     0.00
  MONTH TO DATE    5.70                      3.06   2.64     2.35
  SINCE MAR 1     10.87                      7.70   3.17     7.65
  SINCE JAN 1     12.52                      9.11   3.41     9.24

SNOWFALL (IN)
  TODAY            0.0                       0.0    0.0      0.0
  MONTH TO DATE    T                         0.1   -0.1      0.0
  SINCE JUL 1      7.5                      26.0  -18.5     20.5
  SNOW DEPTH       0

DEGREE DAYS
 HEATING
  TODAY            4                         3      1        0
  MONTH TO DATE  110                       127    -17      127
  SINCE MAR 1   1114                      1317   -203      963
  SINCE JUL 1   4997                      6020  -1023     4880

 COOLING
  TODAY            0                         3     -3        7
  MONTH TO DATE   58                        34     24       16
  SINCE MAR 1     71                        48     23       25
  SINCE JAN 1     71                        48     23       25
..................................................................


WIND (MPH)
  HIGHEST WIND SPEED    22   HIGHEST WIND DIRECTION    SW (210)
  HIGHEST GUST SPEED    28   HIGHEST GUST DIRECTION    SW (230)
  AVERAGE WIND SPEED     9.6


SKY COVER
  POSSIBLE SUNSHINE  MM
  AVERAGE SKY COVER 0.1


WEATHER CONDITIONS
 THE FOLLOWING WEATHER WAS RECORDED TODAY.
  NO SIGNIFICANT WEATHER WAS OBSERVED.


RELATIVE HUMIDITY (PERCENT)
 HIGHEST    80           100 AM
 LOWEST     41          1200 PM
 AVERAGE    61

..........................................................


THE LINCOLN, NEBRASKA CLIMATE NORMALS FOR TOMORROW
                         NORMAL    RECORD    YEAR
 MAXIMUM TEMPERATURE (F)   76        94      2012
                                             1939
 MINIMUM TEMPERATURE (F)   53        39      1893


SUNRISE AND SUNSET
MAY 22 2017...........SUNRISE   603 AM CDT   SUNSET   844 PM CDT
MAY 23 2017...........SUNRISE   603 AM CDT   SUNSET   845 PM CDT


-  INDICATES NEGATIVE NUMBERS.
R  INDICATES RECORD WAS SET OR TIED.
MM INDICATES DATA IS MISSING.
T  INDICATES TRACE AMOUNT.




$$

Klish
