000
CDUS43 KOAX 190713
CLILNK


CLIMATE REPORT
NATIONAL WEATHER SERVICE OMAHA NEBRASKA
112 AM CST THU JAN 19 2017


...................................

...THE LINCOLN, NEBRASKA CLIMATE SUMMARY FOR JANUARY 18 2017...

CLIMATE NORMAL PERIOD 1981 TO 2010
CLIMATE RECORD PERIOD 1887 TO 2017


WEATHER ITEM   OBSERVED TIME   RECORD YEAR NORMAL DEPARTURE LAST
                VALUE   (LST)  VALUE       VALUE  FROM      YEAR
                                                  NORMAL
..................................................................
TEMPERATURE (F)
 YESTERDAY
  MAXIMUM         51    333 PM  66    1951  35     16       22
  MINIMUM         24    431 AM -21    1940  14     10       -7
  AVERAGE         38                        24     14        8

PRECIPITATION (IN)
  YESTERDAY        0.00          0.45 1975   0.02  -0.02     0.00
  MONTH TO DATE    0.95                      0.35   0.60     0.55
  SINCE DEC 1      2.57                      1.30   1.27     4.97
  SINCE JAN 1      0.95                      0.35   0.60     0.55

SNOWFALL (IN)
  YESTERDAY        0.0                       0.2   -0.2      0.0
  MONTH TO DATE    2.0                       2.9   -0.9      1.3
  SINCE JUL 1      3.7                      11.6   -7.9      8.7
  SNOW DEPTH       0

DEGREE DAYS
 HEATING
  YESTERDAY       27                        41    -14       57
  MONTH TO DATE  763                       735     28      735
  SINCE DEC 1   1946                      1919     27     1699
  SINCE JUL 1   2754                      3180   -426     2599

 COOLING
  YESTERDAY        0                         0      0        0
  MONTH TO DATE    0                         0      0        0
  SINCE DEC 1      0                         0      0        0
  SINCE JAN 1      0                         0      0        0
..................................................................


WIND (MPH)
  HIGHEST WIND SPEED    22   HIGHEST WIND DIRECTION     S (190)
  HIGHEST GUST SPEED    26   HIGHEST GUST DIRECTION     S (190)
  AVERAGE WIND SPEED     9.1


SKY COVER
  POSSIBLE SUNSHINE  MM
  AVERAGE SKY COVER 0.0


WEATHER CONDITIONS
 THE FOLLOWING WEATHER WAS RECORDED YESTERDAY.
  NO SIGNIFICANT WEATHER WAS OBSERVED.


RELATIVE HUMIDITY (PERCENT)
 HIGHEST    92          1200 AM
 LOWEST     63           200 PM
 AVERAGE    78

..........................................................


THE LINCOLN, NEBRASKA CLIMATE NORMALS FOR TODAY
                         NORMAL    RECORD    YEAR
 MAXIMUM TEMPERATURE (F)   35        66      2014
 MINIMUM TEMPERATURE (F)   14       -29      1892


SUNRISE AND SUNSET
JANUARY 19 2017.......SUNRISE   747 AM CST   SUNSET   529 PM CST
JANUARY 20 2017.......SUNRISE   747 AM CST   SUNSET   530 PM CST


-  INDICATES NEGATIVE NUMBERS.
R  INDICATES RECORD WAS SET OR TIED.
MM INDICATES DATA IS MISSING.
T  INDICATES TRACE AMOUNT.




$$
