000
CDUS43 KLOT 100635
CLILOT


CLIMATE REPORT
NATIONAL WEATHER SERVICE CHICAGO IL
1234 AM CST WED FEB 10 2016


...................................

...THE ROMEOVILLE  WFO CLIMATE SUMMARY FOR FEBRUARY 9 2016...

CLIMATE NORMAL PERIOD 1981 TO 2010
CLIMATE RECORD PERIOD 1992 TO 2016


WEATHER ITEM   OBSERVED RECORD YEAR NORMAL DEPARTURE LAST
                VALUE   VALUE       VALUE  FROM      YEAR
                                           NORMAL
...........................................................
TEMPERATURE (F)
 YESTERDAY
  MAXIMUM         22     55    2001  34    -12       27
  MINIMUM         13     -8    2011  18     -5       19
  AVERAGE         18                 26     -8       23

PRECIPITATION (IN)
  YESTERDAY        0.01   0.47 2010   0.06  -0.05      T
  MONTH TO DATE    0.81               0.49   0.32     1.14
  SINCE DEC 1      7.69               4.67   3.02     3.70
  SINCE JAN 1      1.84               2.42  -0.58     2.65

SNOWFALL (IN)
  YESTERDAY        0.4    7.0  2010   0.2    0.2       T
  MONTH TO DATE    0.6                2.3   -1.7     15.1
  SINCE DEC 1     11.7               22.4  -10.7     25.9
  SINCE JUL 1     16.4               23.3   -6.9     27.3
  SNOW DEPTH       T

DEGREE DAYS
 HEATING
  YESTERDAY       47                 39      8
  MONTH TO DATE  314                362    -48
  SINCE DEC 1   2355               2824   -469
  SINCE JUL 1   3357               4043   -686

 COOLING
  YESTERDAY        0                  0      0
  MONTH TO DATE    0                  0      0
  SINCE DEC 1      0                  0      0
  SINCE JAN 1      0                  0      0
...........................................................







THE ROMEOVILLE  WFO CLIMATE NORMALS FOR TODAY
                         NORMAL    RECORD    YEAR
 MAXIMUM TEMPERATURE (F)   34        62      2009
 MINIMUM TEMPERATURE (F)   18       -13      2014


SUNRISE AND SUNSET
FEBRUARY 10 2016......SUNRISE   655 AM CST   SUNSET   519 PM CST
FEBRUARY 11 2016......SUNRISE   653 AM CST   SUNSET   520 PM CST


-  INDICATES NEGATIVE NUMBERS.
R  INDICATES RECORD WAS SET OR TIED.
MM INDICATES DATA IS MISSING.
T  INDICATES TRACE AMOUNT.




$$
