000
CDUS43 KLOT 290634
CLILOT


CLIMATE REPORT
NATIONAL WEATHER SERVICE CHICAGO IL
134 AM CDT MON AUG 29 2016


...................................

...THE ROMEOVILLE  WFO CLIMATE SUMMARY FOR AUGUST 28 2016...

CLIMATE NORMAL PERIOD 1981 TO 2010
CLIMATE RECORD PERIOD 1992 TO 2016


WEATHER ITEM   OBSERVED RECORD YEAR NORMAL DEPARTURE LAST
                VALUE   VALUE       VALUE  FROM      YEAR
                                           NORMAL
...........................................................
TEMPERATURE (F)
 YESTERDAY
  MAXIMUM         86     92    2003  81      5       73
  MINIMUM         70     51    1992  61      9       57
  AVERAGE         78                 71      7       65

PRECIPITATION (IN)
  YESTERDAY        0.03   2.36 2004   0.13  -0.10      T
  MONTH TO DATE    7.62               3.67   3.95     2.86
  SINCE JUN 1     17.38              12.72   4.66    15.51
  SINCE JAN 1     29.61              27.42   2.19    27.42

DEGREE DAYS
 HEATING
  YESTERDAY        0                  0      0
  MONTH TO DATE    0                  0      0
  SINCE JUN 1      9                 35    -26
  SINCE JUL 1      2                  2      0

 COOLING
  YESTERDAY       13                  6      7
  MONTH TO DATE  290                213     77
  SINCE JUN 1    819                675    144
  SINCE JAN 1    912                733    179
...........................................................







THE ROMEOVILLE  WFO CLIMATE NORMALS FOR TODAY
                         NORMAL    RECORD    YEAR
 MAXIMUM TEMPERATURE (F)   81        93      2010
 MINIMUM TEMPERATURE (F)   61        50      1994


SUNRISE AND SUNSET
AUGUST 29 2016........SUNRISE   616 AM CDT   SUNSET   730 PM CDT
AUGUST 30 2016........SUNRISE   617 AM CDT   SUNSET   728 PM CDT


-  INDICATES NEGATIVE NUMBERS.
R  INDICATES RECORD WAS SET OR TIED.
MM INDICATES DATA IS MISSING.
T  INDICATES TRACE AMOUNT.




$$
