000
CDUS43 KLOT 250634
CLILOT


CLIMATE REPORT
NATIONAL WEATHER SERVICE CHICAGO IL
1233 AM CST SUN JAN 25 2015


...................................

...THE ROMEOVILLE  WFO CLIMATE SUMMARY FOR JANUARY 24 2015...

CLIMATE NORMAL PERIOD 1981 TO 2010
CLIMATE RECORD PERIOD 1992 TO 2015


WEATHER ITEM   OBSERVED RECORD YEAR NORMAL DEPARTURE LAST
                VALUE   VALUE       VALUE  FROM      YEAR
                                           NORMAL
...........................................................
TEMPERATURE (F)
 YESTERDAY
  MAXIMUM         41     46    2010  31     10       27
  MINIMUM         25    -11    2000  16      9      -10
  AVERAGE         33                 23     10        9

PRECIPITATION (IN)
  YESTERDAY        0.00   0.45 2010   0.05  -0.05     0.02
  MONTH TO DATE    1.14               1.57  -0.43     2.37
  SINCE DEC 1      2.19               3.82  -1.63     3.71
  SINCE JAN 1      1.14               1.57  -0.43     2.37

SNOWFALL (IN)
  YESTERDAY        0.0    1.5  1997   0.3   -0.3      0.5
  MONTH TO DATE    8.3                8.4   -0.1     25.9
  SINCE DEC 1      8.3               17.7   -9.4     38.1
  SINCE JUL 1      9.7               18.6   -8.9     39.0
  SNOW DEPTH       0

DEGREE DAYS
 HEATING
  YESTERDAY       32                 42    -10
  MONTH TO DATE 1059               1005     54
  SINCE DEC 1   2086               2172    -86
  SINCE JUL 1   3562               3391    171

 COOLING
  YESTERDAY        0                  0      0
  MONTH TO DATE    0                  0      0
  SINCE DEC 1      0                  0      0
  SINCE JAN 1      0                  0      0
...........................................................







THE ROMEOVILLE  WFO CLIMATE NORMALS FOR TODAY
                         NORMAL    RECORD    YEAR
 MAXIMUM TEMPERATURE (F)   31        51      2002
 MINIMUM TEMPERATURE (F)   16        -8      2008


SUNRISE AND SUNSET
JANUARY 25 2015.......SUNRISE   711 AM CST   SUNSET   459 PM CST
JANUARY 26 2015.......SUNRISE   710 AM CST   SUNSET   500 PM CST


-  INDICATES NEGATIVE NUMBERS.
R  INDICATES RECORD WAS SET OR TIED.
MM INDICATES DATA IS MISSING.
T  INDICATES TRACE AMOUNT.




$$
