000
CDUS43 KLOT 290643
CLILOT


CLIMATE REPORT
NATIONAL WEATHER SERVICE CHICAGO IL
139 AM CDT SAT APR 29 2017


...................................

...THE ROMEOVILLE  WFO CLIMATE SUMMARY FOR APRIL 28 2017...

CLIMATE NORMAL PERIOD 1981 TO 2010
CLIMATE RECORD PERIOD 1992 TO 2017


WEATHER ITEM   OBSERVED RECORD YEAR NORMAL DEPARTURE LAST
                VALUE   VALUE       VALUE  FROM      YEAR
                                           NORMAL
...........................................................
TEMPERATURE (F)
 YESTERDAY
  MAXIMUM         61     79    2004  66     -5       53
  MINIMUM         39     28    1992  44     -5       44
  AVERAGE         50                 55     -5       49

PRECIPITATION (IN)
  YESTERDAY        T      0.67 2014   0.16  -0.16     0.06
  MONTH TO DATE    3.32               3.62  -0.30     2.20
  SINCE MAR 1      8.24               6.39   1.85     5.93
  SINCE JAN 1     13.95              10.10   3.85     8.00

SNOWFALL (IN)
  YESTERDAY        0.0    0.0  2011   0.0    0.0      0.0
                               2010
                               2009
  MONTH TO DATE    T                  0.5   -0.5      0.4
  SINCE MAR 1      4.9                4.9    0.0      2.4
  SINCE JUL 1     24.3               32.3   -8.0     22.3
  SNOW DEPTH       0

DEGREE DAYS
 HEATING
  YESTERDAY       15                 11      4
  MONTH TO DATE  302                430   -128
  SINCE MAR 1   1097               1247   -150
  SINCE JUL 1   5072               5975   -903

 COOLING
  YESTERDAY        0                  0      0
  MONTH TO DATE   11                  0     11
  SINCE MAR 1     11                  0     11
  SINCE JAN 1     11                  0     11
...........................................................







THE ROMEOVILLE  WFO CLIMATE NORMALS FOR TODAY
                         NORMAL    RECORD    YEAR
 MAXIMUM TEMPERATURE (F)   66        81      2007
 MINIMUM TEMPERATURE (F)   44        32      2008


SUNRISE AND SUNSET
APRIL 29 2017.........SUNRISE   551 AM CDT   SUNSET   748 PM CDT
APRIL 30 2017.........SUNRISE   550 AM CDT   SUNSET   750 PM CDT


-  INDICATES NEGATIVE NUMBERS.
R  INDICATES RECORD WAS SET OR TIED.
MM INDICATES DATA IS MISSING.
T  INDICATES TRACE AMOUNT.




$$
