000
CDUS43 KLOT 280640
CLILOT


CLIMATE REPORT
NATIONAL WEATHER SERVICE CHICAGO IL
139 AM CDT WED SEP 28 2016


...................................

...THE ROMEOVILLE  WFO CLIMATE SUMMARY FOR SEPTEMBER 27 2016...

CLIMATE NORMAL PERIOD 1981 TO 2010
CLIMATE RECORD PERIOD 1992 TO 2016


WEATHER ITEM   OBSERVED RECORD YEAR NORMAL DEPARTURE LAST
                VALUE   VALUE       VALUE  FROM      YEAR
                                           NORMAL
...........................................................
TEMPERATURE (F)
 YESTERDAY
  MAXIMUM         72     87    1998  71      1       76
  MINIMUM         49     42    2001  50     -1       65
  AVERAGE         61                 60      1       71

PRECIPITATION (IN)
  YESTERDAY        0.00   0.41 1999   0.10  -0.10     0.00
  MONTH TO DATE    1.10               2.88  -1.78     5.46
  SINCE SEP 1      1.10               2.88  -1.78     5.46
  SINCE JAN 1     31.01              30.70   0.31    33.12

DEGREE DAYS
 HEATING
  YESTERDAY        4                  6     -2
  MONTH TO DATE    7                 71    -64
  SINCE SEP 1      7                 71    -64
  SINCE JUL 1      9                 79    -70

 COOLING
  YESTERDAY        0                  1     -1
  MONTH TO DATE  171                 90     81
  SINCE SEP 1    171                 90     81
  SINCE JAN 1   1115                843    272
...........................................................







THE ROMEOVILLE  WFO CLIMATE NORMALS FOR TODAY
                         NORMAL    RECORD    YEAR
 MAXIMUM TEMPERATURE (F)   71        85      2013
 MINIMUM TEMPERATURE (F)   49        36      1992


SUNRISE AND SUNSET
SEPTEMBER 28 2016.....SUNRISE   646 AM CDT   SUNSET   638 PM CDT
SEPTEMBER 29 2016.....SUNRISE   648 AM CDT   SUNSET   637 PM CDT


-  INDICATES NEGATIVE NUMBERS.
R  INDICATES RECORD WAS SET OR TIED.
MM INDICATES DATA IS MISSING.
T  INDICATES TRACE AMOUNT.




$$
