000
CDUS43 KLOT 280635
CLILOT


CLIMATE REPORT
NATIONAL WEATHER SERVICE CHICAGO IL
1235 AM CST FRI NOV 28 2014


...................................

...THE ROMEOVILLE  WFO CLIMATE SUMMARY FOR NOVEMBER 27 2014...

CLIMATE NORMAL PERIOD 1981 TO 2010
CLIMATE RECORD PERIOD 1992 TO 2014


WEATHER ITEM   OBSERVED RECORD YEAR NORMAL DEPARTURE LAST
                VALUE   VALUE       VALUE  FROM      YEAR
                                           NORMAL
...........................................................
TEMPERATURE (F)
 YESTERDAY
  MAXIMUM         27     65    1998  42    -15       28
  MINIMUM         12     10    2002  27    -15       11
  AVERAGE         20                 35    -15       20

PRECIPITATION (IN)
  YESTERDAY        T      1.02 1994   0.13  -0.13     0.00
  MONTH TO DATE    1.51               3.08  -1.57     2.87
  SINCE SEP 1      9.02               9.62  -0.60    10.03
  SINCE JAN 1     47.68              37.44  10.24    39.35

SNOWFALL (IN)
  YESTERDAY        0.1    0.7  1996   0.1    0.0      0.0
  MONTH TO DATE    1.4                0.7    0.7      0.9
  SINCE SEP 1      1.4                0.7    0.7      0.9
  SINCE JUL 1      1.4                0.7    0.7      0.9
  SNOW DEPTH       T

DEGREE DAYS
 HEATING
  YESTERDAY       45                 30     15
  MONTH TO DATE  848                639    209
  SINCE SEP 1   1374               1118    256
  SINCE JUL 1   1386               1126    260

 COOLING
  YESTERDAY        0                  0      0
  MONTH TO DATE    0                  0      0
  SINCE SEP 1     77                109    -32
  SINCE JAN 1    748                862   -114
...........................................................







THE ROMEOVILLE  WFO CLIMATE NORMALS FOR TODAY
                         NORMAL    RECORD    YEAR
 MAXIMUM TEMPERATURE (F)   42        69      1998
 MINIMUM TEMPERATURE (F)   27        15      2002


SUNRISE AND SUNSET
NOVEMBER 28 2014......SUNRISE   656 AM CST   SUNSET   424 PM CST
NOVEMBER 29 2014......SUNRISE   657 AM CST   SUNSET   424 PM CST


-  INDICATES NEGATIVE NUMBERS.
R  INDICATES RECORD WAS SET OR TIED.
MM INDICATES DATA IS MISSING.
T  INDICATES TRACE AMOUNT.




$$
