000
CDUS43 KLOT 230634
CLILOT


CLIMATE REPORT
NATIONAL WEATHER SERVICE CHICAGO IL
1233 AM CST FRI FEB 23 2018


...................................

...THE ROMEOVILLE  WFO CLIMATE SUMMARY FOR FEBRUARY 22 2018...

CLIMATE NORMAL PERIOD 1981 TO 2010
CLIMATE RECORD PERIOD 1992 TO 2018


WEATHER ITEM   OBSERVED RECORD YEAR NORMAL DEPARTURE LAST
                VALUE   VALUE       VALUE  FROM      YEAR
                                           NORMAL
...........................................................
TEMPERATURE (F)
 YESTERDAY
  MAXIMUM         41     66    2017  38      3       66
  MINIMUM         28      4    2015  22      6       47
  AVERAGE         35                 30      5       57

PRECIPITATION (IN)
  YESTERDAY        T      0.27 1994   0.08  -0.08     0.00
  MONTH TO DATE    4.73               1.30   3.43     0.66
  SINCE DEC 1      6.85               5.48   1.37     4.85
  SINCE JAN 1      6.37               3.23   3.14     3.33

SNOWFALL (IN)
  YESTERDAY        0.0    3.5  1994   0.2   -0.2      0.0
  MONTH TO DATE   20.8                5.1   15.7      1.3
  SINCE DEC 1     31.6               25.2    6.4     19.4
  SINCE JUL 1     31.6               26.1    5.5     19.4
  SNOW DEPTH       0

DEGREE DAYS
 HEATING
  YESTERDAY       30                 35     -5
  MONTH TO DATE  923                845     78
  SINCE DEC 1   3438               3307    131
  SINCE JUL 1   4549               4526     23

 COOLING
  YESTERDAY        0                  0      0
  MONTH TO DATE    0                  0      0
  SINCE DEC 1      0                  0      0
  SINCE JAN 1      0                  0      0
...........................................................







THE ROMEOVILLE  WFO CLIMATE NORMALS FOR TODAY
                         NORMAL    RECORD    YEAR
 MAXIMUM TEMPERATURE (F)   38        66      2000
 MINIMUM TEMPERATURE (F)   22        -4      2015


SUNRISE AND SUNSET
FEBRUARY 23 2018......SUNRISE   636 AM CST   SUNSET   536 PM CST
FEBRUARY 24 2018......SUNRISE   635 AM CST   SUNSET   537 PM CST


-  INDICATES NEGATIVE NUMBERS.
R  INDICATES RECORD WAS SET OR TIED.
MM INDICATES DATA IS MISSING.
T  INDICATES TRACE AMOUNT.




$$
