000
CDUS43 KJKL 050554
CLILOZ

CLIMATE REPORT
NATIONAL WEATHER SERVICE JACKSON KY
149 AM EDT SUN JUL 5 2015

...................................

...THE LONDON KY CLIMATE SUMMARY FOR JULY 4 2015...

CLIMATE NORMAL PERIOD 1981 TO 2010
CLIMATE RECORD PERIOD 1954 TO 2015


WEATHER ITEM   OBSERVED TIME   RECORD YEAR NORMAL DEPARTURE LAST
                VALUE   (LST)  VALUE       VALUE  FROM      YEAR
                                                  NORMAL
..................................................................
TEMPERATURE (F)
 YESTERDAY
  MAXIMUM         81    446 PM  98    2012  86     -5       80
  MINIMUM         68    644 AM  51    1961  66      2       59
  AVERAGE         75                        76     -1       70

PRECIPITATION (IN)
  YESTERDAY        0.04          1.64 1965   0.14  -0.10     0.00
  MONTH TO DATE    4.19                      0.54   3.65      T
  SINCE JUN 1      9.16                      4.94   4.22     2.71
  SINCE JAN 1     29.08                     25.47   3.61    21.70

SNOWFALL (IN)
  YESTERDAY       MM
  MONTH TO DATE   MM
  SINCE JUN 1     MM
  SINCE JUL 1     MM
  SNOW DEPTH      MM

DEGREE DAYS
 HEATING
  YESTERDAY        0                         0      0        0
  MONTH TO DATE    0                         0      0        0
  SINCE JUN 1      2                         9     -7        0
  SINCE JUL 1      0                         0      0        0

 COOLING
  YESTERDAY       10                        11     -1        5
  MONTH TO DATE   35                        44     -9       44
  SINCE JUN 1    342                       287     55      326
  SINCE JAN 1    536                       401    135      492
..................................................................

WIND (MPH)
  HIGHEST WIND SPEED    10   HIGHEST WIND DIRECTION    SW (220)
  HIGHEST GUST SPEED    15   HIGHEST GUST DIRECTION    SW (210)
  AVERAGE WIND SPEED     5.8

SKY COVER
  POSSIBLE SUNSHINE  MM
  AVERAGE SKY COVER 0.8

WEATHER CONDITIONS
 THE FOLLOWING WEATHER WAS RECORDED YESTERDAY.
  LIGHT RAIN

RELATIVE HUMIDITY (PERCENT)
 HIGHEST    84          1200 AM
 LOWEST     58           400 PM
 AVERAGE    71

..........................................................

THE LONDON KY CLIMATE NORMALS FOR TODAY
                         NORMAL    RECORD    YEAR
 MAXIMUM TEMPERATURE (F)   86        99      2012
 MINIMUM TEMPERATURE (F)   66        47      1967

SUNRISE AND SUNSET
JULY  5 2015..........SUNRISE   622 AM EDT   SUNSET   900 PM EDT
JULY  6 2015..........SUNRISE   623 AM EDT   SUNSET   859 PM EDT


-  INDICATES NEGATIVE NUMBERS.
R  INDICATES RECORD WAS SET OR TIED.
MM INDICATES DATA IS MISSING.
T  INDICATES TRACE AMOUNT.


$$

JVM
