000
CDUS43 KJKL 200534
CLILOZ

CLIMATE REPORT
NATIONAL WEATHER SERVICE JACKSON KY
1234 AM EST MON FEB 20 2017


...................................

...THE LONDON KY CLIMATE SUMMARY FOR FEBRUARY 19 2017...

CLIMATE NORMAL PERIOD 1981 TO 2010
CLIMATE RECORD PERIOD 1954 TO 2017


WEATHER ITEM   OBSERVED TIME   RECORD YEAR NORMAL DEPARTURE LAST
                VALUE   (LST)  VALUE       VALUE  FROM      YEAR
                                                  NORMAL
..................................................................
TEMPERATURE (F)
 YESTERDAY
  MAXIMUM         64    530 PM  72    1994  51     13       65
  MINIMUM         43   1147 PM  -9    2015  30     13       36
  AVERAGE         54                        40     14       51

PRECIPITATION (IN)
  YESTERDAY        0.00          1.33 1991   0.14  -0.14     0.00
  MONTH TO DATE    0.77                      2.48  -1.71     4.65
  SINCE DEC 1     11.15                     10.26   0.89    12.18
  SINCE JAN 1      4.85                      6.02  -1.17     6.73

SNOWFALL (IN)
  YESTERDAY       MM
  MONTH TO DATE   MM
  SINCE DEC 1     MM
  SINCE JUL 1     MM
  SNOW DEPTH      MM

DEGREE DAYS
 HEATING
  YESTERDAY       11                        24    -13       14
  MONTH TO DATE  406                       503    -97      569
  SINCE DEC 1   1892                      2236   -344     2075
  SINCE JUL 1   2483                      3066   -583     2740

COOLING
  YESTERDAY        0                         0      0        0
  MONTH TO DATE    0                         0      0        0
  SINCE DEC 1      0                         1     -1        0
  SINCE JAN 1      0                         0      0        0
..................................................................


WIND (MPH)
  HIGHEST WIND SPEED     8   HIGHEST WIND DIRECTION     S (190)
  HIGHEST GUST SPEED    11   HIGHEST GUST DIRECTION     S (200)
  AVERAGE WIND SPEED     1.7


SKY COVER
  POSSIBLE SUNSHINE  MM
  AVERAGE SKY COVER 0.6


WEATHER CONDITIONS
 THE FOLLOWING WEATHER WAS RECORDED YESTERDAY.
  FOG
  FOG W/VISIBILITY <= 1/4 MILE
  HAZE


RELATIVE HUMIDITY (PERCENT)
 HIGHEST    93          1200 AM
 LOWEST     48           500 PM
 AVERAGE    71

..........................................................


THE LONDON KY CLIMATE NORMALS FOR TODAY
                         NORMAL    RECORD    YEAR
 MAXIMUM TEMPERATURE (F)   51        74      1986
 MINIMUM TEMPERATURE (F)   30       -17      2015


SUNRISE AND SUNSET
FEBRUARY 20 2017......SUNRISE   719 AM EST   SUNSET   622 PM EST
FEBRUARY 21 2017......SUNRISE   717 AM EST   SUNSET   623 PM EST


-  INDICATES NEGATIVE NUMBERS.
R  INDICATES RECORD WAS SET OR TIED.
MM INDICATES DATA IS MISSING.
T  INDICATES TRACE AMOUNT.




$$
