000
CDUS44 KCRP 240901
CLILRD

CLIMATE REPORT
NATIONAL WEATHER SERVICE CORPUS CHRISTI TX
358 AM CDT WED AUG 24 2016


...................................

...THE LAREDO CLIMATE SUMMARY FOR AUGUST 23 2016...

CLIMATE NORMAL PERIOD 1981 TO 2010
CLIMATE RECORD PERIOD 1900 TO 2016


WEATHER ITEM   OBSERVED TIME   RECORD YEAR NORMAL DEPARTURE LAST
                VALUE   (LST)  VALUE       VALUE  FROM      YEAR
                                                  NORMAL
..................................................................
TEMPERATURE (F)
 YESTERDAY
  MAXIMUM         98        MM 109    1997  99     -1      105
  MINIMUM         76        MM  63    1973  77     -1       78
  AVERAGE         87                        88     -1       92

PRECIPITATION (IN)
  YESTERDAY        0.00          4.93 1953   0.08  -0.08     0.00
  MONTH TO DATE    2.85                      1.15   1.70     0.03
  SINCE JUN 1      6.11                      5.39   0.72     1.29
  SINCE JAN 1     16.62                     12.26   4.36    19.99

SNOWFALL (IN)
  YESTERDAY        0.0
  MONTH TO DATE    0.0
  SINCE JUN 1      0.0
  SINCE JUL 1      0.0

DEGREE DAYS
 HEATING
  YESTERDAY        0                         0      0        0
  MONTH TO DATE    0                         0      0        0
  SINCE JUN 1      0                         0      0        0
  SINCE JUL 1      0                         0      0        0

 COOLING
  YESTERDAY       22                        23     -1       27
  MONTH TO DATE  549                       549      0      598
  SINCE JUN 1   1989                      1922     67     1957
  SINCE JAN 1   3253                      3065    188     2899
..................................................................


WIND (MPH)
  HIGHEST WIND SPEED    23   HIGHEST WIND DIRECTION    SE (140)
  HIGHEST GUST SPEED    31   HIGHEST GUST DIRECTION    SE (140)
  AVERAGE WIND SPEED    15.5


SKY COVER
  POSSIBLE SUNSHINE  MM
  AVERAGE SKY COVER 0.0


WEATHER CONDITIONS
 THE FOLLOWING WEATHER WAS RECORDED YESTERDAY.
  NO SIGNIFICANT WEATHER WAS OBSERVED.


RELATIVE HUMIDITY (PERCENT)
 HIGHEST    91           300 AM
 LOWEST     35           300 PM

..........................................................


THE LAREDO CLIMATE NORMALS FOR TODAY
                         NORMAL    RECORD    YEAR
 MAXIMUM TEMPERATURE (F)   99       109      1924
 MINIMUM TEMPERATURE (F)   77        62      1973


SUNRISE AND SUNSET
AUGUST 24 2016........SUNRISE   713 AM CDT   SUNSET   806 PM CDT
AUGUST 25 2016........SUNRISE   714 AM CDT   SUNSET   805 PM CDT


-  INDICATES NEGATIVE NUMBERS.
R  INDICATES RECORD WAS SET OR TIED.
MM INDICATES DATA IS MISSING.
T  INDICATES TRACE AMOUNT.




$$
