000
CDUS44 KCRP 290909
CLILRD

CLIMATE REPORT
NATIONAL WEATHER SERVICE CORPUS CHRISTI TX
405 AM CDT WED MAR 29 2017

...THE LAREDO CLIMATE SUMMARY FOR MARCH 28 2017...

CLIMATE NORMAL PERIOD 1981 TO 2010
CLIMATE RECORD PERIOD 1900 TO 2017


WEATHER ITEM   OBSERVED TIME   RECORD YEAR NORMAL DEPARTURE LAST
                VALUE   (LST)  VALUE       VALUE  FROM      YEAR
                                                  NORMAL
..................................................................
TEMPERATURE (F)
 YESTERDAY
  MAXIMUM         94        MM 104    1924  83     11       80
  MINIMUM         73        MM  33    1930  60     13       64
  AVERAGE         84                        72     12       72

PRECIPITATION (IN)
  YESTERDAY        0.00          0.38 1935   0.03  -0.03     0.00
  MONTH TO DATE    2.34                      1.05   1.29     3.97
  SINCE MAR 1      2.34                      1.05   1.29     3.97
  SINCE JAN 1      3.31                      2.89   0.42     5.86

SNOWFALL (IN)
  YESTERDAY        0.0
  MONTH TO DATE    0.0
  SINCE MAR 1      0.0
  SINCE JUL 1      0.0

DEGREE DAYS
 HEATING
  YESTERDAY        0                         1     -1        0
  MONTH TO DATE   16                        66    -50       18
  SINCE MAR 1     16                        66    -50       18
  SINCE JUL 1    396                       910   -514      594

 COOLING
  YESTERDAY       19                         8     11        7
  MONTH TO DATE  242                       149     93      217
  SINCE MAR 1    242                       149     93      217
  SINCE JAN 1    548                       234    314      335
..................................................................


WIND (MPH)
  HIGHEST WIND SPEED    27   HIGHEST WIND DIRECTION    SE (120)
  HIGHEST GUST SPEED    37   HIGHEST GUST DIRECTION    SE (140)
  AVERAGE WIND SPEED    16.3


SKY COVER
  POSSIBLE SUNSHINE  MM
  AVERAGE SKY COVER 0.5


WEATHER CONDITIONS
 THE FOLLOWING WEATHER WAS RECORDED YESTERDAY.
  NO SIGNIFICANT WEATHER WAS OBSERVED.


RELATIVE HUMIDITY (PERCENT)
 HIGHEST    87          1200 AM
 LOWEST     41           300 PM

..........................................................


THE LAREDO CLIMATE NORMALS FOR TODAY
                         NORMAL    RECORD    YEAR
 MAXIMUM TEMPERATURE (F)   84       101      1954
 MINIMUM TEMPERATURE (F)   60        34      1930


SUNRISE AND SUNSET
MARCH 29 2017.........SUNRISE   731 AM CDT   SUNSET   754 PM CDT
MARCH 30 2017.........SUNRISE   730 AM CDT   SUNSET   755 PM CDT


-  INDICATES NEGATIVE NUMBERS.
R  INDICATES RECORD WAS SET OR TIED.
MM INDICATES DATA IS MISSING.
T  INDICATES TRACE AMOUNT.

$$

87
