000
CDUS44 KCRP 260705
CLILRD

CLIMATE REPORT
NATIONAL WEATHER SERVICE CORPUS CHRISTI TX
100 AM CST WED NOV 26 2014


...................................

...THE LAREDO CLIMATE SUMMARY FOR NOVEMBER 25 2014...

CLIMATE NORMAL PERIOD 1981 TO 2010
CLIMATE RECORD PERIOD 1900 TO 2014


WEATHER ITEM   OBSERVED TIME   RECORD YEAR NORMAL DEPARTURE LAST
                VALUE   (LST)  VALUE       VALUE  FROM      YEAR
                                                  NORMAL
..................................................................
TEMPERATURE (F)
 YESTERDAY
  MAXIMUM         70    200 PM  99    1942  73     -3       46
  MINIMUM         47    700 AM  27    1937  52     -5       40
  AVERAGE         59                        62     -3       43

PRECIPITATION (IN)
  YESTERDAY        0.00          0.70 1919   0.04  -0.04     0.16
  MONTH TO DATE    1.81                      1.03   0.78     0.40
  SINCE SEP 1      8.09                      6.17   1.92     7.53
  SINCE JAN 1     15.67                     19.16  -3.49    20.40

SNOWFALL (IN)
  YESTERDAY        0.0
  MONTH TO DATE    0.0
  SINCE SEP 1      0.0
  SINCE JUL 1      0.0

DEGREE DAYS
 HEATING
  YESTERDAY        6                         5      1       22
  MONTH TO DATE  145                        73     72      106
  SINCE SEP 1    145                        85     60      106
  SINCE JUL 1    145                        85     60      106

 COOLING
  YESTERDAY        0                         2     -2        0
  MONTH TO DATE   52                       115    -63      124
  SINCE SEP 1   1033                      1001     32     1076
  SINCE JAN 1   4466                      4244    222     4481
..................................................................


WIND (MPH)
  HIGHEST WIND SPEED    MM   HIGHEST WIND DIRECTION    MM
  HIGHEST GUST SPEED    MM   HIGHEST GUST DIRECTION    MM
  AVERAGE WIND SPEED    MM


SKY COVER
  POSSIBLE SUNSHINE  MM
  AVERAGE SKY COVER 0.0


WEATHER CONDITIONS
 THE FOLLOWING WEATHER WAS RECORDED YESTERDAY.
  NO SIGNIFICANT WEATHER WAS OBSERVED.


RELATIVE HUMIDITY (PERCENT)
 HIGHEST    71          1200 AM
 LOWEST     22           200 PM

..........................................................


THE LAREDO CLIMATE NORMALS FOR TODAY
                         NORMAL    RECORD    YEAR
 MAXIMUM TEMPERATURE (F)   72        97      1965
 MINIMUM TEMPERATURE (F)   51        27      1932


SUNRISE AND SUNSET
NOVEMBER 26 2014......SUNRISE   707 AM CST   SUNSET   543 PM CST
NOVEMBER 27 2014......SUNRISE   708 AM CST   SUNSET   543 PM CST


-  INDICATES NEGATIVE NUMBERS.
R  INDICATES RECORD WAS SET OR TIED.
MM INDICATES DATA IS MISSING.
T  INDICATES TRACE AMOUNT.




$$
