000
CDUS44 KCRP 300752
CLILRD

CLIMATE REPORT
NATIONAL WEATHER SERVICE CORPUS CHRISTI TX
248 AM CDT THU JUL 30 2015


...................................

...THE LAREDO CLIMATE SUMMARY FOR JULY 29 2015...

CLIMATE NORMAL PERIOD 1981 TO 2010
CLIMATE RECORD PERIOD 1900 TO 2015


WEATHER ITEM   OBSERVED TIME   RECORD YEAR NORMAL DEPARTURE LAST
                VALUE   (LST)  VALUE       VALUE  FROM      YEAR
                                                  NORMAL
..................................................................
TEMPERATURE (F)
 YESTERDAY
  MAXIMUM        105    355 PM 109    1999 100      5      105
  MINIMUM         77    641 AM  66    1923  77      0       76
  AVERAGE         91                        89      2       91

PRECIPITATION (IN)
  YESTERDAY        0.00          1.10 1919   0.05  -0.05     0.00
  MONTH TO DATE    T                         1.93  -1.93     1.34
  SINCE JUN 1      1.20                      4.16  -2.96     1.89
  SINCE JAN 1     19.90                     11.03   8.87     6.92

SNOWFALL (IN)
  YESTERDAY        0.0
  MONTH TO DATE    0.0
  SINCE JUN 1      0.0
  SINCE JUL 1      0.0

DEGREE DAYS
 HEATING
  YESTERDAY        0                         0      0        0
  MONTH TO DATE    0                         0      0        0
  SINCE JUN 1      0                         0      0        0
  SINCE JUL 1      0                         0      0        0

 COOLING
  YESTERDAY       26                        24      2       26
  MONTH TO DATE  710                       668     42      708
  SINCE JUN 1   1310                      1328    -18     1444
  SINCE JAN 1   2252                      2471   -219     2569
..................................................................


WIND (MPH)
  HIGHEST WIND SPEED    23   HIGHEST WIND DIRECTION    SE (120)
  HIGHEST GUST SPEED    27   HIGHEST GUST DIRECTION    SE (140)
  AVERAGE WIND SPEED    12.8


SKY COVER
  POSSIBLE SUNSHINE  MM
  AVERAGE SKY COVER 0.0


WEATHER CONDITIONS
 THE FOLLOWING WEATHER WAS RECORDED YESTERDAY.
  NO SIGNIFICANT WEATHER WAS OBSERVED.


RELATIVE HUMIDITY (PERCENT)
 HIGHEST    88           600 AM
 LOWEST     21           200 PM

..........................................................


THE LAREDO CLIMATE NORMALS FOR TODAY
                         NORMAL    RECORD    YEAR
 MAXIMUM TEMPERATURE (F)  100       110      1999
 MINIMUM TEMPERATURE (F)   77        65      1923


SUNRISE AND SUNSET
JULY 30 2015..........SUNRISE   700 AM CDT   SUNSET   828 PM CDT
JULY 31 2015..........SUNRISE   701 AM CDT   SUNSET   828 PM CDT


-  INDICATES NEGATIVE NUMBERS.
R  INDICATES RECORD WAS SET OR TIED.
MM INDICATES DATA IS MISSING.
T  INDICATES TRACE AMOUNT.




$$
