123
CDUS44 KCRP 210916
CLILRD

CLIMATE REPORT
NATIONAL WEATHER SERVICE CORPUS CHRISTI TX
307 AM CST SAT JAN 21 2017


...................................

...THE LAREDO CLIMATE SUMMARY FOR JANUARY 20 2017...

CLIMATE NORMAL PERIOD 1981 TO 2010
CLIMATE RECORD PERIOD 1900 TO 2017


WEATHER ITEM   OBSERVED TIME   RECORD YEAR NORMAL DEPARTURE LAST
                VALUE   (LST)  VALUE       VALUE  FROM      YEAR
                                                  NORMAL
..................................................................
TEMPERATURE (F)
 YESTERDAY
  MAXIMUM         75        MM  90    1954  67      8       74
  MINIMUM         59        MM  24    1978  46     13       54
  AVERAGE         67                        57     10       64

PRECIPITATION (IN)
  YESTERDAY        T             0.31 1976   0.03  -0.03     0.00
  MONTH TO DATE    0.01                      0.58  -0.57     1.88
  SINCE DEC 1      1.63                      1.46   0.17     2.01
  SINCE JAN 1      0.01                      0.58  -0.57     1.88

SNOWFALL (IN)
  YESTERDAY        0.0
  MONTH TO DATE    0.0
  SINCE DEC 1      0.0
  SINCE JUL 1      0.0

DEGREE DAYS
 HEATING
  YESTERDAY        0                         9     -9        1
  MONTH TO DATE   94                       196   -102      195
  SINCE DEC 1    273                       471   -198      342
  SINCE JUL 1    290                       586   -296      413

 COOLING
  YESTERDAY        2                         1      1        0
  MONTH TO DATE   82                        20     62        0
  SINCE DEC 1    145                        55     90       63
  SINCE JAN 1     82                        20     62        0
..................................................................


WIND (MPH)
  HIGHEST WIND SPEED    10   HIGHEST WIND DIRECTION    SE (130)
  HIGHEST GUST SPEED    MM   HIGHEST GUST DIRECTION    MM
  AVERAGE WIND SPEED     6.3


SKY COVER
  POSSIBLE SUNSHINE  MM
  AVERAGE SKY COVER 0.4


WEATHER CONDITIONS
 THE FOLLOWING WEATHER WAS RECORDED YESTERDAY.
  LIGHT RAIN
  FOG
  FOG W/VISIBILITY <= 1/4 MILE


RELATIVE HUMIDITY (PERCENT)
 HIGHEST   100           900 AM
 LOWEST     57           400 PM

..........................................................


THE LAREDO CLIMATE NORMALS FOR TODAY
                         NORMAL    RECORD    YEAR
 MAXIMUM TEMPERATURE (F)   67        93      1911
 MINIMUM TEMPERATURE (F)   46        20      1943


SUNRISE AND SUNSET
JANUARY 21 2017.......SUNRISE   728 AM CST   SUNSET   610 PM CST
JANUARY 22 2017.......SUNRISE   728 AM CST   SUNSET   611 PM CST


-  INDICATES NEGATIVE NUMBERS.
R  INDICATES RECORD WAS SET OR TIED.
MM INDICATES DATA IS MISSING.
T  INDICATES TRACE AMOUNT.




$$
