000
CDUS44 KCRP 290729
CLILRD

CLIMATE REPORT
NATIONAL WEATHER SERVICE CORPUS CHRISTI TX
224 AM CDT THU JUN 29 2017


...................................

...THE LAREDO CLIMATE SUMMARY FOR JUNE 28 2017...

CLIMATE NORMAL PERIOD 1981 TO 2010
CLIMATE RECORD PERIOD 1900 TO 2017


WEATHER ITEM   OBSERVED TIME   RECORD YEAR NORMAL DEPARTURE LAST
                VALUE   (LST)  VALUE       VALUE  FROM      YEAR
                                                  NORMAL
..................................................................
TEMPERATURE (F)
 YESTERDAY
  MAXIMUM         97    600 PM 111    1902  99     -2      103
  MINIMUM         72    600 AM  63    1974  77     -5       72
  AVERAGE         85                        88     -3       88

PRECIPITATION (IN)
  YESTERDAY        0.00          4.72 1971   0.08  -0.08     1.02
  MONTH TO DATE    0.96                      2.09  -1.13     1.92
  SINCE JUN 1      0.96                      2.09  -1.13     1.92
  SINCE JAN 1     11.36                      8.96   2.40    12.43

SNOWFALL (IN)
  YESTERDAY        0.0
  MONTH TO DATE    0.0
  SINCE JUN 1      0.0
  SINCE JUL 1      0.0

DEGREE DAYS
 HEATING
  YESTERDAY        0                         0      0        0
  MONTH TO DATE    0                         0      0        0
  SINCE JUN 1      0                         0      0        0
  SINCE JUL 1    396                       926   -530      594

 COOLING
  YESTERDAY       20                        23     -3       23
  MONTH TO DATE  630                       617     13      599
  SINCE JUN 1    630                       617     13      599
  SINCE JAN 1   2153                      1760    393     1863
..................................................................


WIND (MPH)
  HIGHEST WIND SPEED    17   HIGHEST WIND DIRECTION    SE (140)
  HIGHEST GUST SPEED    18   HIGHEST GUST DIRECTION    NE (60)
  AVERAGE WIND SPEED     7.7


SKY COVER
  POSSIBLE SUNSHINE  MM
  AVERAGE SKY COVER 0.2


WEATHER CONDITIONS
 THE FOLLOWING WEATHER WAS RECORDED YESTERDAY.
  NO SIGNIFICANT WEATHER WAS OBSERVED.


RELATIVE HUMIDITY (PERCENT)
 HIGHEST    93           300 AM
 LOWEST     38           600 PM

..........................................................


THE LAREDO CLIMATE NORMALS FOR TODAY
                         NORMAL    RECORD    YEAR
 MAXIMUM TEMPERATURE (F)   99       110      2013
 MINIMUM TEMPERATURE (F)   77        61      1912


SUNRISE AND SUNSET
JUNE 29 2017..........SUNRISE   646 AM CDT   SUNSET   837 PM CDT
JUNE 30 2017..........SUNRISE   646 AM CDT   SUNSET   837 PM CDT


-  INDICATES NEGATIVE NUMBERS.
R  INDICATES RECORD WAS SET OR TIED.
MM INDICATES DATA IS MISSING.
T  INDICATES TRACE AMOUNT.




$$
