000
CDUS43 KARX 260647
CLILSE


CLIMATE REPORT
NATIONAL WEATHER SERVICE LA CROSSE WI
147 AM CDT MON JUN 26 2017


...................................

...THE LA CROSSE WI CLIMATE SUMMARY FOR JUNE 25 2017...

CLIMATE NORMAL PERIOD 1981 TO 2010
CLIMATE RECORD PERIOD 1873 TO 2017


WEATHER ITEM   OBSERVED TIME   RECORD YEAR NORMAL DEPARTURE LAST
                VALUE   (LST)  VALUE       VALUE  FROM      YEAR
                                                  NORMAL
..................................................................
TEMPERATURE (F)
 YESTERDAY
  MAXIMUM         73    534 PM  97    1983  83    -10       95
                                      1966
  MINIMUM         55    154 AM  45    1974  62     -7       70
  AVERAGE         64                        72     -8       83

PRECIPITATION (IN)
  YESTERDAY        0.03          1.65 2010   0.15  -0.12     0.18
  MONTH TO DATE    4.33                      3.60   0.73     5.56
  SINCE JUN 1      4.33                      3.60   0.73     5.56
  SINCE JAN 1     22.02                     14.67   7.35    16.04

SNOWFALL (IN)
  YESTERDAY        0.0           0.0  2002   0.0    0.0      0.0
                                      2001
  MONTH TO DATE    0.0                       0.0    0.0      0.0
  SINCE JUL 1     42.2                      43.3   -1.1     40.3
  SNOW DEPTH       0

DEGREE DAYS
 HEATING
  YESTERDAY        1                         0      1        0
  MONTH TO DATE    4                        38    -34        4
  SINCE JUL 1   5770                      7195  -1425     5953

 COOLING
  YESTERDAY        0                         8     -8       18
  MONTH TO DATE  207                       126     81      180
  SINCE JAN 1    244                       174     70      266
..................................................................


WIND (MPH)
  HIGHEST WIND SPEED    22   HIGHEST WIND DIRECTION    NW (300)
  HIGHEST GUST SPEED    27   HIGHEST GUST DIRECTION    NW (300)
  AVERAGE WIND SPEED     9.6


SKY COVER
  POSSIBLE SUNSHINE  MM
  AVERAGE SKY COVER 0.5


WEATHER CONDITIONS
 THE FOLLOWING WEATHER WAS RECORDED YESTERDAY.
  LIGHT RAIN


RELATIVE HUMIDITY (PERCENT)
 HIGHEST    83           200 AM
 LOWEST     38           600 PM
 AVERAGE    61

..........................................................


THE LA CROSSE WI CLIMATE NORMALS FOR TODAY
                         NORMAL    RECORD    YEAR
 MAXIMUM TEMPERATURE (F)   83       100      1931
 MINIMUM TEMPERATURE (F)   62        42      1926


SUNRISE AND SUNSET
JUNE 26 2017..........SUNRISE   524 AM CDT   SUNSET   852 PM CDT
JUNE 27 2017..........SUNRISE   525 AM CDT   SUNSET   851 PM CDT


-  INDICATES NEGATIVE NUMBERS.
R  INDICATES RECORD WAS SET OR TIED.
MM INDICATES DATA IS MISSING.
T  INDICATES TRACE AMOUNT.




$$
