000
CDUS43 KARX 240657
CLILSE


CLIMATE REPORT
NATIONAL WEATHER SERVICE LA CROSSE WI
1255 AM CST FRI FEB 24 2017


...................................

...THE LA CROSSE WI CLIMATE SUMMARY FOR FEBRUARY 23 2017...

CLIMATE NORMAL PERIOD 1981 TO 2010
CLIMATE RECORD PERIOD 1873 TO 2017


WEATHER ITEM   OBSERVED TIME   RECORD YEAR NORMAL DEPARTURE LAST
                VALUE   (LST)  VALUE       VALUE  FROM      YEAR
                                                  NORMAL
..................................................................
TEMPERATURE (F)
 YESTERDAY
  MAXIMUM         49    335 PM  62    2000  34     15       41
  MINIMUM         35   1159 PM -29    1873  17     18       29
  AVERAGE         42                        25     17       35

PRECIPITATION (IN)
  YESTERDAY        0.08          1.09 1915   0.05   0.03      T
  MONTH TO DATE    0.66                      0.83  -0.17     0.78
  SINCE DEC 1      5.54                      3.31   2.23     6.58
  SINCE JAN 1      3.35                      1.95   1.40     1.65

SNOWFALL (IN)
  YESTERDAY       MM             8.1  1959   0.3   MM         T
  MONTH TO DATE    0.5                       6.8   -6.3     10.8
  SINCE JUL 1     30.8                      33.1   -2.3     27.4
  SNOW DEPTH       0

DEGREE DAYS
 HEATING
  YESTERDAY       23                        40    -17       30
  MONTH TO DATE  719                       999   -280      973
  SINCE JUL 1   4116                      5318  -1202     4412

 COOLING
  YESTERDAY        0                         0      0        0
  MONTH TO DATE    0                         0      0        0
  SINCE JAN 1      0                         0      0        0
..................................................................


WIND (MPH)
  HIGHEST WIND SPEED    21   HIGHEST WIND DIRECTION    NE (40)
  HIGHEST GUST SPEED    30   HIGHEST GUST DIRECTION    NE (40)
  AVERAGE WIND SPEED    11.2


SKY COVER
  POSSIBLE SUNSHINE  MM
  AVERAGE SKY COVER 0.9


WEATHER CONDITIONS
 THE FOLLOWING WEATHER WAS RECORDED YESTERDAY.
  LIGHT RAIN
  LIGHT SNOW
  FOG


RELATIVE HUMIDITY (PERCENT)
 HIGHEST    82          1200 AM
 LOWEST     49           900 PM
 AVERAGE    66

..........................................................


THE LA CROSSE WI CLIMATE NORMALS FOR TODAY
                         NORMAL    RECORD    YEAR
 MAXIMUM TEMPERATURE (F)   35        59      1931
 MINIMUM TEMPERATURE (F)   17       -17      1889


SUNRISE AND SUNSET
FEBRUARY 24 2017......SUNRISE   650 AM CST   SUNSET   547 PM CST
FEBRUARY 25 2017......SUNRISE   648 AM CST   SUNSET   549 PM CST


-  INDICATES NEGATIVE NUMBERS.
R  INDICATES RECORD WAS SET OR TIED.
MM INDICATES DATA IS MISSING.
T  INDICATES TRACE AMOUNT.




$$
