000
CDUS46 KMTR 300826
CLILVK


CLIMATE REPORT
NATIONAL WEATHER SERVICE SAN FRANCISCO BAY AREA
126 AM PDT FRI SEP 30 2016


...................................

...THE LIVERMORE AIRPORT CLIMATE SUMMARY FOR SEPTEMBER 29 2016...

CLIMATE NORMAL PERIOD 1981 TO 2010
CLIMATE RECORD PERIOD 1930 TO 2016


WEATHER ITEM   OBSERVED TIME   RECORD YEAR NORMAL DEPARTURE LAST
                VALUE   (LST)  VALUE       VALUE  FROM      YEAR
                                                  NORMAL
..................................................................
TEMPERATURE (F)
 YESTERDAY
  MAXIMUM         82    228 PM 102    2010  81      1       80
  MINIMUM         53   1104 PM  39    1986  53      0       59
  AVERAGE         68                        67      1       70

PRECIPITATION (IN)
  YESTERDAY        0.00          0.39 1989   0.03  -0.03     0.00
  MONTH TO DATE    0.00                      0.19  -0.19      T
  SINCE OCT 1     15.38                     15.68  -0.30    13.78
  SINCE JAN 1     10.38                     10.10   0.28     4.16

DEGREE DAYS
 HEATING
  YESTERDAY        0                         1     -1        0
  MONTH TO DATE    7                        12     -5        0
  SINCE SEP 1      7                        12     -5        0
  SINCE JUL 1      7                        19    -12        0

 COOLING
  YESTERDAY        3                         3      0        5
  MONTH TO DATE  174                       160     14      290
  SINCE SEP 1    174                       160     14      290
  SINCE JAN 1    940                       785    155     1269
..................................................................


WIND (MPH)
  RESULTANT WIND SPEED   8   RESULTANT WIND DIRECTION  NW (300)
  HIGHEST WIND SPEED    17   HIGHEST WIND DIRECTION    NW (310)
  HIGHEST GUST SPEED    21   HIGHEST GUST DIRECTION    NW (310)
  AVERAGE WIND SPEED     7.9


SKY COVER
  POSSIBLE SUNSHINE  MM
  AVERAGE SKY COVER 0.0


WEATHER CONDITIONS
 THE FOLLOWING WEATHER WAS RECORDED YESTERDAY.
  HAZE


RELATIVE HUMIDITY (PERCENT)
 HIGHEST    89          1100 PM
 LOWEST     19           400 PM
 AVERAGE    54

..........................................................


THE LIVERMORE AIRPORT CLIMATE NORMALS FOR TODAY
                         NORMAL    RECORD    YEAR
 MAXIMUM TEMPERATURE (F)   81       100      2012
 MINIMUM TEMPERATURE (F)   53        35      1950


SUNRISE AND SUNSET
SEPTEMBER 30 2016.....SUNRISE   702 AM PDT   SUNSET   651 PM PDT
OCTOBER  1 2016.......SUNRISE   703 AM PDT   SUNSET   649 PM PDT


-  INDICATES NEGATIVE NUMBERS.
R  INDICATES RECORD WAS SET OR TIED.
MM INDICATES DATA IS MISSING.
T  INDICATES TRACE AMOUNT.




$$
