000
CDUS46 KMTR 160836
CLILVK


CLIMATE REPORT
NATIONAL WEATHER SERVICE SAN FRANCISCO BAY AREA
135 AM PDT TUE SEP 16 2014


...................................

...THE LIVERMORE AIRPORT CLIMATE SUMMARY FOR SEPTEMBER 15 2014...

CLIMATE NORMAL PERIOD 1981 TO 2010
CLIMATE RECORD PERIOD 1930 TO 2014


WEATHER ITEM   OBSERVED TIME   RECORD YEAR NORMAL DEPARTURE LAST
                VALUE   (LST)  VALUE       VALUE  FROM      YEAR
                                                  NORMAL
..................................................................
TEMPERATURE (F)
 YESTERDAY
  MAXIMUM         85    220 PM 109    1971  85      0       83
  MINIMUM         61   1159 PM  39    1970  56      5       58
  AVERAGE         73                        70      3       71

PRECIPITATION (IN)
  YESTERDAY        0.00          0.04 1982   0.01  -0.01     0.00
  MONTH TO DATE    0.00                      0.06  -0.06     0.01
  SINCE JUL 1      T                         0.07  -0.07     0.01
  SINCE JAN 1      4.88                      9.97  -5.09     2.13

DEGREE DAYS
 HEATING
  YESTERDAY        0                         0      0        0
  MONTH TO DATE    0                         0      0        0
  SINCE SEP 1      0                         0      0        0
  SINCE JUL 1      0                         7     -7        0

 COOLING
  YESTERDAY        8                         6      2        6
  MONTH TO DATE  142                        97     45      137
  SINCE SEP 1    142                        97     45      137
  SINCE JAN 1   1056                       722    334      961
..................................................................


WIND (MPH)
  RESULTANT WIND SPEED   9   RESULTANT WIND DIRECTION   W (290)
  HIGHEST WIND SPEED    22   HIGHEST WIND DIRECTION     W (280)
  HIGHEST GUST SPEED    25   HIGHEST GUST DIRECTION     W (280)
  AVERAGE WIND SPEED     9.3


SKY COVER
  POSSIBLE SUNSHINE  MM
  AVERAGE SKY COVER 0.0


WEATHER CONDITIONS
 THE FOLLOWING WEATHER WAS RECORDED YESTERDAY.
  NO SIGNIFICANT WEATHER WAS OBSERVED.


RELATIVE HUMIDITY (PERCENT)
 HIGHEST    90           600 AM
 LOWEST     34           200 PM
 AVERAGE    62

..........................................................


THE LIVERMORE AIRPORT CLIMATE NORMALS FOR TODAY
                         NORMAL    RECORD    YEAR
 MAXIMUM TEMPERATURE (F)   85       105      1971
 MINIMUM TEMPERATURE (F)   56        43      1970


SUNRISE AND SUNSET
SEPTEMBER 16 2014.....SUNRISE   650 AM PDT   SUNSET   713 PM PDT
SEPTEMBER 17 2014.....SUNRISE   651 AM PDT   SUNSET   712 PM PDT


-  INDICATES NEGATIVE NUMBERS.
R  INDICATES RECORD WAS SET OR TIED.
MM INDICATES DATA IS MISSING.
T  INDICATES TRACE AMOUNT.




$$
