000
CDUS46 KMTR 270828
CLILVK


CLIMATE REPORT
NATIONAL WEATHER SERVICE SAN FRANCISCO BAY AREA
128 AM PDT FRI MAY 27 2016


...................................

...THE LIVERMORE AIRPORT CLIMATE SUMMARY FOR MAY 26 2016...

CLIMATE NORMAL PERIOD 1981 TO 2010
CLIMATE RECORD PERIOD 1930 TO 2016


WEATHER ITEM   OBSERVED TIME   RECORD YEAR NORMAL DEPARTURE LAST
                VALUE   (LST)  VALUE       VALUE  FROM      YEAR
                                                  NORMAL
..................................................................
TEMPERATURE (F)
 YESTERDAY
  MAXIMUM         79    229 PM 103    1951  77      2       72
  MINIMUM         53   1159 PM  37    1953  51      2       56
  AVERAGE         66                        64      2       64

PRECIPITATION (IN)
  YESTERDAY        0.00          0.22 1934   0.01  -0.01     0.00
  MONTH TO DATE    0.20                      0.57  -0.37     0.47
  SINCE OCT 1     15.38                     15.39  -0.01    13.51
  SINCE JAN 1     10.38                      9.81   0.57     3.89

DEGREE DAYS
 HEATING
  YESTERDAY        0                         3     -3        1
  MONTH TO DATE   61                       113    -52       78
  SINCE MAR 1    481                       728   -247      372
  SINCE JUL 1   2186                      2735   -549     1558

 COOLING
  YESTERDAY        1                         2     -1        0
  MONTH TO DATE   26                        38    -12       11
  SINCE MAR 1     34                        47    -13       31
  SINCE JAN 1     34                        47    -13       31
..................................................................


WIND (MPH)
  RESULTANT WIND SPEED   6   RESULTANT WIND DIRECTION   W (270)
  HIGHEST WIND SPEED    21   HIGHEST WIND DIRECTION     W (280)
  HIGHEST GUST SPEED    25   HIGHEST GUST DIRECTION     W (280)
  AVERAGE WIND SPEED     7.9


SKY COVER
  POSSIBLE SUNSHINE  MM
  AVERAGE SKY COVER 0.3


WEATHER CONDITIONS
 THE FOLLOWING WEATHER WAS RECORDED YESTERDAY.
  NO SIGNIFICANT WEATHER WAS OBSERVED.


RELATIVE HUMIDITY (PERCENT)
 HIGHEST    77          1200 AM
 LOWEST     39           300 PM
 AVERAGE    58

..........................................................


THE LIVERMORE AIRPORT CLIMATE NORMALS FOR TODAY
                         NORMAL    RECORD    YEAR
 MAXIMUM TEMPERATURE (F)   77       102      1951
 MINIMUM TEMPERATURE (F)   51        38      1953


SUNRISE AND SUNSET
MAY 27 2016...........SUNRISE   549 AM PDT   SUNSET   820 PM PDT
MAY 28 2016...........SUNRISE   549 AM PDT   SUNSET   821 PM PDT


-  INDICATES NEGATIVE NUMBERS.
R  INDICATES RECORD WAS SET OR TIED.
MM INDICATES DATA IS MISSING.
T  INDICATES TRACE AMOUNT.




$$
