000
CDUS45 KBYZ 012226
CLILVM


CLIMATE REPORT
NATIONAL WEATHER SERVICE BILLINGS MT
425 PM MDT WED JUL 1 2015


...................................

...THE LIVINGSTON MT CLIMATE SUMMARY FOR JULY 1 2015...
VALID TODAY AS OF 0400 PM LOCAL TIME.

CLIMATE NORMAL PERIOD 1981 TO 2010
CLIMATE RECORD PERIOD 1948 TO 2015


WEATHER ITEM   OBSERVED TIME   RECORD YEAR NORMAL DEPARTURE LAST
                VALUE   (LST)  VALUE       VALUE  FROM      YEAR
                                                  NORMAL
..................................................................
TEMPERATURE (F)
 TODAY
  MAXIMUM         92    224 PM  96    2012  80     12       78
                                      1990
  MINIMUM         55    442 AM  38    2014  47      8       38
                                      1968
  AVERAGE         74                        64     10       58

PRECIPITATION (IN)
  TODAY            0.00          0.78 1965   0.06  -0.06     0.00
  MONTH TO DATE    0.00                      0.06  -0.06     0.00
  SINCE OCT 1      9.48                     11.08  -1.60    11.09
  SINCE JAN 1      7.69                      8.71  -1.02     8.80

DEGREE DAYS
 HEATING
  TODAY            0                         3     -3        7
  MONTH TO DATE    0                         3     -3        7
  SINCE JUN 1     54                       210   -156      202
  SINCE JUL 1      0                         3     -3        7

 COOLING
  TODAY            9                         2      7        0
  MONTH TO DATE    9                         2      7        0
  SINCE JUN 1    108                        21     87        2
  SINCE JAN 1    109                        22     87        7
..................................................................


WIND (MPH)
  HIGHEST WIND SPEED    23   HIGHEST WIND DIRECTION    NW (310)
  HIGHEST GUST SPEED    29   HIGHEST GUST DIRECTION    NW (320)
  AVERAGE WIND SPEED     7.0


SKY COVER
  POSSIBLE SUNSHINE  MM
  AVERAGE SKY COVER 0.1


WEATHER CONDITIONS
 THE FOLLOWING WEATHER WAS RECORDED TODAY.
  NO SIGNIFICANT WEATHER WAS OBSERVED.


RELATIVE HUMIDITY (PERCENT)
 HIGHEST    77           500 AM
 LOWEST     18           300 PM
 AVERAGE    48

..........................................................


THE LIVINGSTON MT CLIMATE NORMALS FOR TOMORROW
                         NORMAL    RECORD    YEAR
 MAXIMUM TEMPERATURE (F)   80        98      2013
 MINIMUM TEMPERATURE (F)   47        37      1955


SUNRISE AND SUNSET
JULY  1 2015..........SUNRISE   536 AM MDT   SUNSET   915 PM MDT
JULY  2 2015..........SUNRISE   537 AM MDT   SUNSET   915 PM MDT


-  INDICATES NEGATIVE NUMBERS.
R  INDICATES RECORD WAS SET OR TIED.
MM INDICATES DATA IS MISSING.
T  INDICATES TRACE AMOUNT.





&&

THIS IS AN AUTOMATED...UNATTENDED WEATHER STATION AND MAY
UNDERESTIMATE WINTER PRECIPITATION.

$$
