000
CDUS45 KBYZ 310931
CLILVM


CLIMATE REPORT
NATIONAL WEATHER SERVICE BILLINGS MT
331 AM MDT TUE MAY 31 2016


...................................

...THE LIVINGSTON MT CLIMATE SUMMARY FOR MAY 30 2016...

CLIMATE NORMAL PERIOD 1981 TO 2010
CLIMATE RECORD PERIOD 1948 TO 2016


WEATHER ITEM   OBSERVED TIME   RECORD YEAR NORMAL DEPARTURE LAST
                VALUE   (LST)  VALUE       VALUE  FROM      YEAR
                                                  NORMAL
..................................................................
TEMPERATURE (F)
 YESTERDAY
  MAXIMUM         66    304 PM  86    1986  68     -2       73
  MINIMUM         45   1133 PM  32    2014  40      5       46
                                      2005
                                      1977
  AVERAGE         56                        54      2       60

PRECIPITATION (IN)
  YESTERDAY        0.07          0.73 1988   0.11  -0.04     0.13
  MONTH TO DATE    2.41                      2.56  -0.15     4.06
  SINCE OCT 1      8.77                      8.53   0.24     8.54
  SINCE JAN 1      5.07                      6.16  -1.09     6.75

DEGREE DAYS
 HEATING
  YESTERDAY        9                        11     -2        5
  MONTH TO DATE  404                       437    -33      445
  SINCE MAR 1   1703                      2037   -334     1673
  SINCE JUL 1   6306                      7385  -1079     6287

 COOLING
  YESTERDAY        0                         0      0        0
  MONTH TO DATE    0                         0      0        0
  SINCE MAR 1      0                         0      0        0
  SINCE JAN 1      0                         0      0        0
..................................................................


WIND (MPH)
  HIGHEST WIND SPEED    26   HIGHEST WIND DIRECTION    NW (310)
  HIGHEST GUST SPEED    35   HIGHEST GUST DIRECTION    NW (310)
  AVERAGE WIND SPEED    11.1


SKY COVER
  POSSIBLE SUNSHINE  MM
  AVERAGE SKY COVER 0.6


WEATHER CONDITIONS
 THE FOLLOWING WEATHER WAS RECORDED YESTERDAY.
  RAIN
  LIGHT RAIN


RELATIVE HUMIDITY (PERCENT)
 HIGHEST    77           800 AM
 LOWEST     30           200 PM
 AVERAGE    54

..........................................................


THE LIVINGSTON MT CLIMATE NORMALS FOR TODAY
                         NORMAL    RECORD    YEAR
 MAXIMUM TEMPERATURE (F)   68        89      1972
 MINIMUM TEMPERATURE (F)   41        26      2005
                                             1982


SUNRISE AND SUNSET
MAY 31 2016...........SUNRISE   536 AM MDT   SUNSET   904 PM MDT
JUNE  1 2016..........SUNRISE   535 AM MDT   SUNSET   904 PM MDT


-  INDICATES NEGATIVE NUMBERS.
R  INDICATES RECORD WAS SET OR TIED.
MM INDICATES DATA IS MISSING.
T  INDICATES TRACE AMOUNT.





&&

THIS IS AN AUTOMATED...UNATTENDED WEATHER STATION AND MAY
UNDERESTIMATE WINTER PRECIPITATION.

$$
