160
CDUS45 KBYZ 171032
CLILVM


CLIMATE REPORT
NATIONAL WEATHER SERVICE BILLINGS MT
331 AM MST TUE JAN 17 2017


...................................

...THE LIVINGSTON MT CLIMATE SUMMARY FOR JANUARY 16 2017...

CLIMATE NORMAL PERIOD 1981 TO 2010
CLIMATE RECORD PERIOD 1948 TO 2017


WEATHER ITEM   OBSERVED TIME   RECORD YEAR NORMAL DEPARTURE LAST
                VALUE   (LST)  VALUE       VALUE  FROM      YEAR
                                                  NORMAL
..................................................................
TEMPERATURE (F)
 YESTERDAY
  MAXIMUM         34   1136 PM  59    1974  37     -3       35
  MINIMUM         10    543 AM -17    1954  17     -7       15
  AVERAGE         22                        27     -5       25

PRECIPITATION (IN)
  YESTERDAY        0.00          0.31 1995   0.02  -0.02     0.02
  MONTH TO DATE    0.18                      0.26  -0.08     0.04
  SINCE OCT 1      4.11                      2.63   1.48     3.74
  SINCE JAN 1      0.18                      0.26  -0.08     0.04

DEGREE DAYS
 HEATING
  YESTERDAY       43                        38      5       40
  MONTH TO DATE  842                       612    230      625
  SINCE DEC 1   2271                      1818    453     1756
  SINCE JUL 1   3769                      3777     -8     3433

 COOLING
  YESTERDAY        0                         0      0        0
  MONTH TO DATE    0                         0      0        0
  SINCE DEC 1      0                         0      0        0
  SINCE JAN 1      0                         0      0        0
..................................................................


WIND (MPH)
  HIGHEST WIND SPEED    35   HIGHEST WIND DIRECTION     W (260)
  HIGHEST GUST SPEED    41   HIGHEST GUST DIRECTION    SW (240)
  AVERAGE WIND SPEED    19.6


SKY COVER
  POSSIBLE SUNSHINE  MM
  AVERAGE SKY COVER 0.0


WEATHER CONDITIONS
 THE FOLLOWING WEATHER WAS RECORDED YESTERDAY.
  NO SIGNIFICANT WEATHER WAS OBSERVED.


RELATIVE HUMIDITY (PERCENT)
 HIGHEST    64           900 AM
 LOWEST     43          1100 PM
 AVERAGE    54

..........................................................


THE LIVINGSTON MT CLIMATE NORMALS FOR TODAY
                         NORMAL    RECORD    YEAR
 MAXIMUM TEMPERATURE (F)   37        55      1961
 MINIMUM TEMPERATURE (F)   17       -12      1950


SUNRISE AND SUNSET
JANUARY 17 2017.......SUNRISE   757 AM MST   SUNSET   507 PM MST
JANUARY 18 2017.......SUNRISE   756 AM MST   SUNSET   509 PM MST


-  INDICATES NEGATIVE NUMBERS.
R  INDICATES RECORD WAS SET OR TIED.
MM INDICATES DATA IS MISSING.
T  INDICATES TRACE AMOUNT.





&&

THIS IS AN AUTOMATED...UNATTENDED WEATHER STATION AND MAY
UNDERESTIMATE WINTER PRECIPITATION.

$$
