000
CDUS45 KBYZ 300932
CLILVM


CLIMATE REPORT
NATIONAL WEATHER SERVICE BILLINGS MT
331 AM MDT SAT AUG 30 2014


...................................

...THE LIVINGSTON MT CLIMATE SUMMARY FOR AUGUST 29 2014...

CLIMATE NORMAL PERIOD 1981 TO 2010
CLIMATE RECORD PERIOD 1948 TO 2014


WEATHER ITEM   OBSERVED TIME   RECORD YEAR NORMAL DEPARTURE LAST
                VALUE   (LST)  VALUE       VALUE  FROM      YEAR
                                                  NORMAL
..................................................................
TEMPERATURE (F)
 YESTERDAY
  MAXIMUM         85    419 PM  95    2005  80      5       84
                                      1998
  MINIMUM         51    545 AM  35    1992  44      7       51
  AVERAGE         68                        62      6       68

PRECIPITATION (IN)
  YESTERDAY        0.02          1.04 1962   0.04  -0.02     0.01
  MONTH TO DATE    2.28                      1.04   1.24     0.40
  SINCE OCT 1     13.82                     13.53   0.29     9.78
  SINCE JAN 1     11.53                     11.16   0.37     7.48

DEGREE DAYS
 HEATING
  YESTERDAY        0                         4     -4        0
  MONTH TO DATE   51                        58     -7        0
  SINCE JUN 1    255                       315    -60      137
  SINCE JUL 1     60                       108    -48        0

 COOLING
  YESTERDAY        3                         1      2        3
  MONTH TO DATE  123                        85     38      190
  SINCE JUN 1    298                       213     85      418
  SINCE JAN 1    303                       214     89      426
..................................................................


WIND (MPH)
  HIGHEST WIND SPEED    33   HIGHEST WIND DIRECTION     S (170)
  HIGHEST GUST SPEED    41   HIGHEST GUST DIRECTION     S (180)
  AVERAGE WIND SPEED     6.0


SKY COVER
  POSSIBLE SUNSHINE  MM
  AVERAGE SKY COVER 0.2


WEATHER CONDITIONS
 THE FOLLOWING WEATHER WAS RECORDED YESTERDAY.
  THUNDERSTORM
  LIGHT RAIN


RELATIVE HUMIDITY (PERCENT)
 HIGHEST    89           500 AM
 LOWEST     17           400 PM
 AVERAGE    53

..........................................................


THE LIVINGSTON MT CLIMATE NORMALS FOR TODAY
                         NORMAL    RECORD    YEAR
 MAXIMUM TEMPERATURE (F)   80        96      2007
                                             1954
 MINIMUM TEMPERATURE (F)   44        31      1993


SUNRISE AND SUNSET
AUGUST 30 2014........SUNRISE   640 AM MDT   SUNSET   803 PM MDT
AUGUST 31 2014........SUNRISE   642 AM MDT   SUNSET   801 PM MDT


-  INDICATES NEGATIVE NUMBERS.
R  INDICATES RECORD WAS SET OR TIED.
MM INDICATES DATA IS MISSING.
T  INDICATES TRACE AMOUNT.





&&

THIS IS AN AUTOMATED...UNATTENDED WEATHER STATION AND MAY
UNDERESTIMATE WINTER PRECIPITATION.

$$
