000
CDUS45 KBYZ 230723
CLILVM


CLIMATE REPORT
NATIONAL WEATHER SERVICE BILLINGS MT
123 AM MDT SUN JUL 23 2017


...................................

...THE LIVINGSTON MT CLIMATE SUMMARY FOR JULY 22 2017...

CLIMATE NORMAL PERIOD 1981 TO 2010
CLIMATE RECORD PERIOD 1948 TO 2017


WEATHER ITEM   OBSERVED TIME   RECORD YEAR NORMAL DEPARTURE LAST
                VALUE   (LST)  VALUE       VALUE  FROM      YEAR
                                                  NORMAL
..................................................................
TEMPERATURE (F)
 YESTERDAY
  MAXIMUM         91    435 PM 100    2016  87      4      100
  MINIMUM         44    410 AM  40    1954  50     -6       55
  AVERAGE         68                        68      0       78

PRECIPITATION (IN)
  YESTERDAY        0.00          0.78 1970   0.05  -0.05     0.00
  MONTH TO DATE    0.42                      1.12  -0.70     1.16
  SINCE OCT 1     14.10                     12.14   1.96    10.66
  SINCE JAN 1     10.17                      9.77   0.40     6.96

DEGREE DAYS
 HEATING
  YESTERDAY        0                         1     -1        0
  MONTH TO DATE    0                        41    -41       33
  SINCE JUN 1    158                       248    -90      111
  SINCE JUL 1      0                        41    -41       33

 COOLING
  YESTERDAY        3                         4     -1       13
  MONTH TO DATE  168                        70     98       91
  SINCE JUN 1    191                        89    102      161
  SINCE JAN 1    191                        90    101      161
..................................................................


WIND (MPH)
  HIGHEST WIND SPEED    22   HIGHEST WIND DIRECTION     W (280)
  HIGHEST GUST SPEED    32   HIGHEST GUST DIRECTION     W (270)
  AVERAGE WIND SPEED     7.6


SKY COVER
  POSSIBLE SUNSHINE  MM
  AVERAGE SKY COVER 0.0


WEATHER CONDITIONS
 THE FOLLOWING WEATHER WAS RECORDED YESTERDAY.
  NO SIGNIFICANT WEATHER WAS OBSERVED.


RELATIVE HUMIDITY (PERCENT)
 HIGHEST    61           400 AM
 LOWEST      8           400 PM
 AVERAGE    35

..........................................................


THE LIVINGSTON MT CLIMATE NORMALS FOR TODAY
                         NORMAL    RECORD    YEAR
 MAXIMUM TEMPERATURE (F)   87       101      2003
 MINIMUM TEMPERATURE (F)   50        42      2001


SUNRISE AND SUNSET
JULY 23 2017..........SUNRISE   555 AM MDT   SUNSET   901 PM MDT
JULY 24 2017..........SUNRISE   556 AM MDT   SUNSET   859 PM MDT


-  INDICATES NEGATIVE NUMBERS.
R  INDICATES RECORD WAS SET OR TIED.
MM INDICATES DATA IS MISSING.
T  INDICATES TRACE AMOUNT.




$$
