089
CDUS45 KBYZ 061033
CLILVM


CLIMATE REPORT
NATIONAL WEATHER SERVICE BILLINGS MT
332 AM MST TUE DEC 6 2016


...................................

...THE LIVINGSTON MT CLIMATE SUMMARY FOR DECEMBER 5 2016...

CLIMATE NORMAL PERIOD 1981 TO 2010
CLIMATE RECORD PERIOD 1948 TO 2016


WEATHER ITEM   OBSERVED TIME   RECORD YEAR NORMAL DEPARTURE LAST
                VALUE   (LST)  VALUE       VALUE  FROM      YEAR
                                                  NORMAL
..................................................................
TEMPERATURE (F)
 YESTERDAY
  MAXIMUM         29   1214 AM  59    2012  36     -7       43
  MINIMUM         10    544 PM -18    1972  18     -8       31
  AVERAGE         20                        27     -7       37

PRECIPITATION (IN)
  YESTERDAY        0.06          0.39 1978   0.02   0.04     0.01
  MONTH TO DATE    0.10                      0.10   0.00     0.01
  SINCE OCT 1      3.67                      1.95   1.72     2.74
  SINCE JAN 1     13.66                     14.39  -0.73    14.09

DEGREE DAYS
 HEATING
  YESTERDAY       45                        38      7       28
  MONTH TO DATE  177                       188    -11      150
  SINCE DEC 1    177                       188    -11      150
  SINCE JUL 1   1675                      2147   -472     1827

 COOLING
  YESTERDAY        0                         0      0        0
  MONTH TO DATE    0                         0      0        0
  SINCE DEC 1      0                         0      0        0
  SINCE JAN 1    330                       230    100      393
..................................................................


WIND (MPH)
  HIGHEST WIND SPEED    23   HIGHEST WIND DIRECTION    NW (320)
  HIGHEST GUST SPEED    28   HIGHEST GUST DIRECTION    NW (300)
  AVERAGE WIND SPEED     9.5


SKY COVER
  POSSIBLE SUNSHINE  MM
  AVERAGE SKY COVER 0.8


WEATHER CONDITIONS
 THE FOLLOWING WEATHER WAS RECORDED YESTERDAY.
  SNOW
  LIGHT SNOW
  FOG


RELATIVE HUMIDITY (PERCENT)
 HIGHEST    88          1000 PM
 LOWEST     52           400 PM
 AVERAGE    70

..........................................................


THE LIVINGSTON MT CLIMATE NORMALS FOR TODAY
                         NORMAL    RECORD    YEAR
 MAXIMUM TEMPERATURE (F)   36        59      1965
 MINIMUM TEMPERATURE (F)   18       -24      1972


SUNRISE AND SUNSET
DECEMBER  6 2016......SUNRISE   748 AM MST   SUNSET   438 PM MST
DECEMBER  7 2016......SUNRISE   749 AM MST   SUNSET   438 PM MST


-  INDICATES NEGATIVE NUMBERS.
R  INDICATES RECORD WAS SET OR TIED.
MM INDICATES DATA IS MISSING.
T  INDICATES TRACE AMOUNT.





&&

THIS IS AN AUTOMATED...UNATTENDED WEATHER STATION AND MAY
UNDERESTIMATE WINTER PRECIPITATION.

$$
