000
CDUS45 KBYZ 260723
CLILVM


CLIMATE REPORT
NATIONAL WEATHER SERVICE BILLINGS MT
123 AM MDT FRI MAY 26 2017


...................................

...THE LIVINGSTON MT CLIMATE SUMMARY FOR MAY 25 2017...

CLIMATE NORMAL PERIOD 1981 TO 2010
CLIMATE RECORD PERIOD 1948 TO 2017


WEATHER ITEM   OBSERVED TIME   RECORD YEAR NORMAL DEPARTURE LAST
                VALUE   (LST)  VALUE       VALUE  FROM      YEAR
                                                  NORMAL
..................................................................
TEMPERATURE (F)
 YESTERDAY
  MAXIMUM         57    319 PM  86    1999  67    -10       67
  MINIMUM         32   1159 PM  26    2004  39     -7       39
  AVERAGE         45                        53     -8       53

PRECIPITATION (IN)
  YESTERDAY        0.01          2.17 1980   0.10  -0.09      T
  MONTH TO DATE    3.18                      2.07   1.11     1.80
  SINCE OCT 1     11.98                      8.04   3.94     8.16
  SINCE JAN 1      8.05                      5.67   2.38     4.46

DEGREE DAYS
 HEATING
  YESTERDAY       20                        12      8       12
  MONTH TO DATE  355                       380    -25      344
  SINCE MAR 1   1702                      1980   -278     1643
  SINCE JUL 1   6928                      7328   -400     6246

 COOLING
  YESTERDAY        0                         0      0        0
  MONTH TO DATE    0                         0      0        0
  SINCE MAR 1      0                         0      0        0
  SINCE JAN 1      0                         0      0        0
..................................................................


WIND (MPH)
  HIGHEST WIND SPEED    26   HIGHEST WIND DIRECTION     W (250)
  HIGHEST GUST SPEED    34   HIGHEST GUST DIRECTION     W (260)
  AVERAGE WIND SPEED    14.6


SKY COVER
  POSSIBLE SUNSHINE  MM
  AVERAGE SKY COVER 0.7


WEATHER CONDITIONS
 THE FOLLOWING WEATHER WAS RECORDED YESTERDAY.
  LIGHT RAIN


RELATIVE HUMIDITY (PERCENT)
 HIGHEST    96          1100 PM
 LOWEST     34          1200 AM
 AVERAGE    65

..........................................................


THE LIVINGSTON MT CLIMATE NORMALS FOR TODAY
                         NORMAL    RECORD    YEAR
 MAXIMUM TEMPERATURE (F)   67        87      1958
 MINIMUM TEMPERATURE (F)   39        29      2005


SUNRISE AND SUNSET
MAY 26 2017...........SUNRISE   540 AM MDT   SUNSET   859 PM MDT
MAY 27 2017...........SUNRISE   539 AM MDT   SUNSET   900 PM MDT


-  INDICATES NEGATIVE NUMBERS.
R  INDICATES RECORD WAS SET OR TIED.
MM INDICATES DATA IS MISSING.
T  INDICATES TRACE AMOUNT.




$$
