985
CDUS45 KBYZ 240933
CLILVM


CLIMATE REPORT
NATIONAL WEATHER SERVICE BILLINGS MT
331 AM MDT SUN JUL 24 2016


...................................

...THE LIVINGSTON MT CLIMATE SUMMARY FOR JULY 23 2016...

CLIMATE NORMAL PERIOD 1981 TO 2010
CLIMATE RECORD PERIOD 1948 TO 2016


WEATHER ITEM   OBSERVED TIME   RECORD YEAR NORMAL DEPARTURE LAST
                VALUE   (LST)  VALUE       VALUE  FROM      YEAR
                                                  NORMAL
..................................................................
TEMPERATURE (F)
 YESTERDAY
  MAXIMUM         83    410 PM 101    2003  87     -4       76
  MINIMUM         58    513 AM  42    2001  50      8       56
  AVERAGE         71                        68      3       66

PRECIPITATION (IN)
  YESTERDAY        T             1.26 1992   0.04  -0.04     0.36
  MONTH TO DATE    1.16                      1.16   0.00     0.99
  SINCE OCT 1     10.66                     12.18  -1.52    10.47
  SINCE JAN 1      6.96                      9.81  -2.85     8.68

DEGREE DAYS
 HEATING
  YESTERDAY        0                         1     -1        0
  MONTH TO DATE   33                        42     -9        2
  SINCE JUN 1    111                       249   -138       56
  SINCE JUL 1     33                        42     -9        2

 COOLING
  YESTERDAY        6                         4      2        1
  MONTH TO DATE   97                        74     23       90
  SINCE JUN 1    167                        93     74      189
  SINCE JAN 1    167                        94     73      190
..................................................................


WIND (MPH)
  HIGHEST WIND SPEED    25   HIGHEST WIND DIRECTION     W (280)
  HIGHEST GUST SPEED    31   HIGHEST GUST DIRECTION     W (250)
  AVERAGE WIND SPEED    12.4


SKY COVER
  POSSIBLE SUNSHINE  MM
  AVERAGE SKY COVER 0.1


WEATHER CONDITIONS
 THE FOLLOWING WEATHER WAS RECORDED YESTERDAY.
  LIGHT RAIN


RELATIVE HUMIDITY (PERCENT)
 HIGHEST    49           300 AM
 LOWEST     15          1200 PM
 AVERAGE    32

..........................................................


THE LIVINGSTON MT CLIMATE NORMALS FOR TODAY
                         NORMAL    RECORD    YEAR
 MAXIMUM TEMPERATURE (F)   87        99      1999
 MINIMUM TEMPERATURE (F)   50        41      2010


SUNRISE AND SUNSET
JULY 24 2016..........SUNRISE   557 AM MDT   SUNSET   859 PM MDT
JULY 25 2016..........SUNRISE   558 AM MDT   SUNSET   858 PM MDT


-  INDICATES NEGATIVE NUMBERS.
R  INDICATES RECORD WAS SET OR TIED.
MM INDICATES DATA IS MISSING.
T  INDICATES TRACE AMOUNT.





&&

THIS IS AN AUTOMATED...UNATTENDED WEATHER STATION AND MAY
UNDERESTIMATE WINTER PRECIPITATION.

$$
