468
CDUS45 KBYZ 242323
CLILVM


CLIMATE REPORT
NATIONAL WEATHER SERVICE BILLINGS MT
423 PM MST FRI NOV 24 2017


...................................

...THE LIVINGSTON MT CLIMATE SUMMARY FOR NOVEMBER 24 2017...
VALID TODAY AS OF 0400 PM LOCAL TIME.

CLIMATE NORMAL PERIOD 1981 TO 2010
CLIMATE RECORD PERIOD 1948 TO 2017


WEATHER ITEM   OBSERVED TIME   RECORD YEAR NORMAL DEPARTURE LAST
                VALUE   (LST)  VALUE       VALUE  FROM      YEAR
                                                  NORMAL
..................................................................
TEMPERATURE (F)
 TODAY
  MAXIMUM         59   1213 AM  63    1954  40     19       41
  MINIMUM         38    744 AM -13    2010  21     17       31
  AVERAGE         49                        30     19       36

PRECIPITATION (IN)
  TODAY            0.06          0.16 1998   0.02   0.04     0.00
  MONTH TO DATE    1.65                      0.47   1.18     0.19
  SINCE OCT 1      1.89                      1.73   0.16     3.51
  SINCE JAN 1     15.79                     14.17   1.62    13.50

DEGREE DAYS
 HEATING
  TODAY           16                        35    -19       29
  MONTH TO DATE  756                       717     39      456
  SINCE SEP 1   1663                      1627     36     1218
  SINCE JUL 1   1686                      1745    -59     1306

 COOLING
  TODAY            0                         0      0        0
  MONTH TO DATE    0                         0      0        0
  SINCE SEP 1     53                        15     38       18
  SINCE JAN 1    397                       230    167      330
..................................................................


WIND (MPH)
  HIGHEST WIND SPEED    46   HIGHEST WIND DIRECTION     W (270)
  HIGHEST GUST SPEED    58   HIGHEST GUST DIRECTION    SW (210)
  AVERAGE WIND SPEED    24.2


SKY COVER
  POSSIBLE SUNSHINE  MM
  AVERAGE SKY COVER 0.4


WEATHER CONDITIONS
 THE FOLLOWING WEATHER WAS RECORDED TODAY.
  LIGHT RAIN
  FOG


RELATIVE HUMIDITY (PERCENT)
 HIGHEST    70           600 AM
 LOWEST     39          1200 PM
 AVERAGE    55

..........................................................


THE LIVINGSTON MT CLIMATE NORMALS FOR TOMORROW
                         NORMAL    RECORD    YEAR
 MAXIMUM TEMPERATURE (F)   39        62      1950
 MINIMUM TEMPERATURE (F)   21        -8      1985


SUNRISE AND SUNSET
NOVEMBER 24 2017......SUNRISE   734 AM MST   SUNSET   443 PM MST
NOVEMBER 25 2017......SUNRISE   735 AM MST   SUNSET   442 PM MST


-  INDICATES NEGATIVE NUMBERS.
R  INDICATES RECORD WAS SET OR TIED.
MM INDICATES DATA IS MISSING.
T  INDICATES TRACE AMOUNT.




$$
