000
CDUS45 KBYZ 190932
CLILVM


CLIMATE REPORT
NATIONAL WEATHER SERVICE BILLINGS MT
331 AM MDT SAT APR 19 2014


...................................

...THE LIVINGSTON MT CLIMATE SUMMARY FOR APRIL 18 2014...

CLIMATE NORMAL PERIOD 1981 TO 2010
CLIMATE RECORD PERIOD 1948 TO 2014


WEATHER ITEM   OBSERVED TIME   RECORD YEAR NORMAL DEPARTURE LAST
                VALUE   (LST)  VALUE       VALUE  FROM      YEAR
                                                  NORMAL
..................................................................
TEMPERATURE (F)
 YESTERDAY
  MAXIMUM         60    150 PM  78    1949  56      4       51
  MINIMUM         37   1158 PM  14    2013  29      8       14
                                      1953
  AVERAGE         49                        42      7       33

PRECIPITATION (IN)
  YESTERDAY        0.34          0.96 2005   0.07   0.27     0.00
  MONTH TO DATE    0.64                      0.96  -0.32     0.26
  SINCE OCT 1      6.01                      5.16   0.85     3.32
  SINCE JAN 1      3.72                      2.79   0.93     1.02

DEGREE DAYS
 HEATING
  YESTERDAY       16                        23     -7       32
  MONTH TO DATE  381                       441    -60      492
  SINCE MAR 1   1310                      1352    -42     1376
  SINCE JUL 1   6553                      6700   -147     6043

 COOLING
  YESTERDAY        0                         0      0        0
  MONTH TO DATE    0                         0      0        0
  SINCE MAR 1      0                         0      0        0
  SINCE JAN 1      0                         0      0        0
..................................................................


WIND (MPH)
  HIGHEST WIND SPEED    41   HIGHEST WIND DIRECTION     W (280)
  HIGHEST GUST SPEED    54   HIGHEST GUST DIRECTION     W (280)
  AVERAGE WIND SPEED    16.8


SKY COVER
  POSSIBLE SUNSHINE  MM
  AVERAGE SKY COVER 0.6


WEATHER CONDITIONS
 THE FOLLOWING WEATHER WAS RECORDED YESTERDAY.
  THUNDERSTORM
  RAIN
  LIGHT RAIN
  FOG


RELATIVE HUMIDITY (PERCENT)
 HIGHEST    82           900 AM
 LOWEST     24           600 PM
 AVERAGE    53

..........................................................


THE LIVINGSTON MT CLIMATE NORMALS FOR TODAY
                         NORMAL    RECORD    YEAR
 MAXIMUM TEMPERATURE (F)   56        86      1962
 MINIMUM TEMPERATURE (F)   30        12      1972


SUNRISE AND SUNSET
APRIL 19 2014.........SUNRISE   629 AM MDT   SUNSET   814 PM MDT
APRIL 20 2014.........SUNRISE   627 AM MDT   SUNSET   815 PM MDT


-  INDICATES NEGATIVE NUMBERS.
R  INDICATES RECORD WAS SET OR TIED.
MM INDICATES DATA IS MISSING.
T  INDICATES TRACE AMOUNT.





&&

THIS IS AN AUTOMATED...UNATTENDED WEATHER STATION AND MAY
UNDERESTIMATE WINTER PRECIPITATION.

$$
