000
CDUS41 KRNK 310923
CLILWB


CLIMATE REPORT
NATIONAL WEATHER SERVICE BLACKSBURG VA
522 AM EDT FRI OCT 31 2014


...................................

...THE LEWISBURG WV CLIMATE SUMMARY FOR OCTOBER 30 2014...

CLIMATE NORMAL PERIOD 1981 TO 2010
CLIMATE RECORD PERIOD 1973 TO 2014


WEATHER ITEM   OBSERVED TIME   RECORD YEAR NORMAL DEPARTURE
                VALUE   (LST)  VALUE       VALUE  FROM
                                                  NORMAL
...............................................................
TEMPERATURE (F)
 YESTERDAY
  MAXIMUM         50        MM  75    1996  60    -10
  MINIMUM         32        MM  23    2005  33     -1
  AVERAGE         41                        47     -6

PRECIPITATION (IN)
  YESTERDAY        0.00          0.01 2012   0.10  -0.10
  MONTH TO DATE    3.18                      2.48   0.70
  SINCE SEP 1      4.16                      5.76  -1.60
  SINCE JAN 1     22.85                     33.86 -11.01

SNOWFALL (IN)
  YESTERDAY        0.0
  MONTH TO DATE    0.0
  SINCE SEP 1      0.0
  SINCE JUL 1      0.0
  SNOW DEPTH       0

DEGREE DAYS
 HEATING
  YESTERDAY       24                                6
  MONTH TO DATE  307                             -110
  SINCE SEP 1    379                             -172
  SINCE JUL 1    401                             -178

 COOLING
  YESTERDAY        0                                0
  MONTH TO DATE    5                                5
  SINCE SEP 1    102                               59
  SINCE JAN 1    619                              126
...............................................................


WIND (MPH)
  HIGHEST WIND SPEED     7   HIGHEST WIND DIRECTION     N (350)
  HIGHEST GUST SPEED    MM   HIGHEST GUST DIRECTION    MM
  AVERAGE WIND SPEED     1.9




RELATIVE HUMIDITY (PERCENT)
 HIGHEST    96
 LOWEST     50
 AVERAGE    73

..........................................................


THE LEWISBURG WV CLIMATE NORMALS FOR TODAY
                         NORMAL    RECORD    YEAR
 MAXIMUM TEMPERATURE (F)   60        75      1974
 MINIMUM TEMPERATURE (F)   33        27      2008


SUNRISE AND SUNSET
OCTOBER 31 2014.......SUNRISE   746 AM EDT   SUNSET   624 PM EDT
NOVEMBER  1 2014......SUNRISE   747 AM EDT   SUNSET   623 PM EDT


-  INDICATES NEGATIVE NUMBERS.
R  INDICATES RECORD WAS SET OR TIED.
MM INDICATES DATA IS MISSING.
T  INDICATES TRACE AMOUNT.

REMARKS

DUE TO MISSING PRECIPITATION DATA ON JANUARY 25...THE ANNUAL
TOTAL AND DEPARTURE FROM NORMAL FOR PRECIPITATION WILL BE
CALCULATED WITHOUT DATA FROM THAT DATE.

$$

MBS
