000
CDUS43 KTOP 222136
CLILWC


CLIMATE REPORT
NATIONAL WEATHER SERVICE TOPEKA KS
436 PM CDT SUN OCT 22 2017


...................................

...THE LAWRENCE KS CLIMATE SUMMARY FOR OCTOBER 22 2017...
VALID TODAY AS OF 0400 PM LOCAL TIME.

CLIMATE NORMAL PERIOD 1981 TO 2010
CLIMATE RECORD PERIOD 9999 TO 9999


WEATHER ITEM   OBSERVED NORMAL DEPARTURE LAST
                VALUE   VALUE  FROM      YEAR
                               NORMAL
...............................................
TEMPERATURE (F)
 TODAY
  MAXIMUM         69     67      2       74
  MINIMUM         45     41      4       42
  AVERAGE         57     54      3       58

PRECIPITATION (IN)
  TODAY            0.13   0.07   0.06     0.00
  MONTH TO DATE    3.40   2.24   1.16     1.53
  SINCE SEP 1      6.87   6.40   0.47     7.65
  SINCE JAN 1     34.01  34.26  -0.25    31.24

DEGREE DAYS
 HEATING
  TODAY            8     11     -3        7
  MONTH TO DATE   91    182    -91      128
  SINCE SEP 1    110    242   -132      156
  SINCE JUL 1    113    245   -132      156

 COOLING
  TODAY            0      0      0        0
  MONTH TO DATE   45     24     21       37
  SINCE SEP 1    248    177     71      258
  SINCE JAN 1   1327   1368    -41     1575
...............................................


WIND (MPH)
  HIGHEST WIND SPEED    15   HIGHEST WIND DIRECTION    NE (40)
  HIGHEST GUST SPEED    19   HIGHEST GUST DIRECTION     N (20)
  AVERAGE WIND SPEED     7.4



WEATHER CONDITIONS
 THE FOLLOWING WEATHER WAS RECORDED TODAY.
  THUNDERSTORM
  LIGHT RAIN
  FOG


RELATIVE HUMIDITY (PERCENT)
 HIGHEST   100
 LOWEST     30
 AVERAGE    65

..........................................................


THE LAWRENCE KS CLIMATE NORMALS FOR TOMORROW
                         NORMAL
 MAXIMUM TEMPERATURE (F)   66
 MINIMUM TEMPERATURE (F)   41


SUNRISE AND SUNSET
OCTOBER 22 2017.......SUNRISE   738 AM CDT   SUNSET   632 PM CDT
OCTOBER 23 2017.......SUNRISE   739 AM CDT   SUNSET   631 PM CDT


-  INDICATES NEGATIVE NUMBERS.
R  INDICATES RECORD WAS SET OR TIED.
MM INDICATES DATA IS MISSING.
T  INDICATES TRACE AMOUNT.




$$
