000
CDUS43 KTOP 010631
CLILWC


CLIMATE REPORT
NATIONAL WEATHER SERVICE TOPEKA KS
131 AM CDT TUE SEP 1 2015


...................................

...THE LAWRENCE KS CLIMATE SUMMARY FOR AUGUST 31 2015...

CLIMATE NORMAL PERIOD 1981 TO 2010
CLIMATE RECORD PERIOD 9999 TO 9999


WEATHER ITEM   OBSERVED NORMAL DEPARTURE LAST
                VALUE   VALUE  FROM      YEAR
                               NORMAL
...............................................
TEMPERATURE (F)
 YESTERDAY
  MAXIMUM         91     87      4      100
  MINIMUM         63     61      2       67
  AVERAGE         77     74      3       84

PRECIPITATION (IN)
  YESTERDAY        0.00   0.14  -0.14     1.30
  MONTH TO DATE    2.92   4.33  -1.41     5.83
  SINCE JUN 1     15.64  13.97   1.67    16.79
  SINCE JAN 1     29.92  27.86   2.06    24.45

DEGREE DAYS
 HEATING
  YESTERDAY        0      0      0        0
  MONTH TO DATE    1      0      1        0
  SINCE JUN 1      5     11     -6        1
  SINCE JUL 1      2      3     -1        1

 COOLING
  YESTERDAY       12      9      3       19
  MONTH TO DATE  295    383    -88      480
  SINCE JUN 1   1053   1072    -19     1114
  SINCE JAN 1   1129   1191    -62     1307
...............................................


WIND (MPH)
  HIGHEST WIND SPEED    15   HIGHEST WIND DIRECTION     S (160)
  HIGHEST GUST SPEED    19   HIGHEST GUST DIRECTION     S (190)
  AVERAGE WIND SPEED     6.1


SKY COVER
  AVERAGE SKY COVER 0.2


WEATHER CONDITIONS
 THE FOLLOWING WEATHER WAS RECORDED YESTERDAY.
  FOG
  FOG W/VISIBILITY <= 1/4 MILE
  HAZE


RELATIVE HUMIDITY (PERCENT)
 HIGHEST   100
 LOWEST     47
 AVERAGE    74

..........................................................


THE LAWRENCE KS CLIMATE NORMALS FOR TODAY
                         NORMAL
 MAXIMUM TEMPERATURE (F)   87
 MINIMUM TEMPERATURE (F)   61


SUNRISE AND SUNSET
SEPTEMBER  1 2015.....SUNRISE   649 AM CDT   SUNSET   752 PM CDT
SEPTEMBER  2 2015.....SUNRISE   650 AM CDT   SUNSET   750 PM CDT


-  INDICATES NEGATIVE NUMBERS.
R  INDICATES RECORD WAS SET OR TIED.
MM INDICATES DATA IS MISSING.
T  INDICATES TRACE AMOUNT.




$$
