000
CDUS43 KTOP 250633
CLILWC


CLIMATE REPORT
NATIONAL WEATHER SERVICE TOPEKA KS
132 AM CDT SUN JUN 25 2017


...................................

...THE LAWRENCE KS CLIMATE SUMMARY FOR JUNE 24 2017...

CLIMATE NORMAL PERIOD 1981 TO 2010
CLIMATE RECORD PERIOD 9999 TO 9999


WEATHER ITEM   OBSERVED NORMAL DEPARTURE LAST
                VALUE   VALUE  FROM      YEAR
                               NORMAL
...............................................
TEMPERATURE (F)
 YESTERDAY
  MAXIMUM         79     87     -8       92
  MINIMUM         53     65    -12       65
  AVERAGE         66     76    -10       79

PRECIPITATION (IN)
  YESTERDAY        0.00   0.15  -0.15      T
  MONTH TO DATE    3.83   4.55  -0.72     0.90
  SINCE JUN 1      3.83   4.55  -0.72     0.90
  SINCE JAN 1     16.85  18.44  -1.59    15.54

DEGREE DAYS
 HEATING
  YESTERDAY        0      0      0        0
  MONTH TO DATE    0      6     -6        0
  SINCE JUN 1      0      6     -6        0
  SINCE JUL 1   4148   5090   -942     4369

 COOLING
  YESTERDAY        1     11    -10       14
  MONTH TO DATE  246    206     40      325
  SINCE JUN 1    246    206     40      325
  SINCE JAN 1    353    325     28      405
...............................................


WIND (MPH)
  HIGHEST WIND SPEED    16   HIGHEST WIND DIRECTION    NW (300)
  HIGHEST GUST SPEED    20   HIGHEST GUST DIRECTION    NW (300)
  AVERAGE WIND SPEED     5.7


SKY COVER
  AVERAGE SKY COVER 0.1


WEATHER CONDITIONS
 THE FOLLOWING WEATHER WAS RECORDED YESTERDAY.
  FOG
  HAZE


RELATIVE HUMIDITY (PERCENT)
 HIGHEST   100
 LOWEST     30
 AVERAGE    65

..........................................................


THE LAWRENCE KS CLIMATE NORMALS FOR TODAY
                         NORMAL
 MAXIMUM TEMPERATURE (F)   87
 MINIMUM TEMPERATURE (F)   65


SUNRISE AND SUNSET
JUNE 25 2017..........SUNRISE   557 AM CDT   SUNSET   851 PM CDT
JUNE 26 2017..........SUNRISE   557 AM CDT   SUNSET   851 PM CDT


-  INDICATES NEGATIVE NUMBERS.
R  INDICATES RECORD WAS SET OR TIED.
MM INDICATES DATA IS MISSING.
T  INDICATES TRACE AMOUNT.




$$
