000
CDUS43 KTOP 170633
CLILWC


CLIMATE REPORT
NATIONAL WEATHER SERVICE TOPEKA KS
1231 AM CST WED JAN 17 2018


...................................

...THE LAWRENCE KS CLIMATE SUMMARY FOR JANUARY 16 2018...

CLIMATE NORMAL PERIOD 1981 TO 2010
CLIMATE RECORD PERIOD 9999 TO 9999


WEATHER ITEM   OBSERVED NORMAL DEPARTURE LAST
                VALUE   VALUE  FROM      YEAR
                               NORMAL
...............................................
TEMPERATURE (F)
 YESTERDAY
  MAXIMUM         13     40    -27       47
  MINIMUM         -7     18    -25       33
  AVERAGE          3     29    -26       40

PRECIPITATION (IN)
  YESTERDAY        0.00   0.04  -0.04     0.51
  MONTH TO DATE    0.58   0.45   0.13     0.93
  SINCE DEC 1      0.82   1.92  -1.10     1.93
  SINCE JAN 1      0.58   0.45   0.13     0.93

DEGREE DAYS
 HEATING
  YESTERDAY       62     36     26       25
  MONTH TO DATE  695    576    119      612
  SINCE DEC 1   1700   1611     89     1643
  SINCE JUL 1   2590   2619    -29     2287

 COOLING
  YESTERDAY        0      0      0        0
  MONTH TO DATE    0      0      0        0
  SINCE DEC 1      0      0      0        0
  SINCE JAN 1      0      0      0        0
...............................................


WIND (MPH)
  HIGHEST WIND SPEED    17   HIGHEST WIND DIRECTION    NW (310)
  HIGHEST GUST SPEED    21   HIGHEST GUST DIRECTION    NW (310)
  AVERAGE WIND SPEED     7.0


SKY COVER
  AVERAGE SKY COVER 0.1


WEATHER CONDITIONS
 THE FOLLOWING WEATHER WAS RECORDED YESTERDAY.
  NO SIGNIFICANT WEATHER WAS OBSERVED.


RELATIVE HUMIDITY (PERCENT)
 HIGHEST    87
 LOWEST     61
 AVERAGE    74

..........................................................


THE LAWRENCE KS CLIMATE NORMALS FOR TODAY
                         NORMAL
 MAXIMUM TEMPERATURE (F)   40
 MINIMUM TEMPERATURE (F)   18


SUNRISE AND SUNSET
JANUARY 17 2018.......SUNRISE   737 AM CST   SUNSET   525 PM CST
JANUARY 18 2018.......SUNRISE   737 AM CST   SUNSET   526 PM CST


-  INDICATES NEGATIVE NUMBERS.
R  INDICATES RECORD WAS SET OR TIED.
MM INDICATES DATA IS MISSING.
T  INDICATES TRACE AMOUNT.




$$
