000
CDUS43 KTOP 200634
CLILWC


CLIMATE REPORT
NATIONAL WEATHER SERVICE TOPEKA KS
134 AM CDT SAT SEP 20 2014


...................................

...THE LAWRENCE KS CLIMATE SUMMARY FOR SEPTEMBER 19 2014...

CLIMATE NORMAL PERIOD 1981 TO 2010
CLIMATE RECORD PERIOD 9999 TO 9999


WEATHER ITEM   OBSERVED NORMAL DEPARTURE LAST
                VALUE   VALUE  FROM      YEAR
                               NORMAL
...............................................
TEMPERATURE (F)
 YESTERDAY
  MAXIMUM         81     80      1       94
  MINIMUM         58     53      5       67
  AVERAGE         70     67      3       81

PRECIPITATION (IN)
  YESTERDAY        0.00   0.12  -0.12     1.19
  MONTH TO DATE    4.49   2.74   1.75     2.94
  SINCE SEP 1      4.49   2.74   1.75     2.94
  SINCE JAN 1     28.94  30.60  -1.66    23.22

DEGREE DAYS
 HEATING
  YESTERDAY        0      2     -2        0
  MONTH TO DATE   62     17     45        3
  SINCE SEP 1     62     17     45        3
  SINCE JUL 1     63     20     43        3

 COOLING
  YESTERDAY        5      4      1       16
  MONTH TO DATE   74    120    -46      211
  SINCE SEP 1     74    120    -46      211
  SINCE JAN 1   1381   1311     70     1432
...............................................


WIND (MPH)
  HIGHEST WIND SPEED    16   HIGHEST WIND DIRECTION     S (170)
  HIGHEST GUST SPEED    19   HIGHEST GUST DIRECTION     S (170)
  AVERAGE WIND SPEED     8.7


SKY COVER
  AVERAGE SKY COVER 0.5


WEATHER CONDITIONS
 THE FOLLOWING WEATHER WAS RECORDED YESTERDAY.
  FOG
  FOG W/VISIBILITY <= 1/4 MILE
  HAZE


RELATIVE HUMIDITY (PERCENT)
 HIGHEST   100
 LOWEST     62
 AVERAGE    81

..........................................................


THE LAWRENCE KS CLIMATE NORMALS FOR TODAY
                         NORMAL
 MAXIMUM TEMPERATURE (F)   80
 MINIMUM TEMPERATURE (F)   53


SUNRISE AND SUNSET
SEPTEMBER 20 2014.....SUNRISE   707 AM CDT   SUNSET   721 PM CDT
SEPTEMBER 21 2014.....SUNRISE   708 AM CDT   SUNSET   719 PM CDT


-  INDICATES NEGATIVE NUMBERS.
R  INDICATES RECORD WAS SET OR TIED.
MM INDICATES DATA IS MISSING.
T  INDICATES TRACE AMOUNT.




$$
