000
CDUS43 KTOP 180631
CLILWC


CLIMATE REPORT
NATIONAL WEATHER SERVICE TOPEKA KS
131 AM CDT FRI APR 18 2014


...................................

...THE LAWRENCE KS CLIMATE SUMMARY FOR APRIL 17 2014...

CLIMATE NORMAL PERIOD 1981 TO 2010
CLIMATE RECORD PERIOD 9999 TO 9999


WEATHER ITEM   OBSERVED NORMAL DEPARTURE LAST
                VALUE   VALUE  FROM      YEAR
                               NORMAL
...............................................
TEMPERATURE (F)
 YESTERDAY
  MAXIMUM         51     68    -17       51
  MINIMUM         32     43    -11       45
  AVERAGE         42     55    -13       48

PRECIPITATION (IN)
  YESTERDAY        0.00   0.13  -0.13     0.42
  MONTH TO DATE    1.96   1.83   0.13     2.10
  SINCE MAR 1      2.93   4.45  -1.52     3.78
  SINCE JAN 1      3.98   6.76  -2.78     6.50

DEGREE DAYS
 HEATING
  YESTERDAY       23     10     13       17
  MONTH TO DATE  264    216     48      275
  SINCE MAR 1   1005    857    148     1091
  SINCE JUL 1   5431   4872    559     4922

 COOLING
  YESTERDAY        0      1     -1        0
  MONTH TO DATE    5     10     -5        0
  SINCE MAR 1      5     13     -8        0
  SINCE JAN 1      5     13     -8        0
...............................................


WIND (MPH)
  HIGHEST WIND SPEED    17   HIGHEST WIND DIRECTION     N (350)
  HIGHEST GUST SPEED    22   HIGHEST GUST DIRECTION     N (350)
  AVERAGE WIND SPEED     6.2


SKY COVER
  AVERAGE SKY COVER 0.3


WEATHER CONDITIONS
 THE FOLLOWING WEATHER WAS RECORDED YESTERDAY.
  FOG


RELATIVE HUMIDITY (PERCENT)
 HIGHEST    89
 LOWEST     50
 AVERAGE    70

..........................................................


THE LAWRENCE KS CLIMATE NORMALS FOR TODAY
                         NORMAL
 MAXIMUM TEMPERATURE (F)   68
 MINIMUM TEMPERATURE (F)   44


SUNRISE AND SUNSET
APRIL 18 2014.........SUNRISE   640 AM CDT   SUNSET   801 PM CDT
APRIL 19 2014.........SUNRISE   639 AM CDT   SUNSET   802 PM CDT


-  INDICATES NEGATIVE NUMBERS.
R  INDICATES RECORD WAS SET OR TIED.
MM INDICATES DATA IS MISSING.
T  INDICATES TRACE AMOUNT.




$$
