304
CDUS46 KOTX 260825
CLILWS


CLIMATE REPORT
NATIONAL WEATHER SERVICE SPOKANE, WA
1225 AM PST SUN FEB 26 2017


...................................

...THE LEWISTON ID AIRPORT CLIMATE SUMMARY FOR FEBRUARY 25 2017...

CLIMATE NORMAL PERIOD 1981 TO 2010
CLIMATE RECORD PERIOD 1881 TO 2017


WEATHER ITEM   OBSERVED TIME   RECORD YEAR NORMAL DEPARTURE LAST
                VALUE   (LST)  VALUE       VALUE  FROM      YEAR
                                                  NORMAL
..................................................................
TEMPERATURE (F)
 YESTERDAY
  MAXIMUM         42    350 PM  66    1905  49     -7       58
  MINIMUM         22    637 AM  11    2011  32    -10       31
  AVERAGE         32                        40     -8       45

PRECIPITATION (IN)
  YESTERDAY        T             0.47 1907   0.03  -0.03     0.00
  MONTH TO DATE    1.65                      0.69   0.96     0.47
  SINCE OCT 1      7.34                      4.88   2.46     4.85
  SINCE JAN 1      2.46                      1.77   0.69     1.40

SNOWFALL (IN)
  YESTERDAY        0.0           3.9  1917   0.0    0.0      0.0
  MONTH TO DATE    3.6                       1.9    1.7      0.2
  SINCE DEC 1     30.0                       7.8   22.2      6.4
  SINCE JUL 1     30.0                       9.6   20.4      6.4
  SNOW DEPTH       0

DEGREE DAYS
 HEATING
  YESTERDAY       33                        25      8       20
  MONTH TO DATE  680                       664     16      517
  SINCE DEC 1   2994                      2543    451     2190
  SINCE JUL 1   3943                      3783    160     3193

 COOLING
  YESTERDAY        0                         0      0        0
  MONTH TO DATE    0                         0      0        0
  SINCE DEC 1      0                         0      0        0
  SINCE JAN 1      0                         0      0        0
..................................................................


WIND (MPH)
  HIGHEST WIND SPEED     8   HIGHEST WIND DIRECTION    SE (130)
  HIGHEST GUST SPEED    10   HIGHEST GUST DIRECTION     E (110)
  AVERAGE WIND SPEED     1.4


SKY COVER
  POSSIBLE SUNSHINE  MM
  AVERAGE SKY COVER 0.5


WEATHER CONDITIONS
 THE FOLLOWING WEATHER WAS RECORDED YESTERDAY.
  LIGHT RAIN


RELATIVE HUMIDITY (PERCENT)
 HIGHEST    81           400 AM
 LOWEST     43           300 PM
 AVERAGE    62

..........................................................


THE LEWISTON ID AIRPORT CLIMATE NORMALS FOR TODAY
                         NORMAL    RECORD    YEAR
 MAXIMUM TEMPERATURE (F)   49        66      1932
                                             1905
 MINIMUM TEMPERATURE (F)   32         5      1962


SUNRISE AND SUNSET
FEBRUARY 26 2017......SUNRISE   632 AM PST   SUNSET   530 PM PST
FEBRUARY 27 2017......SUNRISE   630 AM PST   SUNSET   532 PM PST


-  INDICATES NEGATIVE NUMBERS.
R  INDICATES RECORD WAS SET OR TIED.
MM INDICATES DATA IS MISSING.
T  INDICATES TRACE AMOUNT.




$$
