000
CDUS46 KOTX 260831
CLILWS


CLIMATE REPORT
NATIONAL WEATHER SERVICE SPOKANE, WA
128 AM PDT TUE MAY 26 2015


...................................

...THE LEWISTON ID AIRPORT CLIMATE SUMMARY FOR MAY 25 2015...

CLIMATE NORMAL PERIOD 1981 TO 2010
CLIMATE RECORD PERIOD 1881 TO 2015


WEATHER ITEM   OBSERVED TIME   RECORD YEAR NORMAL DEPARTURE LAST
                VALUE   (LST)  VALUE       VALUE  FROM      YEAR
                                                  NORMAL
..................................................................
TEMPERATURE (F)
 YESTERDAY
  MAXIMUM         75    329 PM 101    1928  73      2       81
  MINIMUM         57    513 AM  35    1955  49      8       49
                                      1918
  AVERAGE         66                        61      5       65

PRECIPITATION (IN)
  YESTERDAY        0.01          0.44 1897   0.05  -0.04     0.01
  MONTH TO DATE    1.02                      1.27  -0.25     0.37
  SINCE OCT 1      8.97                      8.71   0.26     6.67
  SINCE JAN 1      4.78                      5.60  -0.82     5.14

SNOWFALL (IN)
  YESTERDAY        0.0           0.0  1995   0.0    0.0      0.0
  MONTH TO DATE    0.0                       0.0    0.0      0.0
  SINCE MAR 1      0.0                       0.7   -0.7      0.6
  SINCE JUL 1      1.5                      10.5   -9.0     16.5
  SNOW DEPTH       0

DEGREE DAYS
 HEATING
  YESTERDAY        0                         5     -5        0
  MONTH TO DATE   85                       192   -107      110
  SINCE MAR 1    982                      1217   -235     1110
  SINCE JUL 1   4204                      5072   -868     5271

 COOLING
  YESTERDAY        1                         1      0        0
  MONTH TO DATE   21                        22     -1       25
  SINCE MAR 1     22                        24     -2       25
  SINCE JAN 1     22                        24     -2       25
..................................................................


WIND (MPH)
  HIGHEST WIND SPEED    10   HIGHEST WIND DIRECTION     N (360)
  HIGHEST GUST SPEED    13   HIGHEST GUST DIRECTION     N (340)
  AVERAGE WIND SPEED     4.3


SKY COVER
  POSSIBLE SUNSHINE  MM
  AVERAGE SKY COVER 0.5


WEATHER CONDITIONS
 THE FOLLOWING WEATHER WAS RECORDED YESTERDAY.
  THUNDERSTORM
  RAIN
  LIGHT RAIN


RELATIVE HUMIDITY (PERCENT)
 HIGHEST    86           400 AM
 LOWEST     38           300 PM
 AVERAGE    62

..........................................................


THE LEWISTON ID AIRPORT CLIMATE NORMALS FOR TODAY
                         NORMAL    RECORD    YEAR
 MAXIMUM TEMPERATURE (F)   73       103      1936
 MINIMUM TEMPERATURE (F)   50        34      1918


SUNRISE AND SUNSET
MAY 26 2015...........SUNRISE   504 AM PDT   SUNSET   827 PM PDT
MAY 27 2015...........SUNRISE   503 AM PDT   SUNSET   828 PM PDT


-  INDICATES NEGATIVE NUMBERS.
R  INDICATES RECORD WAS SET OR TIED.
MM INDICATES DATA IS MISSING.
T  INDICATES TRACE AMOUNT.




$$
