000
CDUS46 KOTX 310826
CLILWS


CLIMATE REPORT
NATIONAL WEATHER SERVICE SPOKANE, WA
125 AM PDT TUE MAY 31 2016


...................................

...THE LEWISTON ID AIRPORT CLIMATE SUMMARY FOR MAY 30 2016...

CLIMATE NORMAL PERIOD 1981 TO 2010
CLIMATE RECORD PERIOD 1881 TO 2016


WEATHER ITEM   OBSERVED TIME   RECORD YEAR NORMAL DEPARTURE LAST
                VALUE   (LST)  VALUE       VALUE  FROM      YEAR
                                                  NORMAL
..................................................................
TEMPERATURE (F)
 YESTERDAY
  MAXIMUM         76    439 PM  99    1986  74      2       87
  MINIMUM         53    420 AM  32    1951  50      3       64
  AVERAGE         65                        62      3       76

PRECIPITATION (IN)
  YESTERDAY        0.00          0.33 1987   0.06  -0.06     0.00
  MONTH TO DATE    1.53                      1.56  -0.03     1.02
  SINCE OCT 1     10.27                      9.00   1.27     8.97
  SINCE JAN 1      6.82                      5.89   0.93     4.78

SNOWFALL (IN)
  YESTERDAY        0.0           T    1990   0.0    0.0      0.0
  MONTH TO DATE    0.0                       0.0    0.0      0.0
  SINCE MAR 1      0.0                       0.7   -0.7      0.0
  SINCE JUL 1      6.4                      10.5   -4.1      1.5
  SNOW DEPTH       0

DEGREE DAYS
 HEATING
  YESTERDAY        0                         4     -4        0
  MONTH TO DATE  121                       215    -94       87
  SINCE MAR 1    901                      1240   -339      984
  SINCE JUL 1   4165                      5095   -930     4206

 COOLING
  YESTERDAY        0                         2     -2       11
  MONTH TO DATE   33                        30      3       41
  SINCE MAR 1     40                        32      8       42
  SINCE JAN 1     40                        32      8       42
..................................................................


WIND (MPH)
  HIGHEST WIND SPEED    15   HIGHEST WIND DIRECTION    NW (320)
  HIGHEST GUST SPEED    24   HIGHEST GUST DIRECTION    NW (320)
  AVERAGE WIND SPEED     5.9


SKY COVER
  POSSIBLE SUNSHINE  MM
  AVERAGE SKY COVER 0.1


WEATHER CONDITIONS
 THE FOLLOWING WEATHER WAS RECORDED YESTERDAY.
  NO SIGNIFICANT WEATHER WAS OBSERVED.


RELATIVE HUMIDITY (PERCENT)
 HIGHEST    54           400 AM
 LOWEST     20           300 PM
 AVERAGE    37

..........................................................


THE LEWISTON ID AIRPORT CLIMATE NORMALS FOR TODAY
                         NORMAL    RECORD    YEAR
 MAXIMUM TEMPERATURE (F)   74       102      1903
 MINIMUM TEMPERATURE (F)   51        34      1951


SUNRISE AND SUNSET
MAY 31 2016...........SUNRISE   500 AM PDT   SUNSET   833 PM PDT
JUNE  1 2016..........SUNRISE   459 AM PDT   SUNSET   833 PM PDT


-  INDICATES NEGATIVE NUMBERS.
R  INDICATES RECORD WAS SET OR TIED.
MM INDICATES DATA IS MISSING.
T  INDICATES TRACE AMOUNT.




$$
