000
CDUS46 KOTX 160830
CLILWS


CLIMATE REPORT
NATIONAL WEATHER SERVICE SPOKANE, WA
126 AM PDT WED APR 16 2014


...................................

...THE LEWISTON ID AIRPORT CLIMATE SUMMARY FOR APRIL 15 2014...

CLIMATE NORMAL PERIOD 1981 TO 2010
CLIMATE RECORD PERIOD 1881 TO 2014


WEATHER ITEM   OBSERVED TIME   RECORD YEAR NORMAL DEPARTURE LAST
                VALUE   (LST)  VALUE       VALUE  FROM      YEAR
                                                  NORMAL
..................................................................
TEMPERATURE (F)
 YESTERDAY
  MAXIMUM         62    413 PM  90    1926  62      0       52
  MINIMUM         46   1118 PM  25    1955  40      6       31
  AVERAGE         54                        51      3       42

PRECIPITATION (IN)
  YESTERDAY        0.00        0.56   2004  0.05  -0.05      T
  MONTH TO DATE    0.20                     0.62  -0.42     0.91
  SINCE OCT 1      5.50                     6.74  -1.24     6.92
  SINCE JAN 1      3.97                     3.63   0.34     2.76

SNOWFALL (IN)
  YESTERDAY        0.0           T    1968  0.0    0.0      0.0
  MONTH TO DATE    0.0                      0.0    0.0      0.0
  SINCE MAR 1      0.6                      0.7   -0.1      0.0
  SINCE JUL 1     16.5                     10.5    6.0      2.6
  SNOW DEPTH       0

DEGREE DAYS
 HEATING
  YESTERDAY       11                        14     -3       23
  MONTH TO DATE  197                       228    -31      218
  SINCE MAR 1    794                       840    -46      769
  SINCE JUL 1   4955                      4695    260     4208

 COOLING
  YESTERDAY        0                         0      0        0
  MONTH TO DATE    0                         0      0        0
  SINCE MAR 1      0                         0      0        0
  SINCE JAN 1      0                         0      0        0
..................................................................


WIND (MPH)
  HIGHEST WIND SPEED    29   HIGHEST WIND DIRECTION     W (270)
  HIGHEST GUST SPEED    37   HIGHEST GUST DIRECTION     W (260)
  AVERAGE WIND SPEED    12.2


SKY COVER
  POSSIBLE SUNSHINE  MM
  AVERAGE SKY COVER 0.6


WEATHER CONDITIONS
 THE FOLLOWING WEATHER WAS RECORDED YESTERDAY.
  NO SIGNIFICANT WEATHER WAS OBSERVED.


RELATIVE HUMIDITY (PERCENT)
 HIGHEST    50           100 AM
 LOWEST     17           300 PM
 AVERAGE    34

..........................................................


THE LEWISTON ID AIRPORT CLIMATE NORMALS FOR TODAY
                         NORMAL    RECORD    YEAR
 MAXIMUM TEMPERATURE (F)   62        90      1936
 MINIMUM TEMPERATURE (F)   40        28      2013
                                             1894


SUNRISE AND SUNSET
APRIL 16 2014.........SUNRISE   559 AM PDT   SUNSET   737 PM PDT
APRIL 17 2014.........SUNRISE   558 AM PDT   SUNSET   739 PM PDT


-  INDICATES NEGATIVE NUMBERS.
R  INDICATES RECORD WAS SET OR TIED.
MM INDICATES DATA IS MISSING.
T  INDICATES TRACE AMOUNT.

$$
