000
CDUS46 KOTX 210829
CLILWS


CLIMATE REPORT
NATIONAL WEATHER SERVICE SPOKANE, WA
129 AM PDT SUN SEP 21 2014


...................................

...THE LEWISTON ID AIRPORT CLIMATE SUMMARY FOR SEPTEMBER 20 2014...

CLIMATE NORMAL PERIOD 1981 TO 2010
CLIMATE RECORD PERIOD 1881 TO 2014


WEATHER ITEM   OBSERVED TIME   RECORD YEAR NORMAL DEPARTURE LAST
                VALUE   (LST)  VALUE       VALUE  FROM      YEAR
                                                  NORMAL
..................................................................
TEMPERATURE (F)
 YESTERDAY
  MAXIMUM         89    428 PM 102    1939  76     13       89
  MINIMUM         54    513 AM  34    1983  50      4       50
  AVERAGE         72                        63      9       70

PRECIPITATION (IN)
  YESTERDAY        0.00          0.53 1969   0.02  -0.02      T
  MONTH TO DATE    T                         0.43  -0.43     0.77
  SINCE OCT 1      9.20                     12.07  -2.87    11.32
  SINCE JAN 1      7.67                      8.96  -1.29     7.16

SNOWFALL (IN)
  YESTERDAY        0.0           0.0  1998   0.0    0.0      0.0
  MONTH TO DATE    0.0                       0.0    0.0      0.0
  SINCE SEP 1      0.0                       0.0    0.0      0.0
  SINCE JUL 1      0.0                       0.0    0.0      0.0
  SNOW DEPTH       0

DEGREE DAYS
 HEATING
  YESTERDAY        0                         4     -4        0
  MONTH TO DATE   13                        43    -30       11
  SINCE SEP 1     13                        43    -30       11
  SINCE JUL 1     13                        58    -45       11

 COOLING
  YESTERDAY        7                         2      5        5
  MONTH TO DATE   80                        75      5      184
  SINCE SEP 1     80                        75      5      184
  SINCE JAN 1   1050                       792    258     1178
..................................................................


WIND (MPH)
  HIGHEST WIND SPEED    10   HIGHEST WIND DIRECTION     S (190)
  HIGHEST GUST SPEED    12   HIGHEST GUST DIRECTION     S (190)
  AVERAGE WIND SPEED     4.5


SKY COVER
  POSSIBLE SUNSHINE  MM
  AVERAGE SKY COVER 0.0


WEATHER CONDITIONS
 THE FOLLOWING WEATHER WAS RECORDED YESTERDAY.
  NO SIGNIFICANT WEATHER WAS OBSERVED.


RELATIVE HUMIDITY (PERCENT)
 HIGHEST    72           400 AM
 LOWEST     17           300 PM
 AVERAGE    45

..........................................................


THE LEWISTON ID AIRPORT CLIMATE NORMALS FOR TODAY
                         NORMAL    RECORD    YEAR
 MAXIMUM TEMPERATURE (F)   76       101      1967
 MINIMUM TEMPERATURE (F)   49        29      1895


SUNRISE AND SUNSET
SEPTEMBER 21 2014.....SUNRISE   634 AM PDT   SUNSET   648 PM PDT
SEPTEMBER 22 2014.....SUNRISE   635 AM PDT   SUNSET   646 PM PDT


-  INDICATES NEGATIVE NUMBERS.
R  INDICATES RECORD WAS SET OR TIED.
MM INDICATES DATA IS MISSING.
T  INDICATES TRACE AMOUNT.




$$
