000
CDUS46 KOTX 010425
CLILWS


CLIMATE REPORT
NATIONAL WEATHER SERVICE SPOKANE, WA
923 PM PDT MON AUG 31 2015


...................................

...THE LEWISTON ID AIRPORT CLIMATE SUMMARY FOR AUGUST 31 2015...
VALID TODAY AS OF 0800 PM LOCAL TIME.

CLIMATE NORMAL PERIOD 1981 TO 2010
CLIMATE RECORD PERIOD 1881 TO 2015


WEATHER ITEM   OBSERVED TIME   RECORD YEAR NORMAL DEPARTURE LAST
                VALUE   (LST)  VALUE       VALUE  FROM      YEAR
                                                  NORMAL
..................................................................
TEMPERATURE (F)
 TODAY
  MAXIMUM         79    418 PM 106    1967  84     -5       78
  MINIMUM         53    526 AM  44    1907  56     -3       60
  AVERAGE         66                        70     -4       69

PRECIPITATION (IN)
  TODAY            0.00          0.90 1896   0.03  -0.03      T
  MONTH TO DATE    0.01                      0.69  -0.68     1.17
  SINCE OCT 1     10.31                     11.64  -1.33     9.20
  SINCE JAN 1      6.12                      8.53  -2.41     7.67

DEGREE DAYS
 HEATING
  TODAY            0                         1     -1        0
  MONTH TO DATE    0                         5     -5        0
  SINCE JUN 1      2                        85    -83       41
  SINCE JUL 1      0                        15    -15        0

 COOLING
  TODAY            1                         6     -5        4
  MONTH TO DATE  351                       287     64      369
  SINCE JUN 1   1097                       685    412      942
  SINCE JAN 1   1149                       717    432      970
..................................................................


WIND (MPH)
  HIGHEST WIND SPEED    12   HIGHEST WIND DIRECTION    NW (300)
  HIGHEST GUST SPEED    14   HIGHEST GUST DIRECTION    NW (330)
  AVERAGE WIND SPEED     4.8


SKY COVER
  POSSIBLE SUNSHINE  MM
  AVERAGE SKY COVER 0.2


WEATHER CONDITIONS
 THE FOLLOWING WEATHER WAS RECORDED TODAY.
  NO SIGNIFICANT WEATHER WAS OBSERVED.


RELATIVE HUMIDITY (PERCENT)
 HIGHEST    83           400 AM
 LOWEST     28           200 PM
 AVERAGE    56

..........................................................


THE LEWISTON ID AIRPORT CLIMATE NORMALS FOR TOMORROW
                         NORMAL    RECORD    YEAR
 MAXIMUM TEMPERATURE (F)   84       102      1938
 MINIMUM TEMPERATURE (F)   56        44      1999


SUNRISE AND SUNSET
AUGUST 31 2015........SUNRISE   607 AM PDT   SUNSET   729 PM PDT
SEPTEMBER  1 2015.....SUNRISE   608 AM PDT   SUNSET   727 PM PDT


-  INDICATES NEGATIVE NUMBERS.
R  INDICATES RECORD WAS SET OR TIED.
MM INDICATES DATA IS MISSING.
T  INDICATES TRACE AMOUNT.




$$
