000
CDUS46 KOTX 280834
CLILWS


CLIMATE REPORT
NATIONAL WEATHER SERVICE SPOKANE, WA
134 AM PDT THU APR 28 2016


...................................

...THE LEWISTON ID AIRPORT CLIMATE SUMMARY FOR APRIL 27 2016...

CLIMATE NORMAL PERIOD 1981 TO 2010
CLIMATE RECORD PERIOD 1881 TO 2016


WEATHER ITEM   OBSERVED TIME   RECORD YEAR NORMAL DEPARTURE LAST
                VALUE   (LST)  VALUE       VALUE  FROM      YEAR
                                                  NORMAL
..................................................................
TEMPERATURE (F)
 YESTERDAY
  MAXIMUM         66    344 PM  93    1987  65      1       72
  MINIMUM         48    547 AM  27    1955  42      6       37
  AVERAGE         57                        54      3       55

PRECIPITATION (IN)
  YESTERDAY        0.00          0.77 1990   0.05  -0.05     0.00
  MONTH TO DATE    0.83                      1.18  -0.35     0.29
  SINCE OCT 1      7.97                      7.30   0.67     7.95
  SINCE JAN 1      4.52                      4.19   0.33     3.76

SNOWFALL (IN)
  YESTERDAY        0.0           T    1986   0.0    0.0      0.0
  MONTH TO DATE    0.0                       0.0    0.0      0.0
  SINCE MAR 1      0.0                       0.7   -0.7      0.0
  SINCE JUL 1      6.4                      10.5   -4.1      1.5
  SNOW DEPTH       0

DEGREE DAYS
 HEATING
  YESTERDAY        8                        11     -3       10
  MONTH TO DATE  194                       380   -186      386
  SINCE MAR 1    748                       992   -244      875
  SINCE JUL 1   4012                      4847   -835     4097

 COOLING
  YESTERDAY        0                         0      0        0
  MONTH TO DATE    7                         0      7        0
  SINCE MAR 1      7                         0      7        0
  SINCE JAN 1      7                         0      7        0
..................................................................


WIND (MPH)
  HIGHEST WIND SPEED    17   HIGHEST WIND DIRECTION    NW (310)
  HIGHEST GUST SPEED    23   HIGHEST GUST DIRECTION    NW (310)
  AVERAGE WIND SPEED     6.9


SKY COVER
  POSSIBLE SUNSHINE  MM
  AVERAGE SKY COVER 0.6


WEATHER CONDITIONS
 THE FOLLOWING WEATHER WAS RECORDED YESTERDAY.
  NO SIGNIFICANT WEATHER WAS OBSERVED.


RELATIVE HUMIDITY (PERCENT)
 HIGHEST    71           100 AM
 LOWEST     34          1100 AM
 AVERAGE    53

..........................................................


THE LEWISTON ID AIRPORT CLIMATE NORMALS FOR TODAY
                         NORMAL    RECORD    YEAR
 MAXIMUM TEMPERATURE (F)   66        98      1939
 MINIMUM TEMPERATURE (F)   42        27      1907


SUNRISE AND SUNSET
APRIL 28 2016.........SUNRISE   538 AM PDT   SUNSET   754 PM PDT
APRIL 29 2016.........SUNRISE   536 AM PDT   SUNSET   755 PM PDT


-  INDICATES NEGATIVE NUMBERS.
R  INDICATES RECORD WAS SET OR TIED.
MM INDICATES DATA IS MISSING.
T  INDICATES TRACE AMOUNT.




$$
