000
CDUS45 KTFX 291011
CLILWT


CLIMATE REPORT
NATIONAL WEATHER SERVICE GREAT FALLS MT
408 AM MDT FRI JUL 29 2016


...................................

...THE LEWISTOWN MT CLIMATE SUMMARY FOR JULY 28 2016...

CLIMATE NORMAL PERIOD 1981 TO 2010
CLIMATE RECORD PERIOD 1896 TO 2016


WEATHER ITEM   OBSERVED TIME   RECORD YEAR NORMAL DEPARTURE LAST
                VALUE   (LST)  VALUE       VALUE  FROM      YEAR
                                                  NORMAL
..................................................................
TEMPERATURE (F)
 YESTERDAY
  MAXIMUM         MM        MM  99    1914  83     MM       72
  MINIMUM         MM        MM  35    1929  52     MM       50
  AVERAGE         MM                        67     MM       61

PRECIPITATION (IN)
  YESTERDAY       MM             0.36 1958   0.05  MM        0.26
  MONTH TO DATE    3.41                      1.77   1.64     1.89
  SINCE OCT 1     13.94                     13.61   0.33    12.50
  SINCE JAN 1     11.86                     11.11   0.75    10.19

SNOWFALL (IN)
  YESTERDAY       MM
  SNOW DEPTH      MM

DEGREE DAYS
 HEATING
  YESTERDAY       MM                         1     MM        4
  MONTH TO DATE   45                        68    -23       30
  SINCE JUN 1    135                       295   -160      116
  SINCE JUL 1     45                        68    -23       30

 COOLING
  YESTERDAY       MM                         4     MM        0
  MONTH TO DATE   83                        80      3       92
  SINCE JUN 1    140                       100     40      167
  SINCE JAN 1    140                       102     38      167
..................................................................


WIND (MPH)
  HIGHEST WIND SPEED    MM   HIGHEST WIND DIRECTION    MM
  HIGHEST GUST SPEED    MM   HIGHEST GUST DIRECTION    MM
  AVERAGE WIND SPEED    MM


SKY COVER
  AVERAGE SKY COVER  MM


WEATHER CONDITIONS
 THE FOLLOWING WEATHER WAS RECORDED YESTERDAY.
  NO SIGNIFICANT WEATHER WAS OBSERVED.


RELATIVE HUMIDITY (PERCENT)
 HIGHEST    MM
 LOWEST     MM
 AVERAGE    MM

..........................................................


THE LEWISTOWN MT CLIMATE NORMALS FOR TODAY
                         NORMAL    RECORD    YEAR
 MAXIMUM TEMPERATURE (F)   83        98      1929
 MINIMUM TEMPERATURE (F)   52        35      1904


SUNRISE AND SUNSET
JULY 29 2016..........SUNRISE   554 AM MDT   SUNSET   854 PM MDT
JULY 30 2016..........SUNRISE   555 AM MDT   SUNSET   852 PM MDT


-  INDICATES NEGATIVE NUMBERS.
R  INDICATES RECORD WAS SET OR TIED.
MM INDICATES DATA IS MISSING.
T  INDICATES TRACE AMOUNT.




$$
