000
CDUS45 KTFX 302232
CLILWT


CLIMATE REPORT
NATIONAL WEATHER SERVICE GREAT FALLS MT
430 PM MDT TUE AUG 30 2016


...................................

...THE LEWISTOWN MT CLIMATE SUMMARY FOR AUGUST 30 2016...
VALID TODAY AS OF 0400 PM LOCAL TIME.

CLIMATE NORMAL PERIOD 1981 TO 2010
CLIMATE RECORD PERIOD 1896 TO 2016


WEATHER ITEM   OBSERVED TIME   RECORD YEAR NORMAL DEPARTURE LAST
                VALUE   (LST)  VALUE       VALUE  FROM      YEAR
                                                  NORMAL
..................................................................
TEMPERATURE (F)
 TODAY
  MAXIMUM         86    259 PM  96    1954  76     10       84
                                      1929
  MINIMUM         59    605 AM  30    1912  46     13       52
  AVERAGE         73                        61     12       68

PRECIPITATION (IN)
  TODAY            0.00          0.70 1907   0.06  -0.06     0.25
  MONTH TO DATE    1.76                      1.68   0.08     1.12
  SINCE OCT 1     15.70                     15.45   0.25    13.62
  SINCE JAN 1     13.62                     12.95   0.67    11.31

DEGREE DAYS
 HEATING
  TODAY            0                         5     -5        0
  MONTH TO DATE   66                        79    -13       66
  SINCE JUN 1    201                       379   -178      185
  SINCE JUL 1    111                       152    -41       99

 COOLING
  TODAY            8                         1      7        3
  MONTH TO DATE   71                        87    -16      138
  SINCE JUN 1    232                       195     37      314
  SINCE JAN 1    232                       197     35      314
..................................................................


WIND (MPH)
  HIGHEST WIND SPEED    14   HIGHEST WIND DIRECTION    SE (120)
  HIGHEST GUST SPEED    17   HIGHEST GUST DIRECTION    SE (120)
  AVERAGE WIND SPEED     6.1


SKY COVER
  AVERAGE SKY COVER 0.0


WEATHER CONDITIONS
 THE FOLLOWING WEATHER WAS RECORDED TODAY.
  NO SIGNIFICANT WEATHER WAS OBSERVED.


RELATIVE HUMIDITY (PERCENT)
 HIGHEST    60
 LOWEST     25
 AVERAGE    43

..........................................................


THE LEWISTOWN MT CLIMATE NORMALS FOR TOMORROW
                         NORMAL    RECORD    YEAR
 MAXIMUM TEMPERATURE (F)   76        98      1991
 MINIMUM TEMPERATURE (F)   46        34      1930


SUNRISE AND SUNSET
AUGUST 30 2016........SUNRISE   635 AM MDT   SUNSET   800 PM MDT
AUGUST 31 2016........SUNRISE   637 AM MDT   SUNSET   758 PM MDT


-  INDICATES NEGATIVE NUMBERS.
R  INDICATES RECORD WAS SET OR TIED.
MM INDICATES DATA IS MISSING.
T  INDICATES TRACE AMOUNT.




$$
