000
CDUS45 KTFX 012223
CLILWT


CLIMATE REPORT
NATIONAL WEATHER SERVICE GREAT FALLS MT
421 PM MDT FRI AUG 1 2014


...................................

...THE LEWISTOWN MT CLIMATE SUMMARY FOR AUGUST 1 2014...
VALID TODAY AS OF 0400 PM LOCAL TIME.

CLIMATE NORMAL PERIOD 1981 TO 2010
CLIMATE RECORD PERIOD 1896 TO 2014


WEATHER ITEM   OBSERVED TIME   RECORD YEAR NORMAL DEPARTURE LAST
                VALUE   (LST)  VALUE       VALUE  FROM      YEAR
                                                  NORMAL
..................................................................
TEMPERATURE (F)
 TODAY
  MAXIMUM         91    227 PM  96    1973  83      8       77
  MINIMUM         54    525 AM  37    2002  52      2       54
  AVERAGE         73                        67      6       66

PRECIPITATION (IN)
  TODAY            0.00          0.96 1998   0.05  -0.05     0.25
  MONTH TO DATE    0.00                      0.05  -0.05     0.25
  SINCE OCT 1     11.10                     13.82  -2.72    18.62
  SINCE JAN 1      9.02                     11.32  -2.30    16.11

SNOWFALL (IN)
  TODAY           MM
  SNOW DEPTH       0

DEGREE DAYS
 HEATING
  TODAY            0                         1     -1        0
  MONTH TO DATE    0                         1     -1        0
  SINCE JUN 1    296                       301     -5      241
  SINCE JUL 1     10                        74    -64       21

 COOLING
  TODAY            8                         4      4        1
  MONTH TO DATE    8                         4      4        1
  SINCE JUN 1    162                       112     50      124
  SINCE JAN 1    162                       114     48      127
..................................................................


WIND (MPH)
  HIGHEST WIND SPEED    13   HIGHEST WIND DIRECTION     N (10)
  HIGHEST GUST SPEED    18   HIGHEST GUST DIRECTION     N (360)
  AVERAGE WIND SPEED     5.5


SKY COVER
  AVERAGE SKY COVER 0.0


WEATHER CONDITIONS
 THE FOLLOWING WEATHER WAS RECORDED TODAY.
  NO SIGNIFICANT WEATHER WAS OBSERVED.


RELATIVE HUMIDITY (PERCENT)
 HIGHEST    62
 LOWEST     16
 AVERAGE    39

..........................................................


THE LEWISTOWN MT CLIMATE NORMALS FOR TOMORROW
                         NORMAL    RECORD    YEAR
 MAXIMUM TEMPERATURE (F)   83        96      1971
 MINIMUM TEMPERATURE (F)   52        36      1937


SUNRISE AND SUNSET
AUGUST  1 2014........SUNRISE   557 AM MDT   SUNSET   850 PM MDT
AUGUST  2 2014........SUNRISE   558 AM MDT   SUNSET   849 PM MDT


-  INDICATES NEGATIVE NUMBERS.
R  INDICATES RECORD WAS SET OR TIED.
MM INDICATES DATA IS MISSING.
T  INDICATES TRACE AMOUNT.




$$
