000
CDUS45 KTFX 302345
CLILWT


CLIMATE REPORT
NATIONAL WEATHER SERVICE GREAT FALLS MT
445 PM MST FRI JAN 30 2015


...................................

...THE LEWISTOWN MT CLIMATE SUMMARY FOR JANUARY 30 2015...
VALID TODAY AS OF 0400 PM LOCAL TIME.

CLIMATE NORMAL PERIOD 1981 TO 2010
CLIMATE RECORD PERIOD 1896 TO 2015


WEATHER ITEM   OBSERVED TIME   RECORD YEAR NORMAL DEPARTURE LAST
                VALUE   (LST)  VALUE       VALUE  FROM      YEAR
                                                  NORMAL
..................................................................
TEMPERATURE (F)
 TODAY
  MAXIMUM         49    353 PM  65    1941  35     14       17
  MINIMUM         21    705 AM -33    1996  14      7      -10
  AVERAGE         35                        24     11        4

PRECIPITATION (IN)
  TODAY            0.00          0.56 1971   0.01  -0.01     0.03
  MONTH TO DATE    0.59                      0.55   0.04     0.99
  SINCE OCT 1      2.78                      3.05  -0.27     3.07
  SINCE JAN 1      0.59                      0.55   0.04     0.99

SNOWFALL (IN)
  TODAY           MM
  SNOW DEPTH       0

DEGREE DAYS
 HEATING
  TODAY           30                        41    -11       61
  MONTH TO DATE 1162                      1242    -80     1161
  SINCE DEC 1   2262                      2536   -274     2576
  SINCE JUL 1   4179                      4664   -485     4554

 COOLING
  TODAY            0                         0      0        0
  MONTH TO DATE    0                         0      0        0
  SINCE DEC 1      0                         0      0        0
  SINCE JAN 1      0                         0      0        0
..................................................................


WIND (MPH)
  HIGHEST WIND SPEED     9   HIGHEST WIND DIRECTION    SW (220)
  HIGHEST GUST SPEED    10   HIGHEST GUST DIRECTION    SW (220)
  AVERAGE WIND SPEED     3.4


SKY COVER
  AVERAGE SKY COVER 0.0


WEATHER CONDITIONS
 THE FOLLOWING WEATHER WAS RECORDED TODAY.
  NO SIGNIFICANT WEATHER WAS OBSERVED.


RELATIVE HUMIDITY (PERCENT)
 HIGHEST    68
 LOWEST     21
 AVERAGE    45

..........................................................


THE LEWISTOWN MT CLIMATE NORMALS FOR TOMORROW
                         NORMAL    RECORD    YEAR
 MAXIMUM TEMPERATURE (F)   35        61      1992
 MINIMUM TEMPERATURE (F)   14       -40      1917


SUNRISE AND SUNSET
JANUARY 30 2015.......SUNRISE   746 AM MST   SUNSET   517 PM MST
JANUARY 31 2015.......SUNRISE   744 AM MST   SUNSET   519 PM MST


-  INDICATES NEGATIVE NUMBERS.
R  INDICATES RECORD WAS SET OR TIED.
MM INDICATES DATA IS MISSING.
T  INDICATES TRACE AMOUNT.




$$
