000
CDUS45 KTFX 270739
CLILWT


CLIMATE REPORT
NATIONAL WEATHER SERVICE GREAT FALLS MT
1238 AM MST MON FEB 27 2017


...................................

...THE LEWISTOWN MT CLIMATE SUMMARY FOR FEBRUARY 26 2017...

CLIMATE NORMAL PERIOD 1981 TO 2010
CLIMATE RECORD PERIOD 1896 TO 2017


WEATHER ITEM   OBSERVED TIME   RECORD YEAR NORMAL DEPARTURE LAST
                VALUE   (LST)  VALUE       VALUE  FROM      YEAR
                                                  NORMAL
..................................................................
TEMPERATURE (F)
 YESTERDAY
  MAXIMUM         26    249 PM  65    2016  39    -13       65
                                      1921
  MINIMUM         16   1159 PM -19    1962  17     -1       25
  AVERAGE         21                        28     -7       45

PRECIPITATION (IN)
  YESTERDAY        0.11          0.23 1954   0.02   0.09     0.00
  MONTH TO DATE    0.67                      0.41   0.26     0.53
  SINCE OCT 1      5.42                      3.48   1.94     3.28
  SINCE JAN 1      1.02                      0.98   0.04     1.20

SNOWFALL (IN)
  YESTERDAY       MM
  SNOW DEPTH      MM

DEGREE DAYS
 HEATING
  YESTERDAY       44                        37      7       20
  MONTH TO DATE  970                      1024    -54      769
  SINCE DEC 1   3988                      3601    387     3133
  SINCE JUL 1   5714                      5729    -15     4890

 COOLING
  YESTERDAY        0                         0      0        0
  MONTH TO DATE    0                         0      0        0
  SINCE DEC 1      0                         0      0        0
  SINCE JAN 1      0                         0      0        0
..................................................................


WIND (MPH)
  HIGHEST WIND SPEED    21   HIGHEST WIND DIRECTION    NW (300)
  HIGHEST GUST SPEED    27   HIGHEST GUST DIRECTION    NW (300)
  AVERAGE WIND SPEED     9.1


SKY COVER
  AVERAGE SKY COVER 1.0


WEATHER CONDITIONS
 THE FOLLOWING WEATHER WAS RECORDED YESTERDAY.
  HEAVY SNOW
  SNOW
  LIGHT SNOW
  FOG
  FOG W/VISIBILITY <= 1/4 MILE


RELATIVE HUMIDITY (PERCENT)
 HIGHEST    92           800 AM
 LOWEST     60           200 AM
 AVERAGE    76

..........................................................


THE LEWISTOWN MT CLIMATE NORMALS FOR TODAY
                         NORMAL    RECORD    YEAR
 MAXIMUM TEMPERATURE (F)   39        70      1932
 MINIMUM TEMPERATURE (F)   17       -24      1960


SUNRISE AND SUNSET
FEBRUARY 27 2017......SUNRISE   701 AM MST   SUNSET   601 PM MST
FEBRUARY 28 2017......SUNRISE   659 AM MST   SUNSET   602 PM MST


-  INDICATES NEGATIVE NUMBERS.
R  INDICATES RECORD WAS SET OR TIED.
MM INDICATES DATA IS MISSING.
T  INDICATES TRACE AMOUNT.




$$
