000
CDUS43 KILX 212240
CLILWV


CLIMATE REPORT
NATIONAL WEATHER SERVICE LINCOLN IL
429 PM CST FRI NOV 21 2014


...................................

...THE LAWRENCEVILLE IL AIRPORT CLIMATE SUMMARY FOR NOVEMBER 21 2014...
VALID TODAY AS OF 0400 PM LOCAL TIME.

CLIMATE NORMAL PERIOD 1981 TO 2010
CLIMATE RECORD PERIOD 9999 TO 9999


WEATHER ITEM   OBSERVED TIME   RECORD YEAR NORMAL DEPARTURE LAST
                VALUE   (LST)  VALUE       VALUE  FROM      YEAR
                                                  NORMAL
..................................................................
TEMPERATURE (F)
 TODAY
  MAXIMUM         40    327 PM  MM      MM  53    -13       53
  MINIMUM         16    632 AM  MM      MM  35    -19       47
  AVERAGE         28                        44    -16       50

PRECIPITATION (IN)
  TODAY            0.00         MM      MM   0.14  -0.14     0.32
  MONTH TO DATE    0.56                      2.70  -2.14     1.46
  SINCE SEP 1      8.05                      9.87  -1.82     8.88
  SINCE JAN 1     36.85                     39.22  -2.37    50.52

DEGREE DAYS
 HEATING
  TODAY           37                        21     16       15
  MONTH TO DATE  591                       352    239      407
  SINCE SEP 1    917                       648    269      713
  SINCE JUL 1    917                       649    268      718

 COOLING
  TODAY            0                         0      0        0
  MONTH TO DATE    0                         0      0        0
  SINCE SEP 1    145                       203    -58      232
  SINCE JAN 1   1218                      1386   -168     1287
..................................................................


WIND (MPH)
  HIGHEST WIND SPEED    13   HIGHEST WIND DIRECTION    SE (140)
  HIGHEST GUST SPEED    15   HIGHEST GUST DIRECTION    SE (130)
  AVERAGE WIND SPEED     7.7


SKY COVER
  POSSIBLE SUNSHINE  MM
  AVERAGE SKY COVER 0.0


WEATHER CONDITIONS
 THE FOLLOWING WEATHER WAS RECORDED TODAY.
  NO SIGNIFICANT WEATHER WAS OBSERVED.


RELATIVE HUMIDITY (PERCENT)
 HIGHEST    84          1200 AM
 LOWEST     34           300 PM
 AVERAGE    59

..........................................................


THE LAWRENCEVILLE IL AIRPORT CLIMATE NORMALS FOR TOMORROW
                         NORMAL    RECORD    YEAR
 MAXIMUM TEMPERATURE (F)   52        MM        MM
 MINIMUM TEMPERATURE (F)   35        MM        MM


SUNRISE AND SUNSET
NOVEMBER 21 2014......SUNRISE   639 AM CST   SUNSET   433 PM CST
NOVEMBER 22 2014......SUNRISE   640 AM CST   SUNSET   432 PM CST


-  INDICATES NEGATIVE NUMBERS.
R  INDICATES RECORD WAS SET OR TIED.
MM INDICATES DATA IS MISSING.
T  INDICATES TRACE AMOUNT.




$$
