000
CDUS43 KILX 012231
CLILWV


CLIMATE REPORT
NATIONAL WEATHER SERVICE LINCOLN IL
431 PM CST SUN FEB 1 2015


...................................

...THE LAWRENCEVILLE IL AIRPORT CLIMATE SUMMARY FOR FEBRUARY 1 2015...
VALID TODAY AS OF 0400 PM LOCAL TIME.

CLIMATE NORMAL PERIOD 1981 TO 2010
CLIMATE RECORD PERIOD 9999 TO 9999


WEATHER ITEM   OBSERVED TIME   RECORD YEAR NORMAL DEPARTURE LAST
                VALUE   (LST)  VALUE       VALUE  FROM      YEAR
                                                  NORMAL
..................................................................
TEMPERATURE (F)
 TODAY
  MAXIMUM         44    359 PM  MM      MM  41      3       50
  MINIMUM         34   1228 AM  MM      MM  24     10       34
  AVERAGE         39                        32      7       42

PRECIPITATION (IN)
  TODAY            0.53         MM      MM   0.07   0.46     0.39
  MONTH TO DATE    0.53                      0.07   0.46     0.39
  SINCE DEC 1      5.73                      5.84  -0.11     6.55
  SINCE JAN 1      2.49                      2.45   0.04     1.98

DEGREE DAYS
 HEATING
  TODAY           26                        33     -7       23
  MONTH TO DATE   26                        33     -7       23
  SINCE DEC 1   1976                      2026    -50     2305
  SINCE JUL 1   3111                      2884    227     3329

 COOLING
  TODAY            0                         0      0        0
  MONTH TO DATE    0                         0      0        0
  SINCE DEC 1      0                         0      0        0
  SINCE JAN 1      0                         0      0        0
..................................................................


WIND (MPH)
  HIGHEST WIND SPEED    14   HIGHEST WIND DIRECTION     W (250)
  HIGHEST GUST SPEED    17   HIGHEST GUST DIRECTION     W (250)
  AVERAGE WIND SPEED     6.8


SKY COVER
  POSSIBLE SUNSHINE  MM
  AVERAGE SKY COVER 1.0


WEATHER CONDITIONS
 THE FOLLOWING WEATHER WAS RECORDED TODAY.
  RAIN
  LIGHT RAIN
  FOG


RELATIVE HUMIDITY (PERCENT)
 HIGHEST   100           200 PM
 LOWEST     70           100 AM
 AVERAGE    85

..........................................................


THE LAWRENCEVILLE IL AIRPORT CLIMATE NORMALS FOR TOMORROW
                         NORMAL    RECORD    YEAR
 MAXIMUM TEMPERATURE (F)   41        MM        MM
 MINIMUM TEMPERATURE (F)   24        MM        MM


SUNRISE AND SUNSET
FEBRUARY  1 2015......SUNRISE   657 AM CST   SUNSET   512 PM CST
FEBRUARY  2 2015......SUNRISE   656 AM CST   SUNSET   513 PM CST


-  INDICATES NEGATIVE NUMBERS.
R  INDICATES RECORD WAS SET OR TIED.
MM INDICATES DATA IS MISSING.
T  INDICATES TRACE AMOUNT.




$$
