000
CDUS43 KILX 180728
CLILWV


CLIMATE REPORT
NATIONAL WEATHER SERVICE LINCOLN IL
227 AM CDT WED OCT 18 2017


...................................

...THE LAWRENCEVILLE IL AIRPORT CLIMATE SUMMARY FOR OCTOBER 17 2017...

CLIMATE NORMAL PERIOD 1981 TO 2010
CLIMATE RECORD PERIOD 9999 TO 9999


WEATHER ITEM   OBSERVED TIME   RECORD YEAR NORMAL DEPARTURE LAST
                VALUE   (LST)  VALUE       VALUE  FROM      YEAR
                                                  NORMAL
..................................................................
TEMPERATURE (F)
 YESTERDAY
  MAXIMUM         68        MM  MM      MM  69     -1       87
  MINIMUM         MM        MM  MM      MM  45     MM       64
  AVERAGE         MM                        57     MM       76

PRECIPITATION (IN)
  YESTERDAY        0.00         MM      MM   0.13  -0.13     0.00
  MONTH TO DATE    3.38                      2.33   1.05     0.06
  SINCE SEP 1      4.13                      5.52  -1.39     2.79
  SINCE JAN 1     28.49                     34.87  -6.38    35.05

DEGREE DAYS
 HEATING
  YESTERDAY       MM                         8     MM        0
  MONTH TO DATE   16                       109    -93       41
  SINCE SEP 1     28                       147   -119       53
  SINCE JUL 1     28                       148   -120       53

 COOLING
  YESTERDAY       MM                         1     MM       11
  MONTH TO DATE   70                        27     43       51
  SINCE SEP 1    280                       198     82      292
  SINCE JAN 1   1423                      1381     42     1583
..................................................................


WIND (MPH)
  HIGHEST WIND SPEED    10   HIGHEST WIND DIRECTION     S (180)
  HIGHEST GUST SPEED    20   HIGHEST GUST DIRECTION    SW (220)
  AVERAGE WIND SPEED     4.8


SKY COVER
  POSSIBLE SUNSHINE  MM
  AVERAGE SKY COVER 0.0


WEATHER CONDITIONS
 THE FOLLOWING WEATHER WAS RECORDED YESTERDAY.
  NO SIGNIFICANT WEATHER WAS OBSERVED.


RELATIVE HUMIDITY (PERCENT)
 HIGHEST    92           700 AM
 LOWEST     42          1200 PM
 AVERAGE    67

..........................................................


THE LAWRENCEVILLE IL AIRPORT CLIMATE NORMALS FOR TODAY
                         NORMAL    RECORD    YEAR
 MAXIMUM TEMPERATURE (F)   69        MM        MM
 MINIMUM TEMPERATURE (F)   45        MM        MM


SUNRISE AND SUNSET
OCTOBER 18 2017.......SUNRISE   703 AM CDT   SUNSET   607 PM CDT
OCTOBER 19 2017.......SUNRISE   704 AM CDT   SUNSET   606 PM CDT


-  INDICATES NEGATIVE NUMBERS.
R  INDICATES RECORD WAS SET OR TIED.
MM INDICATES DATA IS MISSING.
T  INDICATES TRACE AMOUNT.




$$
