000
CDUS43 KILX 230631
CLILWV


CLIMATE REPORT
NATIONAL WEATHER SERVICE LINCOLN IL
130 AM CDT SAT MAY 23 2015


...................................

...THE LAWRENCEVILLE IL AIRPORT CLIMATE SUMMARY FOR MAY 22 2015...

CLIMATE NORMAL PERIOD 1981 TO 2010
CLIMATE RECORD PERIOD 9999 TO 9999


WEATHER ITEM   OBSERVED TIME   RECORD YEAR NORMAL DEPARTURE LAST
                VALUE   (LST)  VALUE       VALUE  FROM      YEAR
                                                  NORMAL
..................................................................
TEMPERATURE (F)
 YESTERDAY
  MAXIMUM         75    412 PM  MM      MM  78     -3       81
  MINIMUM         46    409 AM  MM      MM  57    -11       66
  AVERAGE         61                        68     -7       74

PRECIPITATION (IN)
  YESTERDAY        0.00         MM      MM   0.17  -0.17     0.18
  MONTH TO DATE    2.25                      4.37  -2.12     3.60
  SINCE MAR 1     13.32                     11.96   1.36    12.77
  SINCE JAN 1     15.82                     16.35  -0.53    15.53

DEGREE DAYS
 HEATING
  YESTERDAY        4                         2      2        0
  MONTH TO DATE   61                        71    -10      107
  SINCE MAR 1   1041                       987     54     1147
  SINCE JUL 1   5315                      4662    653     5549

 COOLING
  YESTERDAY        0                         5     -5        9
  MONTH TO DATE   81                        63     18       95
  SINCE MAR 1     88                        89     -1      105
  SINCE JAN 1     88                        89     -1      105
..................................................................


WIND (MPH)
  HIGHEST WIND SPEED    15   HIGHEST WIND DIRECTION    SW (220)
  HIGHEST GUST SPEED    18   HIGHEST GUST DIRECTION    SW (240)
  AVERAGE WIND SPEED     7.1


SKY COVER
  POSSIBLE SUNSHINE  MM
  AVERAGE SKY COVER 0.0


WEATHER CONDITIONS
 THE FOLLOWING WEATHER WAS RECORDED YESTERDAY.
  NO SIGNIFICANT WEATHER WAS OBSERVED.


RELATIVE HUMIDITY (PERCENT)
 HIGHEST    86           100 AM
 LOWEST     36           200 PM
 AVERAGE    61

..........................................................


THE LAWRENCEVILLE IL AIRPORT CLIMATE NORMALS FOR TODAY
                         NORMAL    RECORD    YEAR
 MAXIMUM TEMPERATURE (F)   79        MM        MM
 MINIMUM TEMPERATURE (F)   57        MM        MM


SUNRISE AND SUNSET
MAY 23 2015...........SUNRISE   532 AM CDT   SUNSET   802 PM CDT
MAY 24 2015...........SUNRISE   532 AM CDT   SUNSET   803 PM CDT


-  INDICATES NEGATIVE NUMBERS.
R  INDICATES RECORD WAS SET OR TIED.
MM INDICATES DATA IS MISSING.
T  INDICATES TRACE AMOUNT.




$$
