000
CDUS43 KILX 180643
CLILWV


CLIMATE REPORT
NATIONAL WEATHER SERVICE LINCOLN IL
1243 AM CST MON DEC 18 2017


...................................

...THE LAWRENCEVILLE IL AIRPORT CLIMATE SUMMARY FOR DECEMBER 17 2017...

CLIMATE NORMAL PERIOD 1981 TO 2010
CLIMATE RECORD PERIOD 9999 TO 9999


WEATHER ITEM   OBSERVED TIME   RECORD YEAR NORMAL DEPARTURE LAST
                VALUE   (LST)  VALUE       VALUE  FROM      YEAR
                                                  NORMAL
..................................................................
TEMPERATURE (F)
 YESTERDAY
  MAXIMUM         47    248 PM  MM      MM  41      6       40
  MINIMUM         36    145 AM  MM      MM  26     10       23
  AVERAGE         42                        34      8       32

PRECIPITATION (IN)
  YESTERDAY        0.01         MM      MM   0.08  -0.07     0.26
  MONTH TO DATE    0.27                      1.81  -1.54     1.07
  SINCE DEC 1      0.27                      1.81  -1.54     1.07
  SINCE JAN 1     32.96                     42.30  -9.34    41.43

DEGREE DAYS
 HEATING
  YESTERDAY       23                        31     -8       33
  MONTH TO DATE  460                       484    -24      572
  SINCE DEC 1    460                       484    -24      572
  SINCE JUL 1   1229                      1342   -113     1194

 COOLING
  YESTERDAY        0                         0      0        0
  MONTH TO DATE    0                         0      0        0
  SINCE DEC 1      0                         0      0        0
  SINCE JAN 1   1432                      1387     45     1615
..................................................................


WIND (MPH)
  HIGHEST WIND SPEED    14   HIGHEST WIND DIRECTION     S (190)
  HIGHEST GUST SPEED    17   HIGHEST GUST DIRECTION     S (190)
  AVERAGE WIND SPEED     8.5


SKY COVER
  POSSIBLE SUNSHINE  MM
  AVERAGE SKY COVER 0.7


WEATHER CONDITIONS
 THE FOLLOWING WEATHER WAS RECORDED YESTERDAY.
  LIGHT RAIN
  FOG


RELATIVE HUMIDITY (PERCENT)
 HIGHEST    96          1100 PM
 LOWEST     67           800 AM
 AVERAGE    82

..........................................................


THE LAWRENCEVILLE IL AIRPORT CLIMATE NORMALS FOR TODAY
                         NORMAL    RECORD    YEAR
 MAXIMUM TEMPERATURE (F)   41        MM        MM
 MINIMUM TEMPERATURE (F)   26        MM        MM


SUNRISE AND SUNSET
DECEMBER 18 2017......SUNRISE   703 AM CST   SUNSET   431 PM CST
DECEMBER 19 2017......SUNRISE   704 AM CST   SUNSET   431 PM CST


-  INDICATES NEGATIVE NUMBERS.
R  INDICATES RECORD WAS SET OR TIED.
MM INDICATES DATA IS MISSING.
T  INDICATES TRACE AMOUNT.




$$
