617
CDUS43 KILX 300651
CLILWV


CLIMATE REPORT
NATIONAL WEATHER SERVICE LINCOLN IL
139 AM CDT SUN APR 30 2017


...................................

...THE LAWRENCEVILLE IL AIRPORT CLIMATE SUMMARY FOR APRIL 29 2017...

CLIMATE NORMAL PERIOD 1981 TO 2010
CLIMATE RECORD PERIOD 9999 TO 9999


WEATHER ITEM   OBSERVED TIME   RECORD YEAR NORMAL DEPARTURE LAST
                VALUE   (LST)  VALUE       VALUE  FROM      YEAR
                                                  NORMAL
..................................................................
TEMPERATURE (F)
 YESTERDAY
  MAXIMUM         80    410 PM  MM      MM  71      9       66
  MINIMUM         59    639 AM  MM      MM  50      9       50
  AVERAGE         70                        61      9       58

PRECIPITATION (IN)
  YESTERDAY        0.87         MM      MM   0.22   0.65     0.00
  MONTH TO DATE    3.34                      3.94  -0.60     4.63
  SINCE MAR 1      6.17                      7.37  -1.20     8.79
  SINCE JAN 1     10.32                     11.76  -1.44    13.03

DEGREE DAYS
 HEATING
  YESTERDAY        0                         5     -5        7
  MONTH TO DATE  169                       290   -121      282
  SINCE MAR 1    734                       912   -178      725
  SINCE JUL 1   3789                      4587   -798     3952

 COOLING
  YESTERDAY        5                         1      4        0
  MONTH TO DATE   44                        23     21       21
  SINCE MAR 1     46                        25     21       21
  SINCE JAN 1     46                        25     21       21
..................................................................


WIND (MPH)
  HIGHEST WIND SPEED    32   HIGHEST WIND DIRECTION    NW (300)
  HIGHEST GUST SPEED    37   HIGHEST GUST DIRECTION     W (290)
  AVERAGE WIND SPEED    10.1


SKY COVER
  POSSIBLE SUNSHINE  MM
  AVERAGE SKY COVER 0.6


WEATHER CONDITIONS
 THE FOLLOWING WEATHER WAS RECORDED YESTERDAY.
  THUNDERSTORM
  HEAVY RAIN
  RAIN
  LIGHT RAIN
  FOG


RELATIVE HUMIDITY (PERCENT)
 HIGHEST   100           200 AM
 LOWEST     64           100 PM
 AVERAGE    82

..........................................................


THE LAWRENCEVILLE IL AIRPORT CLIMATE NORMALS FOR TODAY
                         NORMAL    RECORD    YEAR
 MAXIMUM TEMPERATURE (F)   72        MM        MM
 MINIMUM TEMPERATURE (F)   51        MM        MM


SUNRISE AND SUNSET
APRIL 30 2017.........SUNRISE   554 AM CDT   SUNSET   742 PM CDT
MAY  1 2017...........SUNRISE   553 AM CDT   SUNSET   743 PM CDT


-  INDICATES NEGATIVE NUMBERS.
R  INDICATES RECORD WAS SET OR TIED.
MM INDICATES DATA IS MISSING.
T  INDICATES TRACE AMOUNT.




$$
