000
CDUS43 KILX 300630
CLILWV


CLIMATE REPORT
NATIONAL WEATHER SERVICE LINCOLN IL
129 AM CDT SAT APR 30 2016


...................................

...THE LAWRENCEVILLE IL AIRPORT CLIMATE SUMMARY FOR APRIL 29 2016...

CLIMATE NORMAL PERIOD 1981 TO 2010
CLIMATE RECORD PERIOD 9999 TO 9999


WEATHER ITEM   OBSERVED TIME   RECORD YEAR NORMAL DEPARTURE LAST
                VALUE   (LST)  VALUE       VALUE  FROM      YEAR
                                                  NORMAL
..................................................................
TEMPERATURE (F)
 YESTERDAY
  MAXIMUM         66    332 PM  MM      MM  71     -5       70
  MINIMUM         50    531 AM  MM      MM  50      0       42
  AVERAGE         58                        61     -3       56

PRECIPITATION (IN)
  YESTERDAY        0.00         MM      MM   0.22  -0.22     0.00
  MONTH TO DATE    4.63                      3.94   0.69     6.11
  SINCE MAR 1      8.79                      7.37   1.42    10.98
  SINCE JAN 1     13.03                     11.76   1.27    13.48

DEGREE DAYS
 HEATING
  YESTERDAY        7                         5      2        9
  MONTH TO DATE  282                       290     -8      244
  SINCE MAR 1    725                       912   -187      969
  SINCE JUL 1   3952                      4587   -635     5243

 COOLING
  YESTERDAY        0                         1     -1        0
  MONTH TO DATE   21                        23     -2        7
  SINCE MAR 1     21                        25     -4        7
  SINCE JAN 1     21                        25     -4        7
..................................................................


WIND (MPH)
  HIGHEST WIND SPEED    13   HIGHEST WIND DIRECTION    NE (60)
  HIGHEST GUST SPEED    16   HIGHEST GUST DIRECTION    NE (60)
  AVERAGE WIND SPEED     4.1


SKY COVER
  POSSIBLE SUNSHINE  MM
  AVERAGE SKY COVER 0.4


WEATHER CONDITIONS
 THE FOLLOWING WEATHER WAS RECORDED YESTERDAY.
  NO SIGNIFICANT WEATHER WAS OBSERVED.


RELATIVE HUMIDITY (PERCENT)
 HIGHEST    96           500 AM
 LOWEST     58          1200 PM
 AVERAGE    77

..........................................................


THE LAWRENCEVILLE IL AIRPORT CLIMATE NORMALS FOR TODAY
                         NORMAL    RECORD    YEAR
 MAXIMUM TEMPERATURE (F)   72        MM        MM
 MINIMUM TEMPERATURE (F)   51        MM        MM


SUNRISE AND SUNSET
APRIL 30 2016.........SUNRISE   553 AM CDT   SUNSET   742 PM CDT
MAY  1 2016...........SUNRISE   552 AM CDT   SUNSET   743 PM CDT


-  INDICATES NEGATIVE NUMBERS.
R  INDICATES RECORD WAS SET OR TIED.
MM INDICATES DATA IS MISSING.
T  INDICATES TRACE AMOUNT.




$$
