000
CDUS41 KRNK 290916
CLILYH


CLIMATE REPORT
NATIONAL WEATHER SERVICE BLACKSBURG VA
512 AM EDT FRI AUG 29 2014


...................................

...THE LYNCHBURG VA CLIMATE SUMMARY FOR AUGUST 28 2014...

CLIMATE NORMAL PERIOD 1981 TO 2010
CLIMATE RECORD PERIOD 1893 TO 2014


WEATHER ITEM   OBSERVED TIME   RECORD YEAR NORMAL DEPARTURE LAST
                VALUE   (LST)  VALUE       VALUE  FROM      YEAR
                                                  NORMAL
..................................................................
TEMPERATURE (F)
 YESTERDAY
  MAXIMUM         86    446 PM  98    1948  84      2       79
  MINIMUM         64    349 AM  51    1986  62      2       69
                                      1905
  AVERAGE         75                        73      2       74

PRECIPITATION (IN)
  YESTERDAY        0.00          2.70 1893   0.10  -0.10     0.20
  MONTH TO DATE    4.78                      2.94   1.84     3.24
  SINCE JUN 1     12.97                     10.92   2.05    12.97
  SINCE JAN 1     33.99                     27.61   6.38    33.41

SNOWFALL (IN)
  YESTERDAY        0.0
  MONTH TO DATE    0.0
  SINCE JUN 1      0.0
  SINCE JUL 1      0.0
  SNOW DEPTH       0

DEGREE DAYS
 HEATING
  YESTERDAY        0                         0      0        0
  MONTH TO DATE    0                         0      0        5
  SINCE JUN 1      1                        15    -14        6
  SINCE JUL 1      0                         1     -1        5

 COOLING
  YESTERDAY       10                         8      2        9
  MONTH TO DATE  139                       262   -123      227
  SINCE JUN 1    684                       794   -110      859
  SINCE JAN 1    798                       876    -78      994
..................................................................


WIND (MPH)
  HIGHEST WIND SPEED    13   HIGHEST WIND DIRECTION    NE (40)
  HIGHEST GUST SPEED    16   HIGHEST GUST DIRECTION     S (190)
  AVERAGE WIND SPEED     3.8


SKY COVER
  POSSIBLE SUNSHINE  MM
  AVERAGE SKY COVER 0.1


WEATHER CONDITIONS
 THE FOLLOWING WEATHER WAS RECORDED YESTERDAY.
  FOG


RELATIVE HUMIDITY (PERCENT)
 HIGHEST   100          1200 AM
 LOWEST     55           200 PM
 AVERAGE    78

..........................................................


THE LYNCHBURG VA CLIMATE NORMALS FOR TODAY
                         NORMAL    RECORD    YEAR
 MAXIMUM TEMPERATURE (F)   84        98      1953
 MINIMUM TEMPERATURE (F)   61        47      1986


SUNRISE AND SUNSET
AUGUST 29 2014........SUNRISE   645 AM EDT   SUNSET   750 PM EDT
AUGUST 30 2014........SUNRISE   646 AM EDT   SUNSET   749 PM EDT


-  INDICATES NEGATIVE NUMBERS.
R  INDICATES RECORD WAS SET OR TIED.
MM INDICATES DATA IS MISSING.
T  INDICATES TRACE AMOUNT.


REMARKS:
DUE TO A SYSTEM FAILURE CAUSING MISSING TEMPERATURES ON
AUGUST 21-24...ALL TEMPERATURE DATA AND CDD WILL BE CALCULATED
WITHOUT DATA FROM THOSE DATES.


$$
