000
CDUS41 KRNK 281027
CLILYH


CLIMATE REPORT
NATIONAL WEATHER SERVICE BLACKSBURG VA
525 AM EST SAT FEB 28 2015


...................................

...THE LYNCHBURG VA CLIMATE SUMMARY FOR FEBRUARY 27 2015...

CLIMATE NORMAL PERIOD 1981 TO 2010
CLIMATE RECORD PERIOD 1893 TO 2015


WEATHER ITEM   OBSERVED TIME   RECORD YEAR NORMAL DEPARTURE LAST
                VALUE   (LST)  VALUE       VALUE  FROM      YEAR
                                                  NORMAL
..................................................................
TEMPERATURE (F)
 YESTERDAY
  MAXIMUM         37    411 PM  74    1944  52    -15       47
  MINIMUM         18    443 AM   7    1934  29    -11       16
  AVERAGE         28                        41    -13       32

PRECIPITATION (IN)
  YESTERDAY        0.00          1.19 1982   0.11  -0.11     0.00
  MONTH TO DATE    2.52                      2.83  -0.31     3.81
  SINCE DEC 1      7.50                      9.21  -1.71    12.77
  SINCE JAN 1      4.38                      5.97  -1.59     7.08

SNOWFALL (IN)
  YESTERDAY        0.0
  MONTH TO DATE   20.3
  SINCE DEC 1     20.4
  SINCE JUL 1     20.4
  SNOW DEPTH       4

DEGREE DAYS
 HEATING
  YESTERDAY       37                        24     13       33
  MONTH TO DATE  966                       728    238      733
  SINCE DEC 1   2673                      2506    167     2557
  SINCE JUL 1   3649                      3400    249     3475

 COOLING
  YESTERDAY        0                         0      0        0
  MONTH TO DATE    0                         0      0        0
  SINCE DEC 1      0                         0      0        0
  SINCE JAN 1      0                         0      0        0
..................................................................


WIND (MPH)
  HIGHEST WIND SPEED    13   HIGHEST WIND DIRECTION     W (280)
  HIGHEST GUST SPEED    18   HIGHEST GUST DIRECTION     W (270)
  AVERAGE WIND SPEED     5.1


SKY COVER
  POSSIBLE SUNSHINE  MM
  AVERAGE SKY COVER 0.1


WEATHER CONDITIONS
 THE FOLLOWING WEATHER WAS RECORDED YESTERDAY.
  FOG
  FOG W/VISIBILITY <= 1/4 MILE


RELATIVE HUMIDITY (PERCENT)
 HIGHEST   100           200 AM
 LOWEST     32           300 PM
 AVERAGE    66

..........................................................


THE LYNCHBURG VA CLIMATE NORMALS FOR TODAY
                         NORMAL    RECORD    YEAR
 MAXIMUM TEMPERATURE (F)   53        80      1918
 MINIMUM TEMPERATURE (F)   30        -5      1934


SUNRISE AND SUNSET
FEBRUARY 28 2015......SUNRISE   650 AM EST   SUNSET   610 PM EST
MARCH  1 2015.........SUNRISE   648 AM EST   SUNSET   611 PM EST


-  INDICATES NEGATIVE NUMBERS.
R  INDICATES RECORD WAS SET OR TIED.
MM INDICATES DATA IS MISSING.
T  INDICATES TRACE AMOUNT.




$$
