000
CDUS41 KRNK 240825
CLILYH


CLIMATE REPORT
NATIONAL WEATHER SERVICE BLACKSBURG VA
424 AM EDT SUN SEP 24 2017


...................................

...THE LYNCHBURG VA CLIMATE SUMMARY FOR SEPTEMBER 23 2017...

CLIMATE NORMAL PERIOD 1981 TO 2010
CLIMATE RECORD PERIOD 1893 TO 2017


WEATHER ITEM   OBSERVED TIME   RECORD YEAR NORMAL DEPARTURE LAST
                VALUE   (LST)  VALUE       VALUE  FROM      YEAR
                                                  NORMAL
..................................................................
TEMPERATURE (F)
 YESTERDAY
  MAXIMUM         85    157 PM  97    1895  76      9       87
  MINIMUM         61    532 AM  36    1983  53      8       61
  AVERAGE         73                        64      9       74

PRECIPITATION (IN)
  YESTERDAY        0.00          3.47 1912   0.11  -0.11     0.00
  MONTH TO DATE    1.91                      3.01  -1.10     1.58
  SINCE SEP 1      1.91                      3.01  -1.10     1.58
  SINCE JAN 1     28.64                     30.94  -2.30    34.70

SNOWFALL (IN)
  YESTERDAY        0.0                                       0.0
  MONTH TO DATE    0.0                                       0.0
  SINCE SEP 1      0.0                                       0.0
  SINCE JUL 1      0.0                                       0.0
  SNOW DEPTH       0

DEGREE DAYS
 HEATING
  YESTERDAY        0                         3     -3        0
  MONTH TO DATE   47                        27     20        0
  SINCE SEP 1     47                        27     20        0
  SINCE JUL 1     49                        30     19        0

 COOLING
  YESTERDAY        8                         2      6        9
  MONTH TO DATE   91                       105    -14      208
  SINCE SEP 1     91                       105    -14      208
  SINCE JAN 1   1069                      1003     66     1286
..................................................................


WIND (MPH)
  HIGHEST WIND SPEED    13   HIGHEST WIND DIRECTION    NE (40)
  HIGHEST GUST SPEED    23   HIGHEST GUST DIRECTION    NE (30)
  AVERAGE WIND SPEED     3.5


SKY COVER
  AVERAGE SKY COVER 0.0


WEATHER CONDITIONS
 THE FOLLOWING WEATHER WAS RECORDED YESTERDAY.
  FOG


RELATIVE HUMIDITY (PERCENT)
 HIGHEST   100           100 AM
 LOWEST     31           300 PM
 AVERAGE    66

..........................................................


THE LYNCHBURG VA CLIMATE NORMALS FOR TODAY
                         NORMAL    RECORD    YEAR
 MAXIMUM TEMPERATURE (F)   75        94      1933
 MINIMUM TEMPERATURE (F)   52        37      1967


SUNRISE AND SUNSET
SEPTEMBER 24 2017.....SUNRISE   706 AM EDT   SUNSET   710 PM EDT
SEPTEMBER 25 2017.....SUNRISE   707 AM EDT   SUNSET   709 PM EDT


-  INDICATES NEGATIVE NUMBERS.
R  INDICATES RECORD WAS SET OR TIED.
MM INDICATES DATA IS MISSING.
T  INDICATES TRACE AMOUNT.


REMARKS:
DUE TO MISSING TEMPERATURES ON FEBRUARY 23 AND JULY 24-25...ALL
TEMPERATURE AND DEGREE DAY INFORMATION WILL BE CALCULATED WITHOUT
DATA FROM THESE DATES.

$$
