000
CDUS41 KRNK 300645
CLILYH


CLIMATE REPORT
NATIONAL WEATHER SERVICE BLACKSBURG VA
243 AM EDT MON MAY 30 2016


...................................

...THE LYNCHBURG VA CLIMATE SUMMARY FOR MAY 29 2016...

CLIMATE NORMAL PERIOD 1981 TO 2010
CLIMATE RECORD PERIOD 1893 TO 2016


WEATHER ITEM   OBSERVED TIME   RECORD YEAR NORMAL DEPARTURE LAST
                VALUE   (LST)  VALUE       VALUE  FROM      YEAR
                                                  NORMAL
..................................................................
TEMPERATURE (F)
 YESTERDAY
  MAXIMUM         74   1221 PM  95    1941  79     -5       86
  MINIMUM         62   1159 PM  40    2008  55      7       59
  AVERAGE         68                        67      1       73

PRECIPITATION (IN)
  YESTERDAY        0.12          1.90 1971   0.13  -0.01     0.09
  MONTH TO DATE    6.88                      3.47   3.41     1.66
  SINCE MAR 1     12.36                     10.36   2.00     9.00
  SINCE JAN 1     19.65                     16.43   3.22    13.38

SNOWFALL (IN)
  YESTERDAY        0.0                                       0.0
  MONTH TO DATE    0.0                                       0.0
  SINCE MAR 1      T                                         2.5
  SINCE JUL 1     15.6                                      22.9
  SNOW DEPTH       0

DEGREE DAYS
 HEATING
  YESTERDAY        0                         2     -2        0
  MONTH TO DATE  117                       118     -1       59
  SINCE MAR 1    799                      1017   -218      938
  SINCE JUL 1   3765                      4441   -676     4627

 COOLING
  YESTERDAY        3                         4     -1        8
  MONTH TO DATE   36                        56    -20      121
  SINCE MAR 1     53                        74    -21      129
  SINCE JAN 1     53                        74    -21      129
..................................................................


WIND (MPH)
  HIGHEST WIND SPEED     8   HIGHEST WIND DIRECTION     N (10)
  HIGHEST GUST SPEED    13   HIGHEST GUST DIRECTION    NW (330)
  AVERAGE WIND SPEED     2.4


SKY COVER
  AVERAGE SKY COVER 0.7


WEATHER CONDITIONS
 THE FOLLOWING WEATHER WAS RECORDED YESTERDAY.
  LIGHT RAIN
  FOG


RELATIVE HUMIDITY (PERCENT)
 HIGHEST    93           400 AM
 LOWEST     78          1200 AM
 AVERAGE    86

..........................................................


THE LYNCHBURG VA CLIMATE NORMALS FOR TODAY
                         NORMAL    RECORD    YEAR
 MAXIMUM TEMPERATURE (F)   79        95      1895
 MINIMUM TEMPERATURE (F)   55        44      2000
                                             1902


SUNRISE AND SUNSET
MAY 30 2016...........SUNRISE   558 AM EDT   SUNSET   831 PM EDT
MAY 31 2016...........SUNRISE   558 AM EDT   SUNSET   831 PM EDT


-  INDICATES NEGATIVE NUMBERS.
R  INDICATES RECORD WAS SET OR TIED.
MM INDICATES DATA IS MISSING.
T  INDICATES TRACE AMOUNT.

REMARKS:
DUE TO A SENSOR FAILURE CAUSING MISSING TEMPERATURES ON OCTOBER 22
AND 23...THE SEASONAL HEATING DEGREE DAY TOTAL AND DEPARTURE FROM
NORMAL WILL BE CALCULATED WITHOUT DATA FROM THESE DATES.


$$
RCS
