000
CDUS41 KRNK 210919
CLILYH


CLIMATE REPORT
NATIONAL WEATHER SERVICE BLACKSBURG VA
514 AM EDT MON APR 21 2014


...................................

...THE LYNCHBURG VA CLIMATE SUMMARY FOR APRIL 20 2014...

CLIMATE NORMAL PERIOD 1981 TO 2010
CLIMATE RECORD PERIOD 1893 TO 2014


WEATHER ITEM   OBSERVED TIME   RECORD YEAR NORMAL DEPARTURE LAST
                VALUE   (LST)  VALUE       VALUE  FROM      YEAR
                                                  NORMAL
..................................................................
TEMPERATURE (F)
 YESTERDAY
  MAXIMUM         71    443 PM  91    1985  70      1       63
  MINIMUM         50   1159 PM  30    1997  44      6       41
  AVERAGE         61                        57      4       52

PRECIPITATION (IN)
  YESTERDAY        0.00          1.20 1901   0.10  -0.10     0.00
  MONTH TO DATE    3.41                      2.21   1.20     2.88
  SINCE MAR 1      6.34                      5.79   0.55     6.19
  SINCE JAN 1     13.42                     11.86   1.56    13.82

SNOWFALL (IN)
  YESTERDAY        0.0
  MONTH TO DATE    T
  SINCE MAR 1      9.4
  SINCE JUL 1     21.4
  SNOW DEPTH       0

DEGREE DAYS
 HEATING
  YESTERDAY        4                         9     -5       13
  MONTH TO DATE  142                       227    -85      159
  SINCE MAR 1    792                       822    -30      878
  SINCE JUL 1   4306                      4246     60     4053

 COOLING
  YESTERDAY        0                         1     -1        0
  MONTH TO DATE   19                         8     11       40
  SINCE MAR 1     19                        10      9       40
  SINCE JAN 1     19                        10      9       40
..................................................................


WIND (MPH)
  HIGHEST WIND SPEED    22   HIGHEST WIND DIRECTION    NE (30)
  HIGHEST GUST SPEED    35   HIGHEST GUST DIRECTION    NE (40)
  AVERAGE WIND SPEED     9.6


SKY COVER
  POSSIBLE SUNSHINE  MM
  AVERAGE SKY COVER 0.0


WEATHER CONDITIONS
 THE FOLLOWING WEATHER WAS RECORDED YESTERDAY.
  NO SIGNIFICANT WEATHER WAS OBSERVED.


RELATIVE HUMIDITY (PERCENT)
 HIGHEST    71          1200 AM
 LOWEST     22           300 PM
 AVERAGE    47

..........................................................


THE LYNCHBURG VA CLIMATE NORMALS FOR TODAY
                         NORMAL    RECORD    YEAR
 MAXIMUM TEMPERATURE (F)   70        91      1985
                                             1957
 MINIMUM TEMPERATURE (F)   44        27      1983


SUNRISE AND SUNSET
APRIL 21 2014.........SUNRISE   634 AM EDT   SUNSET   757 PM EDT
APRIL 22 2014.........SUNRISE   633 AM EDT   SUNSET   758 PM EDT


-  INDICATES NEGATIVE NUMBERS.
R  INDICATES RECORD WAS SET OR TIED.
MM INDICATES DATA IS MISSING.
T  INDICATES TRACE AMOUNT.



$$
