000
CDUS41 KRNK 210740
CLILYH


CLIMATE REPORT
NATIONAL WEATHER SERVICE BLACKSBURG VA
239 AM EST SUN JAN 21 2018


...................................

...THE LYNCHBURG VA CLIMATE SUMMARY FOR JANUARY 20 2018...

CLIMATE NORMAL PERIOD 1981 TO 2010
CLIMATE RECORD PERIOD 1893 TO 2018


WEATHER ITEM   OBSERVED TIME   RECORD YEAR NORMAL DEPARTURE LAST
                VALUE   (LST)  VALUE       VALUE  FROM      YEAR
                                                  NORMAL
..................................................................
TEMPERATURE (F)
 YESTERDAY
  MAXIMUM         61    420 PM  68    1926  45     16       50
                                      1914
  MINIMUM         27    249 AM  -7    1985  25      2       42
  AVERAGE         44                        35      9       46

PRECIPITATION (IN)
  YESTERDAY        0.00          1.47 1979   0.11  -0.11     0.29
  MONTH TO DATE    1.80                      2.02  -0.22     1.97
  SINCE DEC 1      2.49                      5.26  -2.77     5.07
  SINCE JAN 1      1.80                      2.02  -0.22     1.97

SNOWFALL (IN)
  YESTERDAY        0.0                                       0.0
  MONTH TO DATE    4.0                                       5.9
  SINCE DEC 1      5.5                                       5.9
  SINCE JUL 1      5.5                                       5.9
  SNOW DEPTH       0

DEGREE DAYS
 HEATING
  YESTERDAY       21                        30     -9       19
  MONTH TO DATE  722                       600    122      528
  SINCE DEC 1   1574                      1451    123     1337
  SINCE JUL 1   2389                      2345     44     1967

 COOLING
  YESTERDAY        0                         0      0        0
  MONTH TO DATE    0                         0      0        0
  SINCE DEC 1      0                         0      0        0
  SINCE JAN 1      0                         0      0        0
..................................................................


WIND (MPH)
  HIGHEST WIND SPEED    18   HIGHEST WIND DIRECTION     W (270)
  HIGHEST GUST SPEED    30   HIGHEST GUST DIRECTION     W (280)
  AVERAGE WIND SPEED     6.8


SKY COVER
  AVERAGE SKY COVER 0.0


WEATHER CONDITIONS
 THE FOLLOWING WEATHER WAS RECORDED YESTERDAY.
  NO SIGNIFICANT WEATHER WAS OBSERVED.


RELATIVE HUMIDITY (PERCENT)
 HIGHEST    66          1100 PM
 LOWEST     24           500 AM
 AVERAGE    45

..........................................................


THE LYNCHBURG VA CLIMATE NORMALS FOR TODAY
                         NORMAL    RECORD    YEAR
 MAXIMUM TEMPERATURE (F)   46        72      1932
 MINIMUM TEMPERATURE (F)   25       -10      1985


SUNRISE AND SUNSET
JANUARY 21 2018.......SUNRISE   727 AM EST   SUNSET   529 PM EST
JANUARY 22 2018.......SUNRISE   727 AM EST   SUNSET   530 PM EST


-  INDICATES NEGATIVE NUMBERS.
R  INDICATES RECORD WAS SET OR TIED.
MM INDICATES DATA IS MISSING.
T  INDICATES TRACE AMOUNT.




$$
