000
CDUS44 KLZK 240904
CLILZK


CLIMATE REPORT
NATIONAL WEATHER SERVICE LITTLE ROCK AR
404 AM CDT FRI OCT 24 2014


...................................

...THE NORTH LITTLE ROCK CLIMATE SUMMARY FOR OCTOBER 23 2014...

CLIMATE NORMAL PERIOD 1981 TO 2010
CLIMATE RECORD PERIOD 1975 TO 2014


WEATHER ITEM   OBSERVED TIME   RECORD YEAR NORMAL DEPARTURE LAST
                VALUE   (LST)  VALUE       VALUE  FROM      YEAR
                                                  NORMAL
..................................................................
TEMPERATURE (F)
 YESTERDAY
  MAXIMUM         63        MM  92    2003  71     -8       64
  MINIMUM         47        MM  35    1982  52     -5       47
                                      1981
  AVERAGE         55                        62     -7       56

PRECIPITATION (IN)
  YESTERDAY        T             2.10 1986   0.17  -0.17     0.00
  MONTH TO DATE    4.80                      3.49   1.31     2.59
  SINCE SEP 1      5.87                      6.80  -0.93     4.85
  SINCE JAN 1     41.67                     38.32   3.35    39.07

SNOWFALL (IN)
  YESTERDAY        0.0          MM      MM   0.0    0.0      0.0
  MONTH TO DATE    T                         0.0    0.0      0.0
  SINCE SEP 1      T                         0.0    0.0      0.0
  SINCE JUL 1      T                         0.0    0.0      0.0
  SNOW DEPTH       0

DEGREE DAYS
 HEATING
  YESTERDAY       10                         5      5        9
  MONTH TO DATE   45                        71    -26       68
  SINCE SEP 1     52                        84    -32       68
  SINCE JUL 1     52                        84    -32       68

 COOLING
  YESTERDAY        0                         2     -2        0
  MONTH TO DATE   77                        71      6       77
  SINCE SEP 1    394                       368     26      470
  SINCE JAN 1   1909                      2145   -236     2106
..................................................................


WIND (MPH)
  HIGHEST WIND SPEED    MM   HIGHEST WIND DIRECTION    MM
  HIGHEST GUST SPEED    MM   HIGHEST GUST DIRECTION    MM
  AVERAGE WIND SPEED    MM


SKY COVER
  POSSIBLE SUNSHINE  MM
  AVERAGE SKY COVER  MM


WEATHER CONDITIONS
 THE FOLLOWING WEATHER WAS RECORDED YESTERDAY.
  LIGHT RAIN


RELATIVE HUMIDITY (PERCENT)
 HIGHEST    MM
 LOWEST     MM
 AVERAGE    MM

..........................................................


THE NORTH LITTLE ROCK CLIMATE NORMALS FOR TODAY
                         NORMAL    RECORD    YEAR
 MAXIMUM TEMPERATURE (F)   71        90      2003
 MINIMUM TEMPERATURE (F)   52        30      1981


SUNRISE AND SUNSET
OCTOBER 24 2014.......SUNRISE   723 AM CDT   SUNSET   623 PM CDT
OCTOBER 25 2014.......SUNRISE   723 AM CDT   SUNSET   622 PM CDT


-  INDICATES NEGATIVE NUMBERS.
R  INDICATES RECORD WAS SET OR TIED.
MM INDICATES DATA IS MISSING.
T  INDICATES TRACE AMOUNT.




$$
