000
CDUS44 KLZK 210635
CLILZK


CLIMATE REPORT
NATIONAL WEATHER SERVICE LITTLE ROCK AR
134 AM CDT MON AUG 21 2017


...................................

...THE NORTH LITTLE ROCK CLIMATE SUMMARY FOR AUGUST 20 2017...

CLIMATE NORMAL PERIOD 1981 TO 2010
CLIMATE RECORD PERIOD 1975 TO 2017


WEATHER ITEM   OBSERVED TIME   RECORD YEAR NORMAL DEPARTURE LAST
                VALUE   (LST)  VALUE       VALUE  FROM      YEAR
                                                  NORMAL
..................................................................
TEMPERATURE (F)
 YESTERDAY
  MAXIMUM         95    250 PM 102    1980  92      3       76
  MINIMUM         77    710 AM  62    2015  72      5       72
  AVERAGE         86                        82      4       74

PRECIPITATION (IN)
  YESTERDAY        0.00          2.12 2008   0.09  -0.09     0.96
  MONTH TO DATE    3.68                      1.80   1.88     7.44
  SINCE JUN 1     15.41                      8.92   6.49    15.79
  SINCE JAN 1     41.40                     30.52  10.88    44.02

SNOWFALL (IN)
  YESTERDAY        0.0          MM      MM   0.0    0.0      0.0
  MONTH TO DATE    0.0                       0.0    0.0      0.0
  SINCE JUN 1      T                         0.0    0.0       T
  SINCE JUL 1      T                         0.0    0.0       T
  SNOW DEPTH       0

DEGREE DAYS
 HEATING
  YESTERDAY        0                         0      0        0
  MONTH TO DATE    0                         0      0        0
  SINCE JUN 1      0                         1     -1        0
  SINCE JUL 1      0                         0      0        0

 COOLING
  YESTERDAY       21                        17      4        9
  MONTH TO DATE  276                       354    -78      320
  SINCE JUN 1   1157                      1308   -151     1384
  SINCE JAN 1   1460                      1604   -144     1612
..................................................................


WIND (MPH)
  HIGHEST WIND SPEED     7   HIGHEST WIND DIRECTION     S (160)
  HIGHEST GUST SPEED    13   HIGHEST GUST DIRECTION    SW (220)
  AVERAGE WIND SPEED     3.4


SKY COVER
  POSSIBLE SUNSHINE  MM
  AVERAGE SKY COVER 0.0


WEATHER CONDITIONS
 THE FOLLOWING WEATHER WAS RECORDED YESTERDAY.
  THUNDERSTORM
  FOG


RELATIVE HUMIDITY (PERCENT)
 HIGHEST    97           700 AM
 LOWEST     56          1200 PM
 AVERAGE    77

..........................................................


THE NORTH LITTLE ROCK CLIMATE NORMALS FOR TODAY
                         NORMAL    RECORD    YEAR
 MAXIMUM TEMPERATURE (F)   92       104      1980
 MINIMUM TEMPERATURE (F)   72        64      1992


SUNRISE AND SUNSET
AUGUST 21 2017........SUNRISE   634 AM CDT   SUNSET   750 PM CDT
AUGUST 22 2017........SUNRISE   635 AM CDT   SUNSET   748 PM CDT


-  INDICATES NEGATIVE NUMBERS.
R  INDICATES RECORD WAS SET OR TIED.
MM INDICATES DATA IS MISSING.
T  INDICATES TRACE AMOUNT.




$$
