000
CDUS44 KLZK 010639
CLILZK


CLIMATE REPORT
NATIONAL WEATHER SERVICE LITTLE ROCK AR
1239 AM CST WED MAR 1 2017


...................................

...THE NORTH LITTLE ROCK CLIMATE SUMMARY FOR FEBRUARY 28 2017...

CLIMATE NORMAL PERIOD 1981 TO 2010
CLIMATE RECORD PERIOD 1975 TO 2017


WEATHER ITEM   OBSERVED TIME   RECORD YEAR NORMAL DEPARTURE LAST
                VALUE   (LST)  VALUE       VALUE  FROM      YEAR
                                                  NORMAL
..................................................................
TEMPERATURE (F)
 YESTERDAY
  MAXIMUM         78        MM  81    1980  58     20       69
  MINIMUM         57        MM  23    2015  40     17       46
  AVERAGE         68                        49     19       58

PRECIPITATION (IN)
  YESTERDAY        0.01          1.27 1981   0.14  -0.13      T
  MONTH TO DATE    2.96                      3.66  -0.70     1.83
  SINCE DEC 1      8.43                     12.09  -3.66    15.14
  SINCE JAN 1      5.26                      7.08  -1.82     5.06

SNOWFALL (IN)
  YESTERDAY        0.0           0.4  2009   0.0    0.0      0.0
  MONTH TO DATE    0.0                       1.8   -1.8      0.0
  SINCE DEC 1      0.8                       4.0   -3.2      7.2
  SINCE JUL 1      0.8                       4.0   -3.2      7.2
  SNOW DEPTH       0

DEGREE DAYS
 HEATING
  YESTERDAY        0                        16    -16        7
  MONTH TO DATE  322                       553   -231      465
  SINCE DEC 1   1537                      1974   -437     1600
  SINCE JUL 1   1831                      2486   -655     1953

 COOLING
  YESTERDAY        3                         0      3        0
  MONTH TO DATE   16                         1     15        2
  SINCE DEC 1     18                         3     15       10
  SINCE JAN 1     17                         2     15        3
..................................................................


WIND (MPH)
  HIGHEST WIND SPEED    13   HIGHEST WIND DIRECTION     S (200)
  HIGHEST GUST SPEED    25   HIGHEST GUST DIRECTION     S (200)
  AVERAGE WIND SPEED     7.5


SKY COVER
  POSSIBLE SUNSHINE  MM
  AVERAGE SKY COVER 0.0


WEATHER CONDITIONS
 THE FOLLOWING WEATHER WAS RECORDED YESTERDAY.
  LIGHT RAIN


RELATIVE HUMIDITY (PERCENT)
 HIGHEST   100           300 AM
 LOWEST     67           300 PM
 AVERAGE    84

..........................................................


THE NORTH LITTLE ROCK CLIMATE NORMALS FOR TODAY
                         NORMAL    RECORD    YEAR
 MAXIMUM TEMPERATURE (F)   59        80      2006
 MINIMUM TEMPERATURE (F)   40        19      1980


SUNRISE AND SUNSET
MARCH  1 2017.........SUNRISE   638 AM CST   SUNSET   605 PM CST
MARCH  2 2017.........SUNRISE   637 AM CST   SUNSET   606 PM CST


-  INDICATES NEGATIVE NUMBERS.
R  INDICATES RECORD WAS SET OR TIED.
MM INDICATES DATA IS MISSING.
T  INDICATES TRACE AMOUNT.




$$
