000
CDUS44 KLZK 240634
CLILZK


CLIMATE REPORT
NATIONAL WEATHER SERVICE LITTLE ROCK AR
1233 AM CST WED JAN 24 2018


...................................

...THE NORTH LITTLE ROCK CLIMATE SUMMARY FOR JANUARY 23 2018...

CLIMATE NORMAL PERIOD 1981 TO 2010
CLIMATE RECORD PERIOD 1975 TO 2018


WEATHER ITEM   OBSERVED TIME   RECORD YEAR NORMAL DEPARTURE LAST
                VALUE   (LST)  VALUE       VALUE  FROM      YEAR
                                                  NORMAL
..................................................................
TEMPERATURE (F)
 YESTERDAY
  MAXIMUM         51        MM  78    2002  50      1       55
  MINIMUM         36        MM  13    2003  33      3       40
  AVERAGE         44                        41      3       48

PRECIPITATION (IN)
  YESTERDAY        0.00          0.95 2002   0.10  -0.10     0.00
  MONTH TO DATE    2.03                      2.55  -0.52     2.30
  SINCE DEC 1      8.86                      7.56   1.30     5.47
  SINCE JAN 1      2.03                      2.55  -0.52     2.30

SNOWFALL (IN)
  YESTERDAY        0.0           0.3  1979   0.1   -0.1      0.0
  MONTH TO DATE    1.5                       1.2    0.3      0.8
  SINCE DEC 1      1.5                       1.7   -0.2      0.8
  SINCE JUL 1      1.5                       1.7   -0.2      0.8
  SNOW DEPTH       0

DEGREE DAYS
 HEATING
  YESTERDAY       21                        24     -3       17
  MONTH TO DATE  690                       552    138      440
  SINCE DEC 1   1344                      1232    112     1086
  SINCE JUL 1   1750                      1744      6     1380

 COOLING
  YESTERDAY        0                         0      0        0
  MONTH TO DATE    0                         0      0        1
  SINCE DEC 1      0                         1     -1        2
  SINCE JAN 1      0                         0      0        1
..................................................................


WIND (MPH)
  HIGHEST WIND SPEED     9   HIGHEST WIND DIRECTION     W (290)
  HIGHEST GUST SPEED    20   HIGHEST GUST DIRECTION     W (270)
  AVERAGE WIND SPEED     4.5


SKY COVER
  POSSIBLE SUNSHINE  MM
  AVERAGE SKY COVER 0.0


WEATHER CONDITIONS
 THE FOLLOWING WEATHER WAS RECORDED YESTERDAY.
  NO SIGNIFICANT WEATHER WAS OBSERVED.


RELATIVE HUMIDITY (PERCENT)
 HIGHEST    70           600 AM
 LOWEST     50           300 PM
 AVERAGE    60

..........................................................


THE NORTH LITTLE ROCK CLIMATE NORMALS FOR TODAY
                         NORMAL    RECORD    YEAR
 MAXIMUM TEMPERATURE (F)   50        70      1981
 MINIMUM TEMPERATURE (F)   33        10      2014
                                             2003


SUNRISE AND SUNSET
JANUARY 24 2018.......SUNRISE   713 AM CST   SUNSET   530 PM CST
JANUARY 25 2018.......SUNRISE   712 AM CST   SUNSET   531 PM CST


-  INDICATES NEGATIVE NUMBERS.
R  INDICATES RECORD WAS SET OR TIED.
MM INDICATES DATA IS MISSING.
T  INDICATES TRACE AMOUNT.




$$
