000
CDUS46 KHNX 311056
CLIMAE


CLIMATE REPORT
NATIONAL WEATHER SERVICE SAN JOAQUIN VALLEY, CA
121 AM PDT FRI OCT 31 2014


...................................

...THE MADERA CA AIRPORT CLIMATE SUMMARY FOR OCTOBER 30 2014...

CLIMATE NORMAL PERIOD 1981 TO 2010
CLIMATE RECORD PERIOD 1998 TO 2014


WEATHER ITEM   OBSERVED TIME   RECORD YEAR NORMAL DEPARTURE
                VALUE   (LST)  VALUE       VALUE  FROM
                                                  NORMAL
...............................................................
TEMPERATURE (F)
 YESTERDAY
  MAXIMUM         82R   323 PM  82    2012  73      9
                                      1999
  MINIMUM         50    200 AM  36    2006  45      5
  AVERAGE         66                        59      7

PRECIPITATION (IN)
  YESTERDAY        0.00          0.32 2001   0.06  -0.06
  MONTH TO DATE    T                         0.81  -0.81
  SINCE JUL 1      0.03                      1.10  -1.07
  SINCE JAN 1      3.64                      9.10  -5.46

SNOWFALL (IN)
  YESTERDAY        0.0
  MONTH TO DATE    0.0
  SINCE SEP 1      0.0
  SINCE JUL 1      0.0
  SNOW DEPTH       0

DEGREE DAYS
 HEATING
  YESTERDAY        0
  MONTH TO DATE   32
  SINCE SEP 1     32
  SINCE JUL 1     32

 COOLING
  YESTERDAY        1
  MONTH TO DATE  122
  SINCE SEP 1    466
  SINCE JAN 1   2952
...............................................................


WIND (MPH)
  HIGHEST WIND SPEED    10   HIGHEST WIND DIRECTION    SE (120)
  HIGHEST GUST SPEED    12   HIGHEST GUST DIRECTION    SE (120)
  AVERAGE WIND SPEED     3.7




RELATIVE HUMIDITY (PERCENT)
 HIGHEST    72
 LOWEST     26
 AVERAGE    49

..........................................................


THE MADERA CA AIRPORT CLIMATE NORMALS FOR TODAY
                         NORMAL    RECORD    YEAR
 MAXIMUM TEMPERATURE (F)   72        79      1999
 MINIMUM TEMPERATURE (F)   45        36      2002


SUNRISE AND SUNSET
OCTOBER 31 2014.......SUNRISE   724 AM PDT   SUNSET   604 PM PDT
NOVEMBER  1 2014......SUNRISE   725 AM PDT   SUNSET   603 PM PDT


-  INDICATES NEGATIVE NUMBERS.
R  INDICATES RECORD WAS SET OR TIED.
MM INDICATES DATA IS MISSING.
T  INDICATES TRACE AMOUNT.




$$
