000
CDUS46 KHNX 250022
CLIMAE


CLIMATE REPORT
NATIONAL WEATHER SERVICE SAN JOAQUIN VALLEY, CA
421 PM PST WED DEC 24 2014


...................................

...THE MADERA CA CLIMATE SUMMARY FOR DECEMBER 24 2014...
VALID AS OF 0400 PM LOCAL TIME.

CLIMATE NORMAL PERIOD 1981 TO 2010
CLIMATE RECORD PERIOD 1998 TO 2014


WEATHER ITEM   OBSERVED TIME   RECORD YEAR NORMAL DEPARTURE LAST
                VALUE   (LST)  VALUE       VALUE  FROM      YEAR
                                                  NORMAL
..................................................................
TEMPERATURE (F)
 TODAY
  MAXIMUM         60    212 PM  63    2013  53      7       63
  MINIMUM         46    542 AM  20    1998  36     10       32
  AVERAGE         53                        44      9       48

PRECIPITATION (IN)
  TODAY            0.00          0.35 2003   0.07  -0.07     0.00
  MONTH TO DATE    2.88                      1.21   1.67     0.27
  SINCE JUL 1      3.71                      3.53   0.18     0.97
  SINCE JAN 1      7.32                     11.53  -4.21     4.49

SNOWFALL (IN)
  TODAY            0.0
  MONTH TO DATE    0.0
  SINCE DEC 1      0.0
  SINCE JUL 1      0.0
  SNOW DEPTH       0

DEGREE DAYS
 HEATING
  TODAY           12                                        17
  MONTH TO DATE  227                                       528
  SINCE DEC 1    227                                       528
  SINCE JUL 1    543                                       946

 COOLING
  TODAY            0                                         0
  MONTH TO DATE    1                                         0
  SINCE DEC 1      1                                         0
  SINCE JAN 1   2953                                      1688
..................................................................


WIND (MPH)
  HIGHEST WIND SPEED    10   HIGHEST WIND DIRECTION     W (270)
  HIGHEST GUST SPEED    13   HIGHEST GUST DIRECTION     W (270)
  AVERAGE WIND SPEED     4.9




RELATIVE HUMIDITY (PERCENT)
 HIGHEST   100
 LOWEST     75
 AVERAGE    88

..........................................................


THE MADERA CA CLIMATE NORMALS FOR TOMORROW
                         NORMAL    RECORD    YEAR
 MAXIMUM TEMPERATURE (F)   53        67      2013
 MINIMUM TEMPERATURE (F)   36        24      1998


SUNRISE AND SUNSET
DECEMBER 24 2014......SUNRISE   711 AM PST   SUNSET   449 PM PST
DECEMBER 25 2014......SUNRISE   712 AM PST   SUNSET   450 PM PST


-  INDICATES NEGATIVE NUMBERS.
R  INDICATES RECORD WAS SET OR TIED.
MM INDICATES DATA IS MISSING.
T  INDICATES TRACE AMOUNT.




$$
