000
CDUS46 KHNX 220821
CLIMAE


CLIMATE REPORT
NATIONAL WEATHER SERVICE SAN JOAQUIN VALLEY, CA
121 AM PDT FRI MAY 22 2015


...................................

...THE MADERA CA AIRPORT CLIMATE SUMMARY FOR MAY 21 2015...

CLIMATE NORMAL PERIOD 1981 TO 2010
CLIMATE RECORD PERIOD 1998 TO 2015


WEATHER ITEM   OBSERVED TIME   RECORD YEAR NORMAL DEPARTURE
                VALUE   (LST)  VALUE       VALUE  FROM
                                                  NORMAL
...............................................................
TEMPERATURE (F)
 YESTERDAY
  MAXIMUM         72    418 PM 102    2000  85    -13
  MINIMUM         54    449 AM  45    1999  52      2
  AVERAGE         63                        68     -5

PRECIPITATION (IN)
  YESTERDAY        0.00          1.35 2006   0.01  -0.01
  MONTH TO DATE    0.45                      0.43   0.02
  SINCE OCT 1      5.71                     11.49  -5.78
  SINCE JAN 1      2.03                      7.76  -5.73

SNOWFALL (IN)
  YESTERDAY        0.0
  MONTH TO DATE    0.0
  SINCE MAR 1      0.0
  SINCE JUL 1      0.0
  SNOW DEPTH       0

DEGREE DAYS
 HEATING
  YESTERDAY        2
  MONTH TO DATE   27
  SINCE MAR 1    276
  SINCE JUL 1   1726

 COOLING
  YESTERDAY        0
  MONTH TO DATE   41
  SINCE MAR 1    117
  SINCE JAN 1    119
...............................................................


WIND (MPH)
  HIGHEST WIND SPEED    16   HIGHEST WIND DIRECTION    NW (300)
  HIGHEST GUST SPEED    24   HIGHEST GUST DIRECTION    SE (150)
  AVERAGE WIND SPEED     7.6




RELATIVE HUMIDITY (PERCENT)
 HIGHEST    72
 LOWEST     41
 AVERAGE    57

..........................................................


THE MADERA CA AIRPORT CLIMATE NORMALS FOR TODAY
                         NORMAL    RECORD    YEAR
 MAXIMUM TEMPERATURE (F)   85        MM        MM
 MINIMUM TEMPERATURE (F)   52        MM        MM


SUNRISE AND SUNSET
MAY 22 2015...........SUNRISE   547 AM PDT   SUNSET   807 PM PDT
MAY 23 2015...........SUNRISE   547 AM PDT   SUNSET   808 PM PDT


-  INDICATES NEGATIVE NUMBERS.
R  INDICATES RECORD WAS SET OR TIED.
MM INDICATES DATA IS MISSING.
T  INDICATES TRACE AMOUNT.




$$
