000
CDUS46 KHNX 280020
CLIMAE


CLIMATE REPORT
NATIONAL WEATHER SERVICE SAN JOAQUIN VALLEY, CA
420 PM PST FRI FEB 27 2015


...................................

...THE MADERA CA CLIMATE SUMMARY FOR FEBRUARY 27 2015...
VALID AS OF 0400 PM LOCAL TIME.

CLIMATE NORMAL PERIOD 1981 TO 2010
CLIMATE RECORD PERIOD 1998 TO 2015


WEATHER ITEM   OBSERVED TIME   RECORD YEAR NORMAL DEPARTURE LAST
                VALUE   (LST)  VALUE       VALUE  FROM      YEAR
                                                  NORMAL
..................................................................
TEMPERATURE (F)
 TODAY
  MAXIMUM         67    257 PM  72    2002  64      3       68
  MINIMUM         39    510 AM  28    2011  41     -2       49
  AVERAGE         53                        53      0       59

PRECIPITATION (IN)
  TODAY            0.00          1.22 2000   0.09  -0.09     0.00
  MONTH TO DATE    0.54                      2.05  -1.51     1.49
  SINCE OCT 1      4.25                      8.23  -3.98     2.52
  SINCE JAN 1      0.57                      4.50  -3.93     1.83

SNOWFALL (IN)
  TODAY            0.0
  MONTH TO DATE    0.0
  SINCE DEC 1      0.0
  SINCE JUL 1      0.0
  SNOW DEPTH       0

DEGREE DAYS
 HEATING
  TODAY           12                                         6
  MONTH TO DATE  243                                       306
  SINCE DEC 1   1120                                      1403
  SINCE JUL 1   1436                                      1821

 COOLING
  TODAY            0                                         0
  MONTH TO DATE    2                                         0
  SINCE DEC 1      3                                         0
  SINCE JAN 1      2                                         0
..................................................................


WIND (MPH)
  HIGHEST WIND SPEED    13   HIGHEST WIND DIRECTION     W (270)
  HIGHEST GUST SPEED    16   HIGHEST GUST DIRECTION    NW (300)
  AVERAGE WIND SPEED     4.4




RELATIVE HUMIDITY (PERCENT)
 HIGHEST    92
 LOWEST     42
 AVERAGE    67

..........................................................


THE MADERA CA CLIMATE NORMALS FOR TOMORROW
                         NORMAL    RECORD    YEAR
 MAXIMUM TEMPERATURE (F)   64        72      2002
 MINIMUM TEMPERATURE (F)   42        31      2011


SUNRISE AND SUNSET
FEBRUARY 27 2015......SUNRISE   634 AM PST   SUNSET   553 PM PST
FEBRUARY 28 2015......SUNRISE   633 AM PST   SUNSET   554 PM PST


-  INDICATES NEGATIVE NUMBERS.
R  INDICATES RECORD WAS SET OR TIED.
MM INDICATES DATA IS MISSING.
T  INDICATES TRACE AMOUNT.




$$
