000
CDUS46 KHNX 280028
CLIMAE


CLIMATE REPORT
NATIONAL WEATHER SERVICE SAN JOAQUIN VALLEY, CA
527 PM PDT MON JUL 27 2015


...................................

...THE MADERA CA CLIMATE SUMMARY FOR JULY 27 2015...
VALID TODAY AS OF 0500 PM LOCAL TIME.

CLIMATE NORMAL PERIOD 1981 TO 2010
CLIMATE RECORD PERIOD 1998 TO 2015


WEATHER ITEM   OBSERVED TIME   RECORD YEAR NORMAL DEPARTURE LAST
                VALUE   (LST)  VALUE       VALUE  FROM      YEAR
                                                  NORMAL
..................................................................
TEMPERATURE (F)
 TODAY
  MAXIMUM         96    200 PM 105    2014  97     -1      105
  MINIMUM         58        MM  54    2000  60     -2       71
  AVERAGE         77                        79     -2       88

PRECIPITATION (IN)
  TODAY            0.00          0.00   MM   0.00   0.00     0.00
  MONTH TO DATE    0.11                      0.02   0.09     0.00
  SINCE OCT 1      5.82                     11.75  -5.93     4.30
  SINCE JAN 1      2.14                      8.02  -5.88     3.61

SNOWFALL (IN)
  TODAY            0.0
  MONTH TO DATE    0.0
  SINCE JUN 1      0.0
  SINCE JUL 1      0.0
  SNOW DEPTH       0

DEGREE DAYS
 HEATING
  TODAY            0                                         0
  MONTH TO DATE    0                                         0
  SINCE JUN 1      0                                         0
  SINCE JUL 1      0                                         0

 COOLING
  TODAY           12                                        23
  MONTH TO DATE  407                                       457
  SINCE JUN 1    836                                       796
  SINCE JAN 1   1017                                      1038
..................................................................


WIND (MPH)
  HIGHEST WIND SPEED    13   HIGHEST WIND DIRECTION    NW (300)
  HIGHEST GUST SPEED    MM   HIGHEST GUST DIRECTION    MM
  AVERAGE WIND SPEED     7.8




RELATIVE HUMIDITY (PERCENT)
 HIGHEST    72
 LOWEST     22
 AVERAGE    47

..........................................................


THE MADERA CA CLIMATE NORMALS FOR TOMORROW
                         NORMAL    RECORD    YEAR
 MAXIMUM TEMPERATURE (F)   97       102      2003
 MINIMUM TEMPERATURE (F)   60        56      2010


SUNRISE AND SUNSET
JULY 27 2015..........SUNRISE   602 AM PDT   SUNSET   812 PM PDT
JULY 28 2015..........SUNRISE   602 AM PDT   SUNSET   811 PM PDT


-  INDICATES NEGATIVE NUMBERS.
R  INDICATES RECORD WAS SET OR TIED.
MM INDICATES DATA IS MISSING.
T  INDICATES TRACE AMOUNT.




$$
