000
CDUS46 KHNX 200023
CLIMAE


CLIMATE REPORT
NATIONAL WEATHER SERVICE SAN JOAQUIN VALLEY, CA
522 PM PDT SAT AUG 19 2017


...................................

...THE MADERA CA CLIMATE SUMMARY FOR AUGUST 19 2017...
VALID AS OF 0400 PM LOCAL TIME.

CLIMATE NORMAL PERIOD 1981 TO 2010
CLIMATE RECORD PERIOD 1998 TO 2017


WEATHER ITEM   OBSERVED TIME   RECORD YEAR NORMAL DEPARTURE LAST
                VALUE   (LST)  VALUE       VALUE  FROM      YEAR
                                                  NORMAL
..................................................................
TEMPERATURE (F)
 TODAY
  MAXIMUM         99        MM 107    2013  95      4      100
  MINIMUM         69        MM  52    1999  59     10       62
  AVERAGE         84                        77      7       81

PRECIPITATION (IN)
  TODAY            0.00          0.01 2013   0.00   0.00     0.00
  MONTH TO DATE    T                         0.00   0.00     0.00
  SINCE OCT 1     14.18                     11.75   2.43    12.96
  SINCE JAN 1     10.11                      8.02   2.09     8.40

SNOWFALL (IN)
  TODAY            0.0
  MONTH TO DATE    0.0
  SINCE JUN 1      0.0
  SINCE JUL 1      0.0
  SNOW DEPTH       0

DEGREE DAYS
 HEATING
  TODAY            0                                         0
  MONTH TO DATE    0                                         0
  SINCE JUN 1      6                                         1
  SINCE JUL 1      0                                         0

 COOLING
  TODAY           19                                        16
  MONTH TO DATE  324                                       289
  SINCE JUN 1   1267                                      1150
  SINCE JAN 1   1452                                      1343
..................................................................


WIND (MPH)
  HIGHEST WIND SPEED     9   HIGHEST WIND DIRECTION     W (260)
  HIGHEST GUST SPEED    MM   HIGHEST GUST DIRECTION    MM
  AVERAGE WIND SPEED     5.3




RELATIVE HUMIDITY (PERCENT)
 HIGHEST    73
 LOWEST     27
 AVERAGE    50

..........................................................


THE MADERA CA CLIMATE NORMALS FOR TOMORROW
                         NORMAL    RECORD    YEAR
 MAXIMUM TEMPERATURE (F)   94       102      2013
 MINIMUM TEMPERATURE (F)   59        51      2002


SUNRISE AND SUNSET
AUGUST 19 2017........SUNRISE   621 AM PDT   SUNSET   746 PM PDT
AUGUST 20 2017........SUNRISE   622 AM PDT   SUNSET   745 PM PDT


-  INDICATES NEGATIVE NUMBERS.
R  INDICATES RECORD WAS SET OR TIED.
MM INDICATES DATA IS MISSING.
T  INDICATES TRACE AMOUNT.




$$
