000
CDUS46 KHNX 010820
CLIMAE


CLIMATE REPORT
NATIONAL WEATHER SERVICE SAN JOAQUIN VALLEY, CA
120 AM PDT WED JUL 1 2015


...................................

...THE MADERA CA AIRPORT CLIMATE SUMMARY FOR JUNE 30 2015...

CLIMATE NORMAL PERIOD 1981 TO 2010
CLIMATE RECORD PERIOD 1998 TO 2015


WEATHER ITEM   OBSERVED TIME   RECORD YEAR NORMAL DEPARTURE
                VALUE   (LST)  VALUE       VALUE  FROM
                                                  NORMAL
...............................................................
TEMPERATURE (F)
 YESTERDAY
  MAXIMUM        105    520 PM 106    2013  95     10
  MINIMUM         69    505 AM  53    2011  60      9
                                      2003
  AVERAGE         87                        78      9

PRECIPITATION (IN)
  YESTERDAY        0.00          0.00   MM   0.00   0.00
  MONTH TO DATE    0.00                      0.19  -0.19
  SINCE OCT 1      5.71                     11.73  -6.02
  SINCE JAN 1      2.03                      8.00  -5.97

SNOWFALL (IN)
  YESTERDAY        0.0
  MONTH TO DATE    0.0
  SINCE JUN 1      0.0
  SINCE JUL 1      0.0
  SNOW DEPTH       0

DEGREE DAYS
 HEATING
  YESTERDAY        0
  MONTH TO DATE    0
  SINCE JUN 1      0
  SINCE JUL 1   1726

 COOLING
  YESTERDAY       22
  MONTH TO DATE  429
  SINCE JUN 1    429
  SINCE JAN 1    610
...............................................................


WIND (MPH)
  HIGHEST WIND SPEED    12   HIGHEST WIND DIRECTION     W (270)
  HIGHEST GUST SPEED    16   HIGHEST GUST DIRECTION     W (280)
  AVERAGE WIND SPEED     6.4




RELATIVE HUMIDITY (PERCENT)
 HIGHEST    61
 LOWEST     19
 AVERAGE    40

..........................................................


THE MADERA CA AIRPORT CLIMATE NORMALS FOR TODAY
                         NORMAL    RECORD    YEAR
 MAXIMUM TEMPERATURE (F)   95       106      2013
 MINIMUM TEMPERATURE (F)   61        54      2007


SUNRISE AND SUNSET
JULY  1 2015..........SUNRISE   545 AM PDT   SUNSET   824 PM PDT
JULY  2 2015..........SUNRISE   545 AM PDT   SUNSET   824 PM PDT


-  INDICATES NEGATIVE NUMBERS.
R  INDICATES RECORD WAS SET OR TIED.
MM INDICATES DATA IS MISSING.
T  INDICATES TRACE AMOUNT.




$$
