000
CDUS44 KMAF 280732
CLIMAF


CLIMATE REPORT
NATIONAL WEATHER SERVICE MIDLAND/ODESSA TX
232 AM CDT THU AUG 28 2014


...................................

...THE MIDLAND CLIMATE SUMMARY FOR AUGUST 27 2014...

CLIMATE NORMAL PERIOD 1981 TO 2010
CLIMATE RECORD PERIOD 1930 TO 2014


WEATHER ITEM   OBSERVED TIME   RECORD YEAR NORMAL DEPARTURE LAST
                VALUE   (LST)  VALUE       VALUE  FROM      YEAR
                                                  NORMAL
..................................................................
TEMPERATURE (F)
 YESTERDAY
  MAXIMUM         96    215 PM 106    2002  92      4       90
  MINIMUM         73    621 AM  60    1992  68      5       69
  AVERAGE         85                        80      5       80

PRECIPITATION (IN)
  YESTERDAY        0.00          0.83 1944   0.07  -0.07     0.00
  MONTH TO DATE    0.77                      1.58  -0.81     1.18
  SINCE JUN 1      1.58                      5.20  -3.62     3.01
  SINCE JAN 1      4.74                      9.46  -4.72     4.57

DEGREE DAYS
 COOLING
  YESTERDAY       20                        15      5       15
  MONTH TO DATE  517                       444     73      533
  SINCE JUN 1   1643                      1437    206     1615
  SINCE JAN 1   2119                      1826    293     2103
..................................................................


WIND (MPH)
  HIGHEST WIND SPEED    17   HIGHEST WIND DIRECTION    SE (140)
  HIGHEST GUST SPEED    22   HIGHEST GUST DIRECTION    SE (140)
  AVERAGE WIND SPEED     8.2


SKY COVER
  POSSIBLE SUNSHINE  MM
  AVERAGE SKY COVER 0.2


WEATHER CONDITIONS
 THE FOLLOWING WEATHER WAS RECORDED YESTERDAY.
  NO SIGNIFICANT WEATHER WAS OBSERVED.


RELATIVE HUMIDITY (PERCENT)
 HIGHEST    57           500 AM
 LOWEST     26           300 PM
 AVERAGE    42

..........................................................


THE MIDLAND CLIMATE NORMALS FOR TODAY
                         NORMAL    RECORD    YEAR
 MAXIMUM TEMPERATURE (F)   92       103      2011
                                             2002
 MINIMUM TEMPERATURE (F)   67        59      1992


SUNRISE AND SUNSET
AUGUST 28 2014........SUNRISE   722 AM CDT   SUNSET   818 PM CDT
AUGUST 29 2014........SUNRISE   722 AM CDT   SUNSET   816 PM CDT


-  INDICATES NEGATIVE NUMBERS.
R  INDICATES RECORD WAS SET OR TIED.
MM INDICATES DATA IS MISSING.
T  INDICATES TRACE AMOUNT.




$$
