000
CDUS44 KMAF 270732
CLIMAF


CLIMATE REPORT
NATIONAL WEATHER SERVICE MIDLAND TX
231 AM CDT THU AUG 27 2015


...................................

...THE MIDLAND CLIMATE SUMMARY FOR AUGUST 26 2015...

CLIMATE NORMAL PERIOD 1981 TO 2010
CLIMATE RECORD PERIOD 1930 TO 2015


WEATHER ITEM   OBSERVED TIME   RECORD YEAR NORMAL DEPARTURE LAST
                VALUE   (LST)  VALUE       VALUE  FROM      YEAR
                                                  NORMAL
..................................................................
TEMPERATURE (F)
 YESTERDAY
  MAXIMUM         96    423 PM 105    2002  92      4       97
  MINIMUM         70    647 AM  56    1966  68      2       73
  AVERAGE         83                        80      3       85

PRECIPITATION (IN)
  YESTERDAY        0.00          1.34 1972   0.07  -0.07     0.00
  MONTH TO DATE    0.99                      1.51  -0.52     0.77
  SINCE JUN 1      5.00                      5.13  -0.13     1.58
  SINCE JAN 1     13.99                      9.39   4.60     4.74

DEGREE DAYS
 COOLING
  YESTERDAY       18                        15      3       20
  MONTH TO DATE  541                       429    112      497
  SINCE JUN 1   1610                      1422    188     1612
  SINCE JAN 1   1968                      1811    157     2088
..................................................................


WIND (MPH)
  HIGHEST WIND SPEED    17   HIGHEST WIND DIRECTION    SE (140)
  HIGHEST GUST SPEED    23   HIGHEST GUST DIRECTION    SE (150)
  AVERAGE WIND SPEED     7.2


SKY COVER
  POSSIBLE SUNSHINE  MM
  AVERAGE SKY COVER 0.0


WEATHER CONDITIONS
 THE FOLLOWING WEATHER WAS RECORDED YESTERDAY.
  NO SIGNIFICANT WEATHER WAS OBSERVED.


RELATIVE HUMIDITY (PERCENT)
 HIGHEST    79           300 AM
 LOWEST     28           400 PM
 AVERAGE    54

..........................................................


THE MIDLAND CLIMATE NORMALS FOR TODAY
                         NORMAL    RECORD    YEAR
 MAXIMUM TEMPERATURE (F)   92       106      2002
 MINIMUM TEMPERATURE (F)   68        60      1992


SUNRISE AND SUNSET
AUGUST 27 2015........SUNRISE   721 AM CDT   SUNSET   819 PM CDT
AUGUST 28 2015........SUNRISE   721 AM CDT   SUNSET   818 PM CDT


-  INDICATES NEGATIVE NUMBERS.
R  INDICATES RECORD WAS SET OR TIED.
MM INDICATES DATA IS MISSING.
T  INDICATES TRACE AMOUNT.




$$
