527
CDUS44 KMAF 170730
CLIMAF


CLIMATE REPORT
NATIONAL WEATHER SERVICE MIDLAND TX
230 AM CDT THU AUG 17 2017


...................................

...THE MIDLAND CLIMATE SUMMARY FOR AUGUST 16 2017...

CLIMATE NORMAL PERIOD 1981 TO 2010
CLIMATE RECORD PERIOD 1930 TO 2017


WEATHER ITEM   OBSERVED TIME   RECORD YEAR NORMAL DEPARTURE LAST
                VALUE   (LST)  VALUE       VALUE  FROM      YEAR
                                                  NORMAL
..................................................................
TEMPERATURE (F)
 YESTERDAY
  MAXIMUM         98    455 PM 104    1946  94      4       92
  MINIMUM         70    545 AM  61    1992  69      1       64
  AVERAGE         84                        82      2       78

PRECIPITATION (IN)
  YESTERDAY        0.00          2.14 1981   0.06  -0.06     0.00
  MONTH TO DATE    1.85                      0.89   0.96     2.62
  SINCE JUN 1      6.38                      4.51   1.87     6.02
  SINCE JAN 1     12.07                      8.77   3.30     9.76

DEGREE DAYS
 COOLING
  YESTERDAY       19                        17      2       13
  MONTH TO DATE  270                       272     -2      328
  SINCE JUN 1   1453                      1265    188     1540
  SINCE JAN 1   2014                      1654    360     2020
..................................................................


WIND (MPH)
  HIGHEST WIND SPEED    23   HIGHEST WIND DIRECTION     S (160)
  HIGHEST GUST SPEED    26   HIGHEST GUST DIRECTION     S (170)
  AVERAGE WIND SPEED     8.1


SKY COVER
  POSSIBLE SUNSHINE  MM
  AVERAGE SKY COVER 0.0


WEATHER CONDITIONS
 THE FOLLOWING WEATHER WAS RECORDED YESTERDAY.
  THUNDERSTORM


RELATIVE HUMIDITY (PERCENT)
 HIGHEST    90           400 AM
 LOWEST     27           600 PM
 AVERAGE    59

..........................................................


THE MIDLAND CLIMATE NORMALS FOR TODAY
                         NORMAL    RECORD    YEAR
 MAXIMUM TEMPERATURE (F)   94       106      1969
 MINIMUM TEMPERATURE (F)   69        60      1972
                                             1931


SUNRISE AND SUNSET
AUGUST 17 2017........SUNRISE   715 AM CDT   SUNSET   830 PM CDT
AUGUST 18 2017........SUNRISE   715 AM CDT   SUNSET   829 PM CDT


-  INDICATES NEGATIVE NUMBERS.
R  INDICATES RECORD WAS SET OR TIED.
MM INDICATES DATA IS MISSING.
T  INDICATES TRACE AMOUNT.




$$
