000
CDUS44 KMAF 070731
CLIMAF


CLIMATE REPORT
NATIONAL WEATHER SERVICE MIDLAND/ODESSA TX
231 AM CDT TUE JUL 7 2015


...................................

...THE MIDLAND CLIMATE SUMMARY FOR JULY 6 2015...

CLIMATE NORMAL PERIOD 1981 TO 2010
CLIMATE RECORD PERIOD 1930 TO 2015


WEATHER ITEM   OBSERVED TIME   RECORD YEAR NORMAL DEPARTURE LAST
                VALUE   (LST)  VALUE       VALUE  FROM      YEAR
                                                  NORMAL
..................................................................
TEMPERATURE (F)
 YESTERDAY
  MAXIMUM         97    311 PM 107    1994  95      2       94
  MINIMUM         75    639 AM  57    1931  70      5       68
  AVERAGE         86                        82      4       81

PRECIPITATION (IN)
  YESTERDAY        0.01          2.54 1936   0.06  -0.05     0.00
  MONTH TO DATE    0.01                      0.36  -0.35      T
  SINCE JUN 1      3.30                      2.16   1.14     0.48
  SINCE JAN 1     12.29                      6.42   5.87     3.64

DEGREE DAYS
 COOLING
  YESTERDAY       21                        17      4       16
  MONTH TO DATE  101                       102     -1      105
  SINCE JUN 1    550                       563    -13      642
  SINCE JAN 1    905                       952    -47     1118
..................................................................


WIND (MPH)
  HIGHEST WIND SPEED    32   HIGHEST WIND DIRECTION     S (190)
  HIGHEST GUST SPEED    40   HIGHEST GUST DIRECTION     S (190)
  AVERAGE WIND SPEED    14.6


SKY COVER
  POSSIBLE SUNSHINE  MM
  AVERAGE SKY COVER 0.1


WEATHER CONDITIONS
 THE FOLLOWING WEATHER WAS RECORDED YESTERDAY.
  THUNDERSTORM
  HAZE


RELATIVE HUMIDITY (PERCENT)
 HIGHEST    74           500 AM
 LOWEST     33           300 PM
 AVERAGE    54

..........................................................


THE MIDLAND CLIMATE NORMALS FOR TODAY
                         NORMAL    RECORD    YEAR
 MAXIMUM TEMPERATURE (F)   95       108      1994
 MINIMUM TEMPERATURE (F)   70        62      1958
                                             1952
                                             1946


SUNRISE AND SUNSET
JULY  7 2015..........SUNRISE   649 AM CDT   SUNSET   858 PM CDT
JULY  8 2015..........SUNRISE   650 AM CDT   SUNSET   858 PM CDT


-  INDICATES NEGATIVE NUMBERS.
R  INDICATES RECORD WAS SET OR TIED.
MM INDICATES DATA IS MISSING.
T  INDICATES TRACE AMOUNT.




$$
