000
CDUS44 KMAF 310732
CLIMAF

CLIMATE REPORT
NATIONAL WEATHER SERVICE MIDLAND/ODESSA TX
230 AM CDT FRI OCT 31 2014

...................................

...THE MIDLAND CLIMATE SUMMARY FOR OCTOBER 30 2014...

CLIMATE NORMAL PERIOD 1981 TO 2010
CLIMATE RECORD PERIOD 1930 TO 2014

WEATHER ITEM   OBSERVED TIME   RECORD YEAR NORMAL DEPARTURE LAST
                VALUE   (LST)  VALUE       VALUE  FROM      YEAR
                                                  NORMAL
..................................................................
TEMPERATURE (F)
 YESTERDAY
  MAXIMUM         86    244 PM  89    2010  73     13       76
  MINIMUM         55    739 AM  24    1993  47      8       65
  AVERAGE         71                        60     11       71

PRECIPITATION (IN)
  YESTERDAY        0.00          0.34 1974   0.03  -0.03      T
  MONTH TO DATE    T                         1.69  -1.69     1.66
  SINCE SEP 1      1.69                      3.55  -1.86     1.93
  SINCE JAN 1      6.43                     13.27  -6.84     6.50

SNOWFALL (IN)
  YESTERDAY        0.0
  MONTH TO DATE    0.0
  SINCE SEP 1      0.0
  SINCE JUL 1      0.0
  SNOW DEPTH       0

DEGREE DAYS
 HEATING
  YESTERDAY        0                         6     -6        0
  MONTH TO DATE   18                        92    -74       77
  SINCE SEP 1     32                       103    -71       77
  SINCE JUL 1     32                       103    -71       77

 COOLING
  YESTERDAY        6                         1      5        6
  MONTH TO DATE  170                        93     77      125
  SINCE SEP 1    490                       388    102      509
  SINCE JAN 1   2687                      2272    415     2684
..................................................................

WIND (MPH)
  HIGHEST WIND SPEED    21   HIGHEST WIND DIRECTION    NE (60)
  HIGHEST GUST SPEED    27   HIGHEST GUST DIRECTION    NE (60)
  AVERAGE WIND SPEED     9.5

SKY COVER
  POSSIBLE SUNSHINE  MM
  AVERAGE SKY COVER 0.0

WEATHER CONDITIONS
 THE FOLLOWING WEATHER WAS RECORDED YESTERDAY.
  FOG
  HAZE

RELATIVE HUMIDITY (PERCENT)
 HIGHEST    93           700 AM
 LOWEST     17           400 PM
 AVERAGE    55

..........................................................

THE MIDLAND CLIMATE NORMALS FOR TODAY
                         NORMAL    RECORD    YEAR
 MAXIMUM TEMPERATURE (F)   73        89      1952
                                             1934
 MINIMUM TEMPERATURE (F)   46        25      1993

SUNRISE AND SUNSET
OCTOBER 31 2014.......SUNRISE   804 AM CDT   SUNSET   700 PM CDT
NOVEMBER  1 2014......SUNRISE   805 AM CDT   SUNSET   659 PM CDT

-  INDICATES NEGATIVE NUMBERS.
R  INDICATES RECORD WAS SET OR TIED.
MM INDICATES DATA IS MISSING.
T  INDICATES TRACE AMOUNT.

$$

44
