000
CDUS44 KMAF 300730
CLIMAF


CLIMATE REPORT
NATIONAL WEATHER SERVICE MIDLAND/ODESSA TX
230 AM CDT MON MAR 30 2015


...................................

...THE MIDLAND CLIMATE SUMMARY FOR MARCH 29 2015...

CLIMATE NORMAL PERIOD 1981 TO 2010
CLIMATE RECORD PERIOD 1930 TO 2015


WEATHER ITEM   OBSERVED TIME   RECORD YEAR NORMAL DEPARTURE LAST
                VALUE   (LST)  VALUE       VALUE  FROM      YEAR
                                                  NORMAL
..................................................................
TEMPERATURE (F)
 YESTERDAY
  MAXIMUM         91    159 PM  95    1963  74     17       76
  MINIMUM         53    654 AM  18    1944  44      9       41
  AVERAGE         72                        59     13       59

PRECIPITATION (IN)
  YESTERDAY        0.00          0.49 2002   0.02  -0.02     0.00
  MONTH TO DATE    1.65                      0.56   1.09     0.19
  SINCE MAR 1      1.65                      0.56   1.09     0.19
  SINCE JAN 1      4.34                      1.83   2.51     0.45

SNOWFALL (IN)
  YESTERDAY        0.0
  MONTH TO DATE    T
  SINCE MAR 1      T
  SINCE JUL 1      3.6
  SNOW DEPTH       0

DEGREE DAYS
 HEATING
  YESTERDAY        0                         7     -7        6
  MONTH TO DATE  338                       294     44      282
  SINCE MAR 1    338                       294     44      282
  SINCE JUL 1   2488                      2531    -43     2530

 COOLING
  YESTERDAY        7                         1      6        0
  MONTH TO DATE   21                        12      9       15
  SINCE MAR 1     21                        12      9       15
  SINCE JAN 1     22                        14      8       17
..................................................................


WIND (MPH)
  HIGHEST WIND SPEED    30   HIGHEST WIND DIRECTION    NE (50)
  HIGHEST GUST SPEED    36   HIGHEST GUST DIRECTION    NE (50)
  AVERAGE WIND SPEED    11.0


SKY COVER
  POSSIBLE SUNSHINE  MM
  AVERAGE SKY COVER 0.0


WEATHER CONDITIONS
 THE FOLLOWING WEATHER WAS RECORDED YESTERDAY.
  NO SIGNIFICANT WEATHER WAS OBSERVED.


RELATIVE HUMIDITY (PERCENT)
 HIGHEST    64           600 AM
 LOWEST     13           200 PM
 AVERAGE    39

..........................................................


THE MIDLAND CLIMATE NORMALS FOR TODAY
                         NORMAL    RECORD    YEAR
 MAXIMUM TEMPERATURE (F)   74        94      1946
 MINIMUM TEMPERATURE (F)   44        17      1987


SUNRISE AND SUNSET
MARCH 30 2015.........SUNRISE   740 AM CDT   SUNSET   807 PM CDT
MARCH 31 2015.........SUNRISE   739 AM CDT   SUNSET   808 PM CDT


-  INDICATES NEGATIVE NUMBERS.
R  INDICATES RECORD WAS SET OR TIED.
MM INDICATES DATA IS MISSING.
T  INDICATES TRACE AMOUNT.




$$
